{"id":1927,"date":"2020-11-13T19:58:48","date_gmt":"2020-11-13T18:58:48","guid":{"rendered":"https:\/\/agora.xtec.cat\/escolalesllisses\/?page_id=1927"},"modified":"2024-01-19T13:20:40","modified_gmt":"2024-01-19T12:20:40","slug":"alumnes","status":"publish","type":"page","link":"https:\/\/agora.xtec.cat\/escolalesllisses\/atencio-families\/enllacos\/alumnes\/","title":{"rendered":"Alumnes"},"content":{"rendered":"<ul>\n<li><strong>Entrena&#8217;t a llegir<\/strong><\/li>\n<\/ul>\n<p><a href=\"https:\/\/www.edu365.cat\/primaria\/catala\/entrena\/\"><img loading=\"lazy\" decoding=\"async\" class=\"wp-image-4295 aligncenter\" src=\"https:\/\/agora.xtec.cat\/escolalesllisses\/wp-content\/uploads\/usu2000\/2024\/01\/Entrenat.png\" alt=\"\" width=\"449\" height=\"201\" srcset=\"https:\/\/agora.xtec.cat\/escolalesllisses\/wp-content\/uploads\/usu2000\/2024\/01\/Entrenat.png 985w, https:\/\/agora.xtec.cat\/escolalesllisses\/wp-content\/uploads\/usu2000\/2024\/01\/Entrenat-300x134.png 300w, https:\/\/agora.xtec.cat\/escolalesllisses\/wp-content\/uploads\/usu2000\/2024\/01\/Entrenat-768x343.png 768w\" sizes=\"auto, (max-width: 449px) 100vw, 449px\" \/><\/a><\/p>\n<ul>\n<li><strong>Cat\u00e0leg Biblioteca escolar<\/strong><\/li>\n<\/ul>\n<p><a href=\"https:\/\/aplicacions.gestioeducativa.gencat.cat\/epergam\/web\/biblioteca.jsp?codi=08019824\" target=\"_blank\" rel=\"noopener noreferrer\"><img loading=\"lazy\" decoding=\"async\" class=\"aligncenter wp-image-2748\" src=\"https:\/\/agora.xtec.cat\/escolalesllisses\/wp-content\/uploads\/usu2000\/2021\/05\/Entorn-bibliotecas.jpg\" alt=\"\" width=\"271\" height=\"195\" srcset=\"https:\/\/agora.xtec.cat\/escolalesllisses\/wp-content\/uploads\/usu2000\/2021\/05\/Entorn-bibliotecas.jpg 937w, https:\/\/agora.xtec.cat\/escolalesllisses\/wp-content\/uploads\/usu2000\/2021\/05\/Entorn-bibliotecas-300x216.jpg 300w, https:\/\/agora.xtec.cat\/escolalesllisses\/wp-content\/uploads\/usu2000\/2021\/05\/Entorn-bibliotecas-768x554.jpg 768w\" sizes=\"auto, (max-width: 271px) 100vw, 271px\" \/><\/a><\/p>\n<p>&nbsp;<\/p>\n<ul>\n<li><strong>Acc\u00e9s portal EIX<\/strong><\/li>\n<\/ul>\n<p><a href=\"https:\/\/educaciodigital.cat\/escolalesllisses\/moodle\/\"><img loading=\"lazy\" decoding=\"async\" class=\"wp-image-1103 aligncenter\" src=\"https:\/\/agora.xtec.cat\/escolalesllisses\/wp-content\/uploads\/usu2000\/2020\/02\/ACCES.jpg\" alt=\"\" width=\"203\" height=\"99\" \/><\/a><\/p>\n<ul>\n<li><strong>Google Classroom<\/strong><\/li>\n<\/ul>\n<p><a href=\"https:\/\/accounts.google.com\/ServiceLogin\/identifier?service=classroom&amp;passive=1209600&amp;continue=https%3A%2F%2Fclassroom.google.com%2Fwelcome&amp;followup=https%3A%2F%2Fclassroom.google.com%2Fwelcome&amp;flowName=GlifWebSignIn&amp;flowEntry=AddSession\" target=\"_blank\" rel=\"noopener noreferrer\"><img loading=\"lazy\" decoding=\"async\" class=\"wp-image-2001 size-full aligncenter\" src=\"https:\/\/agora.xtec.cat\/escolalesllisses\/wp-content\/uploads\/usu2000\/2020\/11\/classroom.png\" alt=\"\" width=\"300\" height=\"168\" \/><\/a><\/p>\n<ul>\n<li><strong>La motxilla<\/strong><\/li>\n<\/ul>\n<p>Recull d&#8217;activitats variades, agrupades per edats i mat\u00e8ries:<\/p>\n<p><a href=\"http:\/\/www.ceip-diputacio.com\/la%20motxilla.htm\"><img loading=\"lazy\" decoding=\"async\" class=\"size-full wp-image-1944 aligncenter\" src=\"https:\/\/agora.xtec.cat\/escolalesllisses\/wp-content\/uploads\/usu2000\/2020\/11\/motxilla.jpg\" alt=\"\" width=\"194\" height=\"224\" \/><\/a><\/p>\n<ul>\n<li><strong>EDU365<\/strong><\/li>\n<\/ul>\n<p>Paquet d&#8217;activitats variades del Departament d&#8217;Educaci\u00f3:<\/p>\n<p><a href=\"http:\/\/www.edu365.cat\/\"><img loading=\"lazy\" decoding=\"async\" class=\"size-full wp-image-1946 aligncenter\" src=\"https:\/\/agora.xtec.cat\/escolalesllisses\/wp-content\/uploads\/usu2000\/2020\/11\/edu_logo.png\" alt=\"\" width=\"300\" height=\"80\" \/><\/a><\/p>\n<ul>\n<li><strong>Aventura&#8217;t amb l&#8217;ortografia<\/strong><\/li>\n<\/ul>\n<p>Activitats per practicar normes ortogr\u00e0fiques b\u00e0siques, agrupades per nivells:<\/p>\n<p><a href=\"http:\/\/www.edu365.cat\/primaria\/catala\/ortografia\/index.html\"><img loading=\"lazy\" decoding=\"async\" class=\"wp-image-1943 aligncenter\" src=\"https:\/\/agora.xtec.cat\/escolalesllisses\/wp-content\/uploads\/usu2000\/2020\/11\/ortografia.png\" alt=\"\" width=\"551\" height=\"180\" srcset=\"https:\/\/agora.xtec.cat\/escolalesllisses\/wp-content\/uploads\/usu2000\/2020\/11\/ortografia.png 759w, https:\/\/agora.xtec.cat\/escolalesllisses\/wp-content\/uploads\/usu2000\/2020\/11\/ortografia-300x98.png 300w\" sizes=\"auto, (max-width: 551px) 100vw, 551px\" \/><\/a><\/p>\n<ul>\n<li><strong>Programaci\u00f3 i rob\u00f2tica<\/strong><\/li>\n<\/ul>\n<p>Recull de webs:<\/p>\n<p><a href=\"http:\/\/www.casadelesvidues.cat\/wp-content\/uploads\/2020\/03\/10-apps-de-rob%C3%B2tica-i-programaci%C3%B3.pdf\"><img loading=\"lazy\" decoding=\"async\" class=\"size-full wp-image-1948 aligncenter\" src=\"https:\/\/agora.xtec.cat\/escolalesllisses\/wp-content\/uploads\/usu2000\/2020\/11\/PROGRAMACI\u00d3-I-ROB\u00d2TICA.png\" alt=\"\" width=\"296\" height=\"170\" \/><\/a><\/p>\n<ul>\n<li><strong>InfoK<\/strong><\/li>\n<\/ul>\n<p>Web de l\u2019InfoK, l\u2019informatiu de TV3 adre\u00e7at a les nenes i els nens:<\/p>\n<p><a href=\"https:\/\/www.ccma.cat\/tv3\/super3\/infok\/\"><img loading=\"lazy\" decoding=\"async\" class=\"size-full wp-image-1949 aligncenter\" src=\"https:\/\/agora.xtec.cat\/escolalesllisses\/wp-content\/uploads\/usu2000\/2020\/11\/INFOK.jpg\" alt=\"\" width=\"299\" height=\"169\" \/><\/a><\/p>\n<ul>\n<li><strong>Recursos digitals<\/strong><\/li>\n<\/ul>\n<p>Recull de recursos digitals per ensenyar, aprendre i treballar:<\/p>\n<p><a href=\"https:\/\/sites.google.com\/a\/xtec.cat\/rdzereral\/\"><img loading=\"lazy\" decoding=\"async\" class=\"size-full wp-image-1950 aligncenter\" src=\"https:\/\/agora.xtec.cat\/escolalesllisses\/wp-content\/uploads\/usu2000\/2020\/11\/RECURSOS-DIGITALS.jpg\" alt=\"\" width=\"300\" height=\"168\" \/><\/a><\/p>\n<ul>\n<li><strong>Edu3.cat<\/strong><\/li>\n<\/ul>\n<p>L\u2019<em>Edu3<\/em>.<em>cat<\/em> \u00e9s un portal de r\u00e0dio i tv educatives per Internet:<\/p>\n<p><a href=\"http:\/\/www.edu3.cat\/\"><img loading=\"lazy\" decoding=\"async\" class=\"wp-image-1951 aligncenter\" src=\"https:\/\/agora.xtec.cat\/escolalesllisses\/wp-content\/uploads\/usu2000\/2020\/11\/edu3_color.png\" alt=\"\" width=\"208\" height=\"182\" srcset=\"https:\/\/agora.xtec.cat\/escolalesllisses\/wp-content\/uploads\/usu2000\/2020\/11\/edu3_color.png 441w, https:\/\/agora.xtec.cat\/escolalesllisses\/wp-content\/uploads\/usu2000\/2020\/11\/edu3_color-300x263.png 300w\" sizes=\"auto, (max-width: 208px) 100vw, 208px\" \/><\/a><\/p>\n<ul>\n<li><strong>Super 3<\/strong><\/li>\n<\/ul>\n<p>P\u00e0gina web del canal\u00a0<em>S\u00faper3<\/em> (Televisi\u00f3 de Catalunya):<\/p>\n<p><a href=\"https:\/\/www.ccma.cat\/tv3\/super3\/\"><img loading=\"lazy\" decoding=\"async\" class=\"wp-image-1952 aligncenter\" src=\"https:\/\/agora.xtec.cat\/escolalesllisses\/wp-content\/uploads\/usu2000\/2020\/11\/super-3-300x218.jpg\" alt=\"\" width=\"219\" height=\"159\" \/><\/a><\/p>\n<ul>\n<li><strong>ZonaClic<\/strong><\/li>\n<\/ul>\n<p>El\u00a0<em>ZonaClic\u00a0<\/em>\u00e9s un servei del Departament d\u2019Ensenyament per fer jclics:<\/p>\n<p><a href=\"https:\/\/clic.xtec.cat\/repo\/index.html?lang=ca\"><img loading=\"lazy\" decoding=\"async\" class=\"wp-image-1953 aligncenter\" src=\"https:\/\/agora.xtec.cat\/escolalesllisses\/wp-content\/uploads\/usu2000\/2020\/11\/zonaclic1.gif\" alt=\"\" width=\"192\" height=\"145\" \/><\/a><\/p>\n<ul>\n<li><strong>Cavall fort<\/strong><\/li>\n<\/ul>\n<p>Portal de les revistes\u00a0<em>Cavall Fort\u00a0<\/em>i\u00a0<em>El tatano<\/em><\/p>\n<p><a href=\"http:\/\/cavallfort.cat\/\"><img loading=\"lazy\" decoding=\"async\" class=\"size-full wp-image-1954 aligncenter\" src=\"https:\/\/agora.xtec.cat\/escolalesllisses\/wp-content\/uploads\/usu2000\/2020\/11\/cavall-fort-300x129.png\" alt=\"\" width=\"300\" height=\"129\" \/><\/a><\/p>\n<ul>\n<li><strong>Una m\u00e0 de contes<\/strong><\/li>\n<\/ul>\n<p>Web del programa\u00a0<em>Una m\u00e0 de contes\u00a0<\/em>(Televisi\u00f3 de Catalunya), que barreja aquest g\u00e8nere narratiu amb l\u2019art, la literatura, la m\u00fasica i els mitjans audiovisuals:<\/p>\n<p><a href=\"https:\/\/www.ccma.cat\/tv3\/super3\/una-ma-de-contes\/\"><img loading=\"lazy\" decoding=\"async\" class=\"size-full wp-image-1955 aligncenter\" src=\"https:\/\/agora.xtec.cat\/escolalesllisses\/wp-content\/uploads\/usu2000\/2020\/11\/UNA-M\u00c0-DE-CONTES.jpg\" alt=\"\" width=\"310\" height=\"163\" srcset=\"https:\/\/agora.xtec.cat\/escolalesllisses\/wp-content\/uploads\/usu2000\/2020\/11\/UNA-M\u00c0-DE-CONTES.jpg 310w, https:\/\/agora.xtec.cat\/escolalesllisses\/wp-content\/uploads\/usu2000\/2020\/11\/UNA-M\u00c0-DE-CONTES-300x158.jpg 300w\" sizes=\"auto, (max-width: 310px) 100vw, 310px\" \/><\/a><\/p>\n<ul>\n<li><strong>D\u00cdDAC<\/strong><\/li>\n<\/ul>\n<p>Diccionari DIDAC de catal\u00e0 per a alumnes de prim\u00e0ria i de primer cicle d\u2019ESO, del Grup Enciclop\u00e8dia Catalana:<\/p>\n<p><a href=\"http:\/\/www.dicdidac.cat\/\"><img loading=\"lazy\" decoding=\"async\" class=\"size-full wp-image-1956 aligncenter\" src=\"https:\/\/agora.xtec.cat\/escolalesllisses\/wp-content\/uploads\/usu2000\/2020\/11\/titol.gif\" alt=\"\" width=\"572\" height=\"45\" \/><\/a><\/p>\n<ul>\n<li><strong>Softacal\u00e0<\/strong><\/li>\n<\/ul>\n<p>Traductor catal\u00e0-castell\u00e0 i viceversa<\/p>\n<p><a href=\"https:\/\/www.softcatala.org\/\"><img loading=\"lazy\" decoding=\"async\" class=\"size-full wp-image-1957 aligncenter\" src=\"https:\/\/agora.xtec.cat\/escolalesllisses\/wp-content\/uploads\/usu2000\/2020\/11\/softcatala-logo-groc.png\" alt=\"\" width=\"146\" height=\"90\" \/><\/a><\/p>\n<ul>\n<li><strong>El Punt Avui<\/strong><\/li>\n<\/ul>\n<p>Diccionari de sin\u00f2nims del diari\u00a0<em>El Punt:<\/em><\/p>\n<p><a href=\"http:\/\/www.elpuntavui.cat\/serveis\/diccionaris\/sinonims.html\"><img loading=\"lazy\" decoding=\"async\" class=\"wp-image-1959 aligncenter\" src=\"https:\/\/agora.xtec.cat\/escolalesllisses\/wp-content\/uploads\/usu2000\/2020\/11\/el-punt-avui-640x126.png\" alt=\"\" width=\"528\" height=\"104\" srcset=\"https:\/\/agora.xtec.cat\/escolalesllisses\/wp-content\/uploads\/usu2000\/2020\/11\/el-punt-avui-640x126.png 640w, https:\/\/agora.xtec.cat\/escolalesllisses\/wp-content\/uploads\/usu2000\/2020\/11\/el-punt-avui-640x126-300x59.png 300w\" sizes=\"auto, (max-width: 528px) 100vw, 528px\" \/><\/a><\/p>\n<ul>\n<li><strong>Enciclop\u00e8dia catalana<\/strong><\/li>\n<\/ul>\n<p><a href=\"https:\/\/www.enciclopedia.cat\/\"><img loading=\"lazy\" decoding=\"async\" class=\"size-full wp-image-1960 aligncenter\" src=\"https:\/\/agora.xtec.cat\/escolalesllisses\/wp-content\/uploads\/usu2000\/2020\/11\/enciclop\u00e8dia-catalana-150x150.jpg\" alt=\"\" width=\"150\" height=\"150\" \/><\/a><\/p>\n<p>&nbsp;<\/p>\n","protected":false},"excerpt":{"rendered":"<p>Entrena&#8217;t a llegir Cat\u00e0leg Biblioteca escolar &nbsp; Acc\u00e9s portal EIX Google Classroom La motxilla Recull d&#8217;activitats variades, agrupades per edats i mat\u00e8ries: EDU365 Paquet d&#8217;activitats variades del Departament d&#8217;Educaci\u00f3: Aventura&#8217;t amb l&#8217;ortografia Activitats per practicar normes ortogr\u00e0fiques b\u00e0siques, agrupades per nivells: Programaci\u00f3 i rob\u00f2tica Recull de webs: InfoK Web de l\u2019InfoK, l\u2019informatiu de TV3 adre\u00e7at [&hellip;]<\/p>\n","protected":false},"author":1,"featured_media":0,"parent":1925,"menu_order":2,"comment_status":"closed","ping_status":"closed","template":"page-templates\/side-menu.php","meta":{"_bbp_topic_count":0,"_bbp_reply_count":0,"_bbp_total_topic_count":0,"_bbp_total_reply_count":0,"_bbp_voice_count":0,"_bbp_anonymous_reply_count":0,"_bbp_topic_count_hidden":0,"_bbp_reply_count_hidden":0,"_bbp_forum_subforum_count":0,"site-sidebar-layout":"default","site-content-layout":"","ast-site-content-layout":"","site-content-style":"default","site-sidebar-style":"default","ast-global-header-display":"","ast-banner-title-visibility":"","ast-main-header-display":"","ast-hfb-above-header-display":"","ast-hfb-below-header-display":"","ast-hfb-mobile-header-display":"","site-post-title":"","ast-breadcrumbs-content":"","ast-featured-img":"","footer-sml-layout":"","theme-transparent-header-meta":"","adv-header-id-meta":"","stick-header-meta":"","header-above-stick-meta":"","header-main-stick-meta":"","header-below-stick-meta":"","astra-migrate-meta-layouts":"default","ast-page-background-enabled":"default","ast-page-background-meta":{"desktop":{"background-color":"var(--ast-global-color-4)","background-image":"","background-repeat":"repeat","background-position":"center center","background-size":"auto","background-attachment":"scroll","background-type":"","background-media":"","overlay-type":"","overlay-color":"","overlay-opacity":"","overlay-gradient":""},"tablet":{"background-color":"","background-image":"","background-repeat":"repeat","background-position":"center center","background-size":"auto","background-attachment":"scroll","background-type":"","background-media":"","overlay-type":"","overlay-color":"","overlay-opacity":"","overlay-gradient":""},"mobile":{"background-color":"","background-image":"","background-repeat":"repeat","background-position":"center center","background-size":"auto","background-attachment":"scroll","background-type":"","background-media":"","overlay-type":"","overlay-color":"","overlay-opacity":"","overlay-gradient":""}},"ast-content-background-meta":{"desktop":{"background-color":"var(--ast-global-color-5)","background-image":"","background-repeat":"repeat","background-position":"center center","background-size":"auto","background-attachment":"scroll","background-type":"","background-media":"","overlay-type":"","overlay-color":"","overlay-opacity":"","overlay-gradient":""},"tablet":{"background-color":"var(--ast-global-color-5)","background-image":"","background-repeat":"repeat","background-position":"center center","background-size":"auto","background-attachment":"scroll","background-type":"","background-media":"","overlay-type":"","overlay-color":"","overlay-opacity":"","overlay-gradient":""},"mobile":{"background-color":"var(--ast-global-color-5)","background-image":"","background-repeat":"repeat","background-position":"center center","background-size":"auto","background-attachment":"scroll","background-type":"","background-media":"","overlay-type":"","overlay-color":"","overlay-opacity":"","overlay-gradient":""}},"footnotes":""},"class_list":["post-1927","page","type-page","status-publish","hentry"],"post_mailing_queue_ids":[],"_links":{"self":[{"href":"https:\/\/agora.xtec.cat\/escolalesllisses\/wp-json\/wp\/v2\/pages\/1927","targetHints":{"allow":["GET"]}}],"collection":[{"href":"https:\/\/agora.xtec.cat\/escolalesllisses\/wp-json\/wp\/v2\/pages"}],"about":[{"href":"https:\/\/agora.xtec.cat\/escolalesllisses\/wp-json\/wp\/v2\/types\/page"}],"author":[{"embeddable":true,"href":"https:\/\/agora.xtec.cat\/escolalesllisses\/wp-json\/wp\/v2\/users\/1"}],"replies":[{"embeddable":true,"href":"https:\/\/agora.xtec.cat\/escolalesllisses\/wp-json\/wp\/v2\/comments?post=1927"}],"version-history":[{"count":4,"href":"https:\/\/agora.xtec.cat\/escolalesllisses\/wp-json\/wp\/v2\/pages\/1927\/revisions"}],"predecessor-version":[{"id":4296,"href":"https:\/\/agora.xtec.cat\/escolalesllisses\/wp-json\/wp\/v2\/pages\/1927\/revisions\/4296"}],"up":[{"embeddable":true,"href":"https:\/\/agora.xtec.cat\/escolalesllisses\/wp-json\/wp\/v2\/pages\/1925"}],"wp:attachment":[{"href":"https:\/\/agora.xtec.cat\/escolalesllisses\/wp-json\/wp\/v2\/media?parent=1927"}],"curies":[{"name":"wp","href":"https:\/\/api.w.org\/{rel}","templated":true}]}}