{"id":1852,"date":"2020-11-13T16:59:14","date_gmt":"2020-11-13T15:59:14","guid":{"rendered":"https:\/\/agora.xtec.cat\/escolalesllisses\/?page_id=1852"},"modified":"2025-09-14T11:32:16","modified_gmt":"2025-09-14T09:32:16","slug":"socialitzacio-de-llibres","status":"publish","type":"page","link":"https:\/\/agora.xtec.cat\/escolalesllisses\/ampa-2\/socialitzacio-de-llibres\/","title":{"rendered":"Socialitzaci\u00f3 de llibres"},"content":{"rendered":"<p>L\u2019escola i l\u2019AMPA promouen la socialitzaci\u00f3 i reutilitzaci\u00f3 dels llibres de text. Socialitzar un llibre significa compartir aquest material entre els alumnes, de manera que se n\u2019allarga la utilitat i se\u2019n fa un \u00fas comunitari en lloc de particular. L\u2019alumne utilitza els llibres i en t\u00e9 cura durant el curs, i en acabar els retorna a l\u2019escola perqu\u00e8 siguin reutilitzats el curs vinent per un altre infant.<\/p>\n<p><img loading=\"lazy\" decoding=\"async\" class=\"size-full wp-image-1856 alignright\" src=\"https:\/\/agora.xtec.cat\/escolalesllisses\/wp-content\/uploads\/usu2000\/2020\/11\/ninos-leyendo2.jpg\" alt=\"\" width=\"600\" height=\"450\" srcset=\"https:\/\/agora.xtec.cat\/escolalesllisses\/wp-content\/uploads\/usu2000\/2020\/11\/ninos-leyendo2.jpg 600w, https:\/\/agora.xtec.cat\/escolalesllisses\/wp-content\/uploads\/usu2000\/2020\/11\/ninos-leyendo2-300x225.jpg 300w, https:\/\/agora.xtec.cat\/escolalesllisses\/wp-content\/uploads\/usu2000\/2020\/11\/ninos-leyendo2-200x150.jpg 200w\" sizes=\"auto, (max-width: 600px) 100vw, 600px\" \/><\/p>\n<p><strong>Objectius:<\/strong><\/p>\n<ul>\n<li>Reduir la despesa familiar.<\/li>\n<li>Fomentar la responsabilitat i la cura del material did\u00e0ctic.<\/li>\n<li>Fomentar els valors de la solidaritat i la capacitat de compartir.<\/li>\n<li>Promoure la cultura del reciclatge i la reutilitzaci\u00f3 de recursos.<\/li>\n<li>Educar per al consum racional i sostenible que suposa un estalvi ecol\u00f2gic.<\/li>\n<li>Promoure projectes educatius, compartits per la comunitat educativa del centre.<\/li>\n<\/ul>\n<p>&nbsp;<\/p>\n<p><strong>Quin comprom\u00eds adquireix una fam\u00edlia adherida al projecte?<\/strong><\/p>\n<p>Cada fam\u00edlia es compromet a:<\/p>\n<ul>\n<li>Assegurar-se que el seu fill\/a faci un bon \u00fas dels llibres de text.<\/li>\n<li>Retornar els llibres al centre en finalitzar el curs escolar.<\/li>\n<li>Reposar el llibre o llibres que el seu fill\/a hagi perdut o dels quals n\u2019hagi fet un \u00fas indegut.<\/li>\n<li>Folrar els llibres nous i canviar els folres que estiguin fets malb\u00e9.<\/li>\n<li>Si un alumne marxa de l\u2019escola abans de finalitzar els curs ha de deixar els llibres socialitzats.<\/li>\n<\/ul>\n<p>&nbsp;<\/p>\n<p><strong>Quina quota s\u2019ha de pagar?<\/strong><\/p>\n<p>La quota de socialitzaci\u00f3 de llibres \u00e9s de <strong>70\u20ac.<\/strong> AQUEST CURS, DONAT QUE<br \/>\nL\u00b4ESCOLA S\u00b4HA ADHERIT AL PROGRAMA D\u00b4AJUDES PER L\u00b4ADQUISICI\u00d3 DE LLIBRES DE TEXT, FUNGIBLES I LLIC\u00c8NCIES DIGITALS, ES GAUDIR\u00c0 D\u00b4UN DESCOMPTE DE <strong>30\u20ac<\/strong> PER ALUMNE. AIX\u00cd DONCS, <strong>AQUEST CURS 2025-2026 NOM\u00c9S ES PAGARAN 40\u20ac DE QUOTA DE SOCIALITZACI\u00d3.<\/strong><\/p>\n<p>&nbsp;<\/p>\n<p><strong>Com es fa la socialitzaci\u00f3?<\/strong><\/p>\n<p>A final de curs els llibres es queden a l\u2019escola, es fa una revisi\u00f3 general per comprovar en quin estat es troben i, juntament amb la compra de llibres nous, es fan els lots que s\u2019entregaran als alumnes abans del primer dia de classe.<\/p>\n<div id=\"3E53FA2C_2733_E72F_D92E_BA2716F0EB47\"><\/div>\n","protected":false},"excerpt":{"rendered":"<p>L\u2019escola i l\u2019AMPA promouen la socialitzaci\u00f3 i reutilitzaci\u00f3 dels llibres de text. Socialitzar un llibre significa compartir aquest material entre els alumnes, de manera que se n\u2019allarga la utilitat i se\u2019n fa un \u00fas comunitari en lloc de particular. L\u2019alumne utilitza els llibres i en t\u00e9 cura durant el curs, i en acabar els retorna [&hellip;]<\/p>\n","protected":false},"author":1,"featured_media":0,"parent":1756,"menu_order":2,"comment_status":"closed","ping_status":"closed","template":"page-templates\/side-menu.php","meta":{"_bbp_topic_count":0,"_bbp_reply_count":0,"_bbp_total_topic_count":0,"_bbp_total_reply_count":0,"_bbp_voice_count":0,"_bbp_anonymous_reply_count":0,"_bbp_topic_count_hidden":0,"_bbp_reply_count_hidden":0,"_bbp_forum_subforum_count":0,"site-sidebar-layout":"default","site-content-layout":"","ast-site-content-layout":"","site-content-style":"default","site-sidebar-style":"default","ast-global-header-display":"","ast-banner-title-visibility":"","ast-main-header-display":"","ast-hfb-above-header-display":"","ast-hfb-below-header-display":"","ast-hfb-mobile-header-display":"","site-post-title":"","ast-breadcrumbs-content":"","ast-featured-img":"","footer-sml-layout":"","theme-transparent-header-meta":"","adv-header-id-meta":"","stick-header-meta":"","header-above-stick-meta":"","header-main-stick-meta":"","header-below-stick-meta":"","astra-migrate-meta-layouts":"default","ast-page-background-enabled":"default","ast-page-background-meta":{"desktop":{"background-color":"var(--ast-global-color-4)","background-image":"","background-repeat":"repeat","background-position":"center center","background-size":"auto","background-attachment":"scroll","background-type":"","background-media":"","overlay-type":"","overlay-color":"","overlay-opacity":"","overlay-gradient":""},"tablet":{"background-color":"","background-image":"","background-repeat":"repeat","background-position":"center center","background-size":"auto","background-attachment":"scroll","background-type":"","background-media":"","overlay-type":"","overlay-color":"","overlay-opacity":"","overlay-gradient":""},"mobile":{"background-color":"","background-image":"","background-repeat":"repeat","background-position":"center center","background-size":"auto","background-attachment":"scroll","background-type":"","background-media":"","overlay-type":"","overlay-color":"","overlay-opacity":"","overlay-gradient":""}},"ast-content-background-meta":{"desktop":{"background-color":"var(--ast-global-color-5)","background-image":"","background-repeat":"repeat","background-position":"center center","background-size":"auto","background-attachment":"scroll","background-type":"","background-media":"","overlay-type":"","overlay-color":"","overlay-opacity":"","overlay-gradient":""},"tablet":{"background-color":"var(--ast-global-color-5)","background-image":"","background-repeat":"repeat","background-position":"center center","background-size":"auto","background-attachment":"scroll","background-type":"","background-media":"","overlay-type":"","overlay-color":"","overlay-opacity":"","overlay-gradient":""},"mobile":{"background-color":"var(--ast-global-color-5)","background-image":"","background-repeat":"repeat","background-position":"center center","background-size":"auto","background-attachment":"scroll","background-type":"","background-media":"","overlay-type":"","overlay-color":"","overlay-opacity":"","overlay-gradient":""}},"footnotes":""},"class_list":["post-1852","page","type-page","status-publish","hentry"],"post_mailing_queue_ids":[],"_links":{"self":[{"href":"https:\/\/agora.xtec.cat\/escolalesllisses\/wp-json\/wp\/v2\/pages\/1852","targetHints":{"allow":["GET"]}}],"collection":[{"href":"https:\/\/agora.xtec.cat\/escolalesllisses\/wp-json\/wp\/v2\/pages"}],"about":[{"href":"https:\/\/agora.xtec.cat\/escolalesllisses\/wp-json\/wp\/v2\/types\/page"}],"author":[{"embeddable":true,"href":"https:\/\/agora.xtec.cat\/escolalesllisses\/wp-json\/wp\/v2\/users\/1"}],"replies":[{"embeddable":true,"href":"https:\/\/agora.xtec.cat\/escolalesllisses\/wp-json\/wp\/v2\/comments?post=1852"}],"version-history":[{"count":4,"href":"https:\/\/agora.xtec.cat\/escolalesllisses\/wp-json\/wp\/v2\/pages\/1852\/revisions"}],"predecessor-version":[{"id":5195,"href":"https:\/\/agora.xtec.cat\/escolalesllisses\/wp-json\/wp\/v2\/pages\/1852\/revisions\/5195"}],"up":[{"embeddable":true,"href":"https:\/\/agora.xtec.cat\/escolalesllisses\/wp-json\/wp\/v2\/pages\/1756"}],"wp:attachment":[{"href":"https:\/\/agora.xtec.cat\/escolalesllisses\/wp-json\/wp\/v2\/media?parent=1852"}],"curies":[{"name":"wp","href":"https:\/\/api.w.org\/{rel}","templated":true}]}}