{"id":1823,"date":"2020-11-13T14:45:00","date_gmt":"2020-11-13T13:45:00","guid":{"rendered":"https:\/\/agora.xtec.cat\/escolalesllisses\/?page_id=1823"},"modified":"2026-01-16T11:41:04","modified_gmt":"2026-01-16T10:41:04","slug":"consell-escolar-2","status":"publish","type":"page","link":"https:\/\/agora.xtec.cat\/escolalesllisses\/lescola\/consell-escolar-2\/","title":{"rendered":"Consell Escolar"},"content":{"rendered":"\n<p>El consell escolar del centre \u00e9s l\u2019<strong>\u00f2rgan col\u00b7legiat de participaci\u00f3<\/strong> de la comunitat escolar en el govern del centre. En el consell escolar hi ha representats tots els col\u00b7lectius que interven en en la comunitat educativa: equip directiu, representants del claustre, representants de les fam\u00edlies, representant AMPA, personal d\u2019administraci\u00f3 i serveis, i representant de l&#8217;ajuntament.<\/p>\n\n\n\n<p>La funci\u00f3 principal del consell escolar \u00e9s participar en la presa de decisions en relaci\u00f3 amb aquells temes importants per al funcionament i l\u2019organitzaci\u00f3 del centre: el projecte educatiu, la programaci\u00f3 general, la gesti\u00f3 econ\u00f2mica, etc.<\/p>\n\n\n\n<p>Els membres del consell escolar s\u00f3n elegits per un per\u00edode de quatre anys i es renoven per meitats cada dos anys.<\/p>\n\n\n\n<p>Accediu a la composici\u00f3 del Consell Escolar de l\u2019escola Les Llisses, consultant el seg\u00fcent document:<\/p>\n\n\n\n<p>Composici\u00f3 del Consell Escolar (Escola Les Llisses)<\/p>\n\n\n\n<figure class=\"wp-block-table  aligncenter\"><table class=\"has-fixed-layout\"><tbody><tr><td>EQUIP DIRECTIU<\/td><td>Sector mestres<\/td><td>Sector fam\u00edlies<\/td><td>Sector PAS<\/td><td>Sector AMPA<\/td><td>Sector ajuntament<\/td><\/tr><tr><td>M\u00aa Isabel Ruiz Agust\u00edn<br>Esperan\u00e7a Carbonell Casals<br>Helen Cuartielles Herrero<\/td><td><br>Marlene Cruz Alcade<br>Francesc Mart\u00ednez Rovira<br>Susana Oliva S\u00e1nchez <br><span style=\"font-size: revert; font-family: inherit; font-weight: inherit; background-color: rgba(0, 0, 0, 0);\">M\u00edriam Rico Ram\u00f3n<\/span><br>M. Carmen Panadero Fuentes<br>Alejandro Villena Urbaneja<\/td><td>S\u00f2nia Jim\u00e9nez Monterde<br>Tony Valc\u00e1rcel Rodr\u00edguez<br>Alba Rocabert Nadal<br>Anna Higuera Garc\u00eda<br>Paloma Bonachela Caballero<br><\/td><td><span style=\"font-weight: 400;\">Carme G\u00e1mez Mu\u00f1oz<\/span><\/td><td><span style=\"font-weight: 400;\">Ingrid Costa Guarido<\/span><\/td><td>Eva Oms Balaguer<\/td><\/tr><\/tbody><\/table><\/figure>\n\n\n\n\n\n<p><strong>Acords del Consell Escolar:<\/strong><\/p>\n\n\n\n<ul class=\"wp-block-list\">\n<li>Acords sessi\u00f3 <a href=\"https:\/\/agora.xtec.cat\/escolalesllisses\/wp-content\/uploads\/usu2000\/2024\/05\/2.11.12.2023_ACORDS-WEB.pdf\">11.12.2023<\/a><\/li>\n\n\n\n<li>Acords sessi\u00f3 <a href=\"https:\/\/agora.xtec.cat\/escolalesllisses\/wp-content\/uploads\/usu2000\/2024\/05\/3.16.01.2024_ACORDS-WEB.pdf\">16.01.2024<\/a><\/li>\n\n\n\n<li>Acords sessi\u00f3 <a href=\"https:\/\/agora.xtec.cat\/escolalesllisses\/wp-content\/uploads\/usu2000\/2024\/11\/1.30.09.2024_ACORDS-WEB.pdf\">30.09.2024<\/a><\/li>\n\n\n\n<li>Acords sessi\u00f3 <a href=\"https:\/\/agora.xtec.cat\/escolalesllisses\/wp-content\/uploads\/usu2000\/2025\/11\/1.-30.09.2025.docx-3-2.pdf\">30.09.2025<\/a><\/li>\n<\/ul>\n\n\n\n<p><strong>ELECCIONS AL CONSELL ESCOLAR 2025<\/strong><\/p>\n\n\n\n<p>Planificaci\u00f3 del proc\u00e9s electoral:<\/p>\n\n\n\n<p><strong>27 d\u2019octubre: <\/strong><\/p>\n\n\n\n<ul class=\"wp-block-list\">\n<li>Convocat\u00f2ria d\u2019eleccions<\/li>\n\n\n\n<li>Publicaci\u00f3 del cens electoral provisional de pares i mares<\/li>\n\n\n\n<li>Publicaci\u00f3 de vacants, forma i termini de presentaci\u00f3 de les candidatures.<br><em>El cens electoral provisional, la publicaci\u00f3 de vacants, la forma i el termini de presentaci\u00f3 de candidatures estaran publicats al suro de l\u2019interior de secretaria.<\/em><br><em>Per presentar-se com a candidat o candidata del sector fam\u00edlies us heu de posar en contacte amb la directora del centre personalment, per mail a8019824@xtec.cat o per tel\u00e8fon 938439750.<\/em><\/li>\n<\/ul>\n\n\n\n<p><strong>28 d\u2019octubre<\/strong>:<\/p>\n\n\n\n<p>Inici del termini per presentar reclamacions al cens electoral.<br><em>En cas d\u2019haver de presentar una reclamaci\u00f3 caldr\u00e0 contactar amb la directora del<br>centre.<\/em><\/p>\n\n\n\n<p><strong>3 de novembre<\/strong>:<\/p>\n\n\n\n<p>Sorteig per designar els vocals de les meses electorals.<\/p>\n\n\n\n<p>Fi del termini de presentaci\u00f3 de reclamacions.<\/p>\n\n\n\n<p><strong>10 de novembre<\/strong>:<\/p>\n\n\n\n<p><strong>Constituci\u00f3 de les meses electorals.<br><\/strong>Resoluci\u00f3 de les reclamacions als censos electorals.<br>Aprovaci\u00f3 i publicaci\u00f3 dels censos electorals definitius dels diferents sectors.<\/p>\n\n\n\n<p><strong>12 de novembre<\/strong>:<\/p>\n\n\n\n<p>Publicaci\u00f3 de les candidatures dels diferents sectors.<br><\/p>\n\n\n\n<p><strong>13 de novembre<\/strong>:<\/p>\n\n\n\n<p>Presentaci\u00f3 de sol\u00b7licituds per actuar de supervisor\/a del sector de pares o mares.<\/p>\n\n\n\n<p><strong>17 de novembre al 21 de novembre:<\/strong><\/p>\n\n\n\n<p>Per\u00edode electoral<\/p>\n\n\n\n<p><strong>18 de novembre:<\/strong><\/p>\n\n\n\n<p>Votacions (cal portar el DNI per poder votar).<br>Lloc: a la secretaria de l\u2019escola.<br>Horari: De 15:00 a 18:00h<\/p>\n\n\n\n<p><strong>2 de desembre:<\/strong><\/p>\n\n\n\n<p> Constituci\u00f3 del Consell Escolar renovat.<\/p>\n\n\n\n<div class=\"wp-block-getwid-banner has-animation-style4 has-text-animation-opacity-bottom\"><a href=\"#\" class=\"wp-block-getwid-banner__link\"><div class=\"wp-block-getwid-banner__wrapper\"><img loading=\"lazy\" decoding=\"async\" width=\"977\" height=\"977\" src=\"https:\/\/agora.xtec.cat\/escolalesllisses\/wp-content\/uploads\/usu2000\/2025\/10\/logo-consell-escolarv-edited.jpg\" alt=\"\" class=\"wp-block-getwid-banner__image wp-block-getwid-banner__source wp-image-5314\" srcset=\"https:\/\/agora.xtec.cat\/escolalesllisses\/wp-content\/uploads\/usu2000\/2025\/10\/logo-consell-escolarv-edited.jpg 977w, https:\/\/agora.xtec.cat\/escolalesllisses\/wp-content\/uploads\/usu2000\/2025\/10\/logo-consell-escolarv-edited-300x300.jpg 300w, https:\/\/agora.xtec.cat\/escolalesllisses\/wp-content\/uploads\/usu2000\/2025\/10\/logo-consell-escolarv-edited-150x150.jpg 150w, https:\/\/agora.xtec.cat\/escolalesllisses\/wp-content\/uploads\/usu2000\/2025\/10\/logo-consell-escolarv-edited-768x768.jpg 768w\" sizes=\"auto, (max-width: 977px) 100vw, 977px\" \/><div class=\"wp-block-getwid-banner__caption\"><div class=\"wp-block-getwid-banner__caption-wrapper\"><\/div><\/div><\/div><\/a><\/div>\n","protected":false},"excerpt":{"rendered":"<p>El consell escolar del centre \u00e9s l\u2019\u00f2rgan col\u00b7legiat de participaci\u00f3 de la comunitat escolar en el govern del centre. En el consell escolar hi ha representats tots els col\u00b7lectius que interven en en la comunitat educativa: equip directiu, representants del claustre, representants de les fam\u00edlies, representant AMPA, personal d\u2019administraci\u00f3 i serveis, i representant de l&#8217;ajuntament. [&hellip;]<\/p>\n","protected":false},"author":1,"featured_media":0,"parent":22,"menu_order":6,"comment_status":"closed","ping_status":"closed","template":"","meta":{"_bbp_topic_count":0,"_bbp_reply_count":0,"_bbp_total_topic_count":0,"_bbp_total_reply_count":0,"_bbp_voice_count":0,"_bbp_anonymous_reply_count":0,"_bbp_topic_count_hidden":0,"_bbp_reply_count_hidden":0,"_bbp_forum_subforum_count":0,"site-sidebar-layout":"default","site-content-layout":"","ast-site-content-layout":"default","site-content-style":"default","site-sidebar-style":"default","ast-global-header-display":"","ast-banner-title-visibility":"","ast-main-header-display":"","ast-hfb-above-header-display":"","ast-hfb-below-header-display":"","ast-hfb-mobile-header-display":"","site-post-title":"","ast-breadcrumbs-content":"","ast-featured-img":"","footer-sml-layout":"","theme-transparent-header-meta":"","adv-header-id-meta":"","stick-header-meta":"","header-above-stick-meta":"","header-main-stick-meta":"","header-below-stick-meta":"","astra-migrate-meta-layouts":"set","ast-page-background-enabled":"default","ast-page-background-meta":{"desktop":{"background-color":"var(--ast-global-color-4)","background-image":"","background-repeat":"repeat","background-position":"center center","background-size":"auto","background-attachment":"scroll","background-type":"","background-media":"","overlay-type":"","overlay-color":"","overlay-opacity":"","overlay-gradient":""},"tablet":{"background-color":"","background-image":"","background-repeat":"repeat","background-position":"center center","background-size":"auto","background-attachment":"scroll","background-type":"","background-media":"","overlay-type":"","overlay-color":"","overlay-opacity":"","overlay-gradient":""},"mobile":{"background-color":"","background-image":"","background-repeat":"repeat","background-position":"center center","background-size":"auto","background-attachment":"scroll","background-type":"","background-media":"","overlay-type":"","overlay-color":"","overlay-opacity":"","overlay-gradient":""}},"ast-content-background-meta":{"desktop":{"background-color":"var(--ast-global-color-5)","background-image":"","background-repeat":"repeat","background-position":"center center","background-size":"auto","background-attachment":"scroll","background-type":"","background-media":"","overlay-type":"","overlay-color":"","overlay-opacity":"","overlay-gradient":""},"tablet":{"background-color":"var(--ast-global-color-5)","background-image":"","background-repeat":"repeat","background-position":"center center","background-size":"auto","background-attachment":"scroll","background-type":"","background-media":"","overlay-type":"","overlay-color":"","overlay-opacity":"","overlay-gradient":""},"mobile":{"background-color":"var(--ast-global-color-5)","background-image":"","background-repeat":"repeat","background-position":"center center","background-size":"auto","background-attachment":"scroll","background-type":"","background-media":"","overlay-type":"","overlay-color":"","overlay-opacity":"","overlay-gradient":""}},"footnotes":""},"class_list":["post-1823","page","type-page","status-publish","hentry"],"post_mailing_queue_ids":[],"_links":{"self":[{"href":"https:\/\/agora.xtec.cat\/escolalesllisses\/wp-json\/wp\/v2\/pages\/1823","targetHints":{"allow":["GET"]}}],"collection":[{"href":"https:\/\/agora.xtec.cat\/escolalesllisses\/wp-json\/wp\/v2\/pages"}],"about":[{"href":"https:\/\/agora.xtec.cat\/escolalesllisses\/wp-json\/wp\/v2\/types\/page"}],"author":[{"embeddable":true,"href":"https:\/\/agora.xtec.cat\/escolalesllisses\/wp-json\/wp\/v2\/users\/1"}],"replies":[{"embeddable":true,"href":"https:\/\/agora.xtec.cat\/escolalesllisses\/wp-json\/wp\/v2\/comments?post=1823"}],"version-history":[{"count":6,"href":"https:\/\/agora.xtec.cat\/escolalesllisses\/wp-json\/wp\/v2\/pages\/1823\/revisions"}],"predecessor-version":[{"id":5375,"href":"https:\/\/agora.xtec.cat\/escolalesllisses\/wp-json\/wp\/v2\/pages\/1823\/revisions\/5375"}],"up":[{"embeddable":true,"href":"https:\/\/agora.xtec.cat\/escolalesllisses\/wp-json\/wp\/v2\/pages\/22"}],"wp:attachment":[{"href":"https:\/\/agora.xtec.cat\/escolalesllisses\/wp-json\/wp\/v2\/media?parent=1823"}],"curies":[{"name":"wp","href":"https:\/\/api.w.org\/{rel}","templated":true}]}}

<p>El consell escolar del centre és l’<strong>òrgan col·legiat de participació</strong> de la comunitat escolar en el govern del centre. En el consell escolar hi ha representats tots els col·lectius que interven en en la comunitat educativa: equip directiu, representants del claustre, representants de les famílies, representant AMPA, personal d’administració i serveis, i representant de l&#8217;ajuntament.</p>



<p>La funció principal del consell escolar és participar en la presa de decisions en relació amb aquells temes importants per al funcionament i l’organització del centre: el projecte educatiu, la programació general, la gestió econòmica, etc.</p>



<p>Els membres del consell escolar són elegits per un període de quatre anys i es renoven per meitats cada dos anys.</p>



<p>Accediu a la composició del Consell Escolar de l’escola Les Llisses, consultant el següent document:</p>



<p>Composició del Consell Escolar (Escola Les Llisses)</p>



<figure class="wp-block-table  aligncenter"><table class="has-fixed-layout"><tbody><tr><td>EQUIP DIRECTIU</td><td>Sector mestres</td><td>Sector famílies</td><td>Sector PAS</td><td>Sector AMPA</td><td>Sector ajuntament</td></tr><tr><td>Mª Isabel Ruiz Agustín<br>Esperança Carbonell Casals<br>Helen Cuartielles Herrero</td><td><br>Marlene Cruz Alcade<br>Francesc Martínez Rovira<br>Susana Oliva Sánchez <br><span style="font-size: revert; font-family: inherit; font-weight: inherit; background-color: rgba(0, 0, 0, 0);">Míriam Rico Ramón</span><br>M. Carmen Panadero Fuentes<br>Alejandro Villena Urbaneja</td><td>Sònia Jiménez Monterde<br>Tony Valcárcel Rodríguez<br>Alba Rocabert Nadal<br>Anna Higuera García<br>Paloma Bonachela Caballero<br></td><td><span style="font-weight: 400;">Carme Gámez Muñoz</span></td><td><span style="font-weight: 400;">Ingrid Costa Guarido</span></td><td>Eva Oms Balaguer</td></tr></tbody></table></figure>





<p><strong>Acords del Consell Escolar:</strong></p>



<ul class="wp-block-list">
<li>Acords sessió <a href="https://agora.xtec.cat/escolalesllisses/wp-content/uploads/usu2000/2024/05/2.11.12.2023_ACORDS-WEB.pdf">11.12.2023</a></li>



<li>Acords sessió <a href="https://agora.xtec.cat/escolalesllisses/wp-content/uploads/usu2000/2024/05/3.16.01.2024_ACORDS-WEB.pdf">16.01.2024</a></li>



<li>Acords sessió <a href="https://agora.xtec.cat/escolalesllisses/wp-content/uploads/usu2000/2024/11/1.30.09.2024_ACORDS-WEB.pdf">30.09.2024</a></li>



<li>Acords sessió <a href="https://agora.xtec.cat/escolalesllisses/wp-content/uploads/usu2000/2025/11/1.-30.09.2025.docx-3-2.pdf">30.09.2025</a></li>
</ul>



<p><strong>ELECCIONS AL CONSELL ESCOLAR 2025</strong></p>



<p>Planificació del procés electoral:</p>



<p><strong>27 d’octubre: </strong></p>



<ul class="wp-block-list">
<li>Convocatòria d’eleccions</li>



<li>Publicació del cens electoral provisional de pares i mares</li>



<li>Publicació de vacants, forma i termini de presentació de les candidatures.<br><em>El cens electoral provisional, la publicació de vacants, la forma i el termini de presentació de candidatures estaran publicats al suro de l’interior de secretaria.</em><br><em>Per presentar-se com a candidat o candidata del sector famílies us heu de posar en contacte amb la directora del centre personalment, per mail a8019824@xtec.cat o per telèfon 938439750.</em></li>
</ul>



<p><strong>28 d’octubre</strong>:</p>



<p>Inici del termini per presentar reclamacions al cens electoral.<br><em>En cas d’haver de presentar una reclamació caldrà contactar amb la directora del<br>centre.</em></p>



<p><strong>3 de novembre</strong>:</p>



<p>Sorteig per designar els vocals de les meses electorals.</p>



<p>Fi del termini de presentació de reclamacions.</p>



<p><strong>10 de novembre</strong>:</p>



<p><strong>Constitució de les meses electorals.<br></strong>Resolució de les reclamacions als censos electorals.<br>Aprovació i publicació dels censos electorals definitius dels diferents sectors.</p>



<p><strong>12 de novembre</strong>:</p>



<p>Publicació de les candidatures dels diferents sectors.<br></p>



<p><strong>13 de novembre</strong>:</p>



<p>Presentació de sol·licituds per actuar de supervisor/a del sector de pares o mares.</p>



<p><strong>17 de novembre al 21 de novembre:</strong></p>



<p>Període electoral</p>



<p><strong>18 de novembre:</strong></p>



<p>Votacions (cal portar el DNI per poder votar).<br>Lloc: a la secretaria de l’escola.<br>Horari: De 15:00 a 18:00h</p>



<p><strong>2 de desembre:</strong></p>



<p> Constitució del Consell Escolar renovat.</p>



<div class="wp-block-getwid-banner has-animation-style4 has-text-animation-opacity-bottom"><a href="#" class="wp-block-getwid-banner__link"><div class="wp-block-getwid-banner__wrapper"><img loading="lazy" decoding="async" width="977" height="977" src="https://agora.xtec.cat/escolalesllisses/wp-content/uploads/usu2000/2025/10/logo-consell-escolarv-edited.jpg" alt="" class="wp-block-getwid-banner__image wp-block-getwid-banner__source wp-image-5314" srcset="https://agora.xtec.cat/escolalesllisses/wp-content/uploads/usu2000/2025/10/logo-consell-escolarv-edited.jpg 977w, https://agora.xtec.cat/escolalesllisses/wp-content/uploads/usu2000/2025/10/logo-consell-escolarv-edited-300x300.jpg 300w, https://agora.xtec.cat/escolalesllisses/wp-content/uploads/usu2000/2025/10/logo-consell-escolarv-edited-150x150.jpg 150w, https://agora.xtec.cat/escolalesllisses/wp-content/uploads/usu2000/2025/10/logo-consell-escolarv-edited-768x768.jpg 768w" sizes="auto, (max-width: 977px) 100vw, 977px" /><div class="wp-block-getwid-banner__caption"><div class="wp-block-getwid-banner__caption-wrapper"></div></div></div></a></div>

<p>El consell escolar del centre és l’òrgan col·legiat de participació de la comunitat escolar en el govern del centre. En el consell escolar hi ha representats tots els col·lectius que interven en en la comunitat educativa: equip directiu, representants del claustre, representants de les famílies, representant AMPA, personal d’administració i serveis, i representant de l&#8217;ajuntament. [&hellip;]</p>
