{"id":1819,"date":"2020-11-13T14:43:02","date_gmt":"2020-11-13T13:43:02","guid":{"rendered":"https:\/\/agora.xtec.cat\/escolalesllisses\/?page_id=1819"},"modified":"2025-09-14T11:28:01","modified_gmt":"2025-09-14T09:28:01","slug":"beques","status":"publish","type":"page","link":"https:\/\/agora.xtec.cat\/escolalesllisses\/atencio-families\/beques\/","title":{"rendered":"Beques i ajudes"},"content":{"rendered":"<p>En aquesta p\u00e0gina trobareu la informaci\u00f3 relacionada amb la sol\u00b7licitud de beques:<\/p>\n<ul>\n<li><strong>AJUTS ESCOLARS PER AL CURS 2025-2026 (AJUNTAMENT DE LLIC\u00c0 DE VALL):<\/strong><\/li>\n<\/ul>\n<p><img loading=\"lazy\" decoding=\"async\" class=\"size-medium wp-image-5192 alignleft\" src=\"https:\/\/agora.xtec.cat\/escolalesllisses\/wp-content\/uploads\/usu2000\/2025\/09\/banner_ajuts_escolars_25-26-300x225.png\" alt=\"\" width=\"300\" height=\"225\" srcset=\"https:\/\/agora.xtec.cat\/escolalesllisses\/wp-content\/uploads\/usu2000\/2025\/09\/banner_ajuts_escolars_25-26-300x225.png 300w, https:\/\/agora.xtec.cat\/escolalesllisses\/wp-content\/uploads\/usu2000\/2025\/09\/banner_ajuts_escolars_25-26-1024x768.png 1024w, https:\/\/agora.xtec.cat\/escolalesllisses\/wp-content\/uploads\/usu2000\/2025\/09\/banner_ajuts_escolars_25-26-768x576.png 768w, https:\/\/agora.xtec.cat\/escolalesllisses\/wp-content\/uploads\/usu2000\/2025\/09\/banner_ajuts_escolars_25-26-200x150.png 200w, https:\/\/agora.xtec.cat\/escolalesllisses\/wp-content\/uploads\/usu2000\/2025\/09\/banner_ajuts_escolars_25-26.png 1080w\" sizes=\"auto, (max-width: 300px) 100vw, 300px\" \/><\/p>\n<p>L&#8217;Ajuntament de Lli\u00e7\u00e0 de Vall fa p\u00fablica la resoluci\u00f3 dels ajuts escolars per al curs 2025-26.<\/p>\n<p>Els ajuts inclouen la quota d\u2019AFA, socialitzaci\u00f3 de llibres, material escolars, sortides, col\u00f2nies o cr\u00e8dit de s\u00edntesi, activitats extraescolars,\u00a0esportives o Escola de M\u00fasica\u00a0i casal d\u2019estiu 2025.<\/p>\n<p>Podeu consultar la resoluci\u00f3 a la llista adjunta clicant a: <a href=\"https:\/\/agora.xtec.cat\/escolalesllisses\/wp-content\/uploads\/usu2000\/2025\/09\/AJUTS-CURS-2025-2026.pdf\">AJUTS CURS 2025-2026<\/a><\/p>\n<p>Per a m\u00e9s informaci\u00f3 clica a:\u00a0<a href=\"https:\/\/www.llissadevall.cat\/actualitat\/noticies\/obertura-del-periode-de-sollicituds-dels-ajuts-escolars-pel-curs-2025-26.html\">Informaci\u00f3 general<\/a><\/p>\n<p>&nbsp;<\/p>\n<ul>\n<li><strong>AJUTS PER ALUMNES AMB NECESSITATS ESPEC\u00cdFIQUES DE SUPORT EDUCATIU (NESE):<\/strong><\/li>\n<\/ul>\n<p><img decoding=\"async\" class=\"aligncenter\" src=\"https:\/\/www.becaseducacion.gob.es\/.resources\/templating\/base\/img\/escudo-mefpd-mciu.png\" alt=\"Escudo de los Ministerios\" \/><\/p>\n<p>Alumnes escolaritzats en centres educatius espanyols que acreditin la necessitat espec\u00edfica de rebre suport educatiu i reuneixin els requisits establerts.<\/p>\n<p>La convocat\u00f2ria pel curs 2025\/2026 es va publicar el 25 d&#8217;abril de 2025. El termini per presentar la sol\u00b7licitud: del 30 d&#8217;abril a l&#8217;11 de setembre.<\/p>\n<p>Per a m\u00e9s informaci\u00f3 clica a:\u00a0<a href=\"https:\/\/www.becaseducacion.gob.es\/becas-y-ayudas\/ayudas-apoyo-educativo\/como-solicitarla.html\">Informaci\u00f3 general<\/a><\/p>\n<ul>\n<li><strong>MOTXILLES ESCOLARS<\/strong><\/li>\n<\/ul>\n<p>Per escol<a href=\"https:\/\/agora.xtec.cat\/escolalesllisses\/wp-content\/uploads\/usu2000\/2025\/03\/baixa.jpeg\"><img loading=\"lazy\" decoding=\"async\" class=\"size-thumbnail wp-image-4997 alignleft\" src=\"https:\/\/agora.xtec.cat\/escolalesllisses\/wp-content\/uploads\/usu2000\/2025\/03\/baixa-150x150.jpeg\" alt=\"\" width=\"150\" height=\"150\" \/><\/a>aritzar equilibradament l&#8217;alumnat, el Departament d&#8217;Educaci\u00f3 i Formaci\u00f3 Professional ha de\u00a0<strong>garantir els recursos per atendre infants i joves amb necessitats educatives espec\u00edfiques<\/strong>, tal com s&#8217;estableix en el\u00a0<a title=\"Ves al DOGC\" href=\"https:\/\/dogc.gencat.cat\/ca\/document-del-dogc\/?documentId=893678\" target=\"_blank\" rel=\"noopener\">Decret 11\/2021, de 16 de febrer<\/a>, de la programaci\u00f3 de l&#8217;oferta educativa i del procediment d&#8217;admissi\u00f3 en els centres del Servei d&#8217;Educaci\u00f3 de Catalunya.<\/p>\n<p>Aquests recursos econ\u00f2mics s&#8217;orienten a\u00a0<strong>promoure i garantir l&#8217;acc\u00e9s i la participaci\u00f3 de l&#8217;alumnat en situaci\u00f3 socioecon\u00f2mica i sociocultural desafavorida en les activitats complement\u00e0ries i en les activitats escolars curriculars<\/strong>.<\/p>\n<p><a href=\"https:\/\/educacio.gencat.cat\/ca\/arees-actuacio\/families\/families-escola\/escolaritat\/motxilles-escolars\/\">Per a m\u00e9s informaci\u00f3 clica aqu\u00ed.<\/a><\/p>\n<div id=\"3E53FA2C_2733_E72F_D92E_BA2716F0EB47\"><\/div>\n<div id=\"3E53FA2C_2733_E72F_D92E_BA2716F0EB47\"><\/div>\n<div id=\"3E53FA2C_2733_E72F_D92E_BA2716F0EB47\"><\/div>\n","protected":false},"excerpt":{"rendered":"<p>En aquesta p\u00e0gina trobareu la informaci\u00f3 relacionada amb la sol\u00b7licitud de beques: AJUTS ESCOLARS PER AL CURS 2025-2026 (AJUNTAMENT DE LLIC\u00c0 DE VALL): L&#8217;Ajuntament de Lli\u00e7\u00e0 de Vall fa p\u00fablica la resoluci\u00f3 dels ajuts escolars per al curs 2025-26. Els ajuts inclouen la quota d\u2019AFA, socialitzaci\u00f3 de llibres, material escolars, sortides, col\u00f2nies o cr\u00e8dit de [&hellip;]<\/p>\n","protected":false},"author":1,"featured_media":0,"parent":1780,"menu_order":11,"comment_status":"closed","ping_status":"closed","template":"page-templates\/side-menu.php","meta":{"_bbp_topic_count":0,"_bbp_reply_count":0,"_bbp_total_topic_count":0,"_bbp_total_reply_count":0,"_bbp_voice_count":0,"_bbp_anonymous_reply_count":0,"_bbp_topic_count_hidden":0,"_bbp_reply_count_hidden":0,"_bbp_forum_subforum_count":0,"site-sidebar-layout":"default","site-content-layout":"","ast-site-content-layout":"","site-content-style":"default","site-sidebar-style":"default","ast-global-header-display":"","ast-banner-title-visibility":"","ast-main-header-display":"","ast-hfb-above-header-display":"","ast-hfb-below-header-display":"","ast-hfb-mobile-header-display":"","site-post-title":"","ast-breadcrumbs-content":"","ast-featured-img":"","footer-sml-layout":"","theme-transparent-header-meta":"","adv-header-id-meta":"","stick-header-meta":"","header-above-stick-meta":"","header-main-stick-meta":"","header-below-stick-meta":"","astra-migrate-meta-layouts":"default","ast-page-background-enabled":"default","ast-page-background-meta":{"desktop":{"background-color":"var(--ast-global-color-4)","background-image":"","background-repeat":"repeat","background-position":"center center","background-size":"auto","background-attachment":"scroll","background-type":"","background-media":"","overlay-type":"","overlay-color":"","overlay-opacity":"","overlay-gradient":""},"tablet":{"background-color":"","background-image":"","background-repeat":"repeat","background-position":"center center","background-size":"auto","background-attachment":"scroll","background-type":"","background-media":"","overlay-type":"","overlay-color":"","overlay-opacity":"","overlay-gradient":""},"mobile":{"background-color":"","background-image":"","background-repeat":"repeat","background-position":"center center","background-size":"auto","background-attachment":"scroll","background-type":"","background-media":"","overlay-type":"","overlay-color":"","overlay-opacity":"","overlay-gradient":""}},"ast-content-background-meta":{"desktop":{"background-color":"var(--ast-global-color-5)","background-image":"","background-repeat":"repeat","background-position":"center center","background-size":"auto","background-attachment":"scroll","background-type":"","background-media":"","overlay-type":"","overlay-color":"","overlay-opacity":"","overlay-gradient":""},"tablet":{"background-color":"var(--ast-global-color-5)","background-image":"","background-repeat":"repeat","background-position":"center center","background-size":"auto","background-attachment":"scroll","background-type":"","background-media":"","overlay-type":"","overlay-color":"","overlay-opacity":"","overlay-gradient":""},"mobile":{"background-color":"var(--ast-global-color-5)","background-image":"","background-repeat":"repeat","background-position":"center center","background-size":"auto","background-attachment":"scroll","background-type":"","background-media":"","overlay-type":"","overlay-color":"","overlay-opacity":"","overlay-gradient":""}},"footnotes":""},"class_list":["post-1819","page","type-page","status-publish","hentry"],"post_mailing_queue_ids":[],"_links":{"self":[{"href":"https:\/\/agora.xtec.cat\/escolalesllisses\/wp-json\/wp\/v2\/pages\/1819","targetHints":{"allow":["GET"]}}],"collection":[{"href":"https:\/\/agora.xtec.cat\/escolalesllisses\/wp-json\/wp\/v2\/pages"}],"about":[{"href":"https:\/\/agora.xtec.cat\/escolalesllisses\/wp-json\/wp\/v2\/types\/page"}],"author":[{"embeddable":true,"href":"https:\/\/agora.xtec.cat\/escolalesllisses\/wp-json\/wp\/v2\/users\/1"}],"replies":[{"embeddable":true,"href":"https:\/\/agora.xtec.cat\/escolalesllisses\/wp-json\/wp\/v2\/comments?post=1819"}],"version-history":[{"count":6,"href":"https:\/\/agora.xtec.cat\/escolalesllisses\/wp-json\/wp\/v2\/pages\/1819\/revisions"}],"predecessor-version":[{"id":5194,"href":"https:\/\/agora.xtec.cat\/escolalesllisses\/wp-json\/wp\/v2\/pages\/1819\/revisions\/5194"}],"up":[{"embeddable":true,"href":"https:\/\/agora.xtec.cat\/escolalesllisses\/wp-json\/wp\/v2\/pages\/1780"}],"wp:attachment":[{"href":"https:\/\/agora.xtec.cat\/escolalesllisses\/wp-json\/wp\/v2\/media?parent=1819"}],"curies":[{"name":"wp","href":"https:\/\/api.w.org\/{rel}","templated":true}]}}

<p>En aquesta pàgina trobareu la informació relacionada amb la sol·licitud de beques:</p>
<ul>
<li><strong>AJUTS ESCOLARS PER AL CURS 2025-2026 (AJUNTAMENT DE LLICÀ DE VALL):</strong></li>
</ul>
<p><img loading="lazy" decoding="async" class="size-medium wp-image-5192 alignleft" src="https://agora.xtec.cat/escolalesllisses/wp-content/uploads/usu2000/2025/09/banner_ajuts_escolars_25-26-300x225.png" alt="" width="300" height="225" srcset="https://agora.xtec.cat/escolalesllisses/wp-content/uploads/usu2000/2025/09/banner_ajuts_escolars_25-26-300x225.png 300w, https://agora.xtec.cat/escolalesllisses/wp-content/uploads/usu2000/2025/09/banner_ajuts_escolars_25-26-1024x768.png 1024w, https://agora.xtec.cat/escolalesllisses/wp-content/uploads/usu2000/2025/09/banner_ajuts_escolars_25-26-768x576.png 768w, https://agora.xtec.cat/escolalesllisses/wp-content/uploads/usu2000/2025/09/banner_ajuts_escolars_25-26-200x150.png 200w, https://agora.xtec.cat/escolalesllisses/wp-content/uploads/usu2000/2025/09/banner_ajuts_escolars_25-26.png 1080w" sizes="auto, (max-width: 300px) 100vw, 300px" /></p>
<p>L&#8217;Ajuntament de Lliçà de Vall fa pública la resolució dels ajuts escolars per al curs 2025-26.</p>
<p>Els ajuts inclouen la quota d’AFA, socialització de llibres, material escolars, sortides, colònies o crèdit de síntesi, activitats extraescolars, esportives o Escola de Música i casal d’estiu 2025.</p>
<p>Podeu consultar la resolució a la llista adjunta clicant a: <a href="https://agora.xtec.cat/escolalesllisses/wp-content/uploads/usu2000/2025/09/AJUTS-CURS-2025-2026.pdf">AJUTS CURS 2025-2026</a></p>
<p>Per a més informació clica a: <a href="https://www.llissadevall.cat/actualitat/noticies/obertura-del-periode-de-sollicituds-dels-ajuts-escolars-pel-curs-2025-26.html">Informació general</a></p>
<p>&nbsp;</p>
<ul>
<li><strong>AJUTS PER ALUMNES AMB NECESSITATS ESPECÍFIQUES DE SUPORT EDUCATIU (NESE):</strong></li>
</ul>
<p><img decoding="async" class="aligncenter" src="https://www.becaseducacion.gob.es/.resources/templating/base/img/escudo-mefpd-mciu.png" alt="Escudo de los Ministerios" /></p>
<p>Alumnes escolaritzats en centres educatius espanyols que acreditin la necessitat específica de rebre suport educatiu i reuneixin els requisits establerts.</p>
<p>La convocatòria pel curs 2025/2026 es va publicar el 25 d&#8217;abril de 2025. El termini per presentar la sol·licitud: del 30 d&#8217;abril a l&#8217;11 de setembre.</p>
<p>Per a més informació clica a: <a href="https://www.becaseducacion.gob.es/becas-y-ayudas/ayudas-apoyo-educativo/como-solicitarla.html">Informació general</a></p>
<ul>
<li><strong>MOTXILLES ESCOLARS</strong></li>
</ul>
<p>Per escol<a href="https://agora.xtec.cat/escolalesllisses/wp-content/uploads/usu2000/2025/03/baixa.jpeg"><img loading="lazy" decoding="async" class="size-thumbnail wp-image-4997 alignleft" src="https://agora.xtec.cat/escolalesllisses/wp-content/uploads/usu2000/2025/03/baixa-150x150.jpeg" alt="" width="150" height="150" /></a>aritzar equilibradament l&#8217;alumnat, el Departament d&#8217;Educació i Formació Professional ha de <strong>garantir els recursos per atendre infants i joves amb necessitats educatives específiques</strong>, tal com s&#8217;estableix en el <a title="Ves al DOGC" href="https://dogc.gencat.cat/ca/document-del-dogc/?documentId=893678" target="_blank" rel="noopener">Decret 11/2021, de 16 de febrer</a>, de la programació de l&#8217;oferta educativa i del procediment d&#8217;admissió en els centres del Servei d&#8217;Educació de Catalunya.</p>
<p>Aquests recursos econòmics s&#8217;orienten a <strong>promoure i garantir l&#8217;accés i la participació de l&#8217;alumnat en situació socioeconòmica i sociocultural desafavorida en les activitats complementàries i en les activitats escolars curriculars</strong>.</p>
<p><a href="https://educacio.gencat.cat/ca/arees-actuacio/families/families-escola/escolaritat/motxilles-escolars/">Per a més informació clica aquí.</a></p>
<div id="3E53FA2C_2733_E72F_D92E_BA2716F0EB47"></div>
<div id="3E53FA2C_2733_E72F_D92E_BA2716F0EB47"></div>
<div id="3E53FA2C_2733_E72F_D92E_BA2716F0EB47"></div>

<p>En aquesta pàgina trobareu la informació relacionada amb la sol·licitud de beques: AJUTS ESCOLARS PER AL CURS 2025-2026 (AJUNTAMENT DE LLICÀ DE VALL): L&#8217;Ajuntament de Lliçà de Vall fa pública la resolució dels ajuts escolars per al curs 2025-26. Els ajuts inclouen la quota d’AFA, socialització de llibres, material escolars, sortides, colònies o crèdit de [&hellip;]</p>
