{"id":1764,"date":"2020-11-13T11:49:36","date_gmt":"2020-11-13T10:49:36","guid":{"rendered":"https:\/\/agora.xtec.cat\/escolalesllisses\/?page_id=1764"},"modified":"2024-02-27T21:35:11","modified_gmt":"2024-02-27T20:35:11","slug":"qui-som","status":"publish","type":"page","link":"https:\/\/agora.xtec.cat\/escolalesllisses\/ampa-2\/qui-som\/","title":{"rendered":"Qui som?"},"content":{"rendered":"<p>La <strong>junta directiva<\/strong> de l\u2019AMPA esta formada per les seg\u00fcents persones:<\/p>\n<table style=\"width: 38.7865%; height: 194px;\">\n<tbody>\n<tr style=\"height: 11px;\">\n<td style=\"height: 11px; width: 52.7273%;\">Presidenta:<\/td>\n<td style=\"height: 11px; width: 72.1285%;\">Ingrid Costa<\/td>\n<\/tr>\n<tr style=\"height: 13px;\">\n<td style=\"height: 13px; width: 52.7273%;\">Vicepresidenta:<\/td>\n<td style=\"height: 13px; width: 72.1285%;\">Patr\u00edcia Ruiz<\/td>\n<\/tr>\n<tr style=\"height: 10px;\">\n<td style=\"height: 10px; width: 52.7273%;\">Tresorera:<\/td>\n<td style=\"height: 10px; width: 72.1285%;\">Ariadna Melguizo<\/td>\n<\/tr>\n<tr style=\"height: 32px;\">\n<td style=\"height: 32px; width: 52.7273%;\">Secret\u00e0ria:<\/td>\n<td style=\"height: 32px; width: 72.1285%;\">Mercedes Parra<\/td>\n<\/tr>\n<tr style=\"height: 32px;\">\n<td style=\"height: 32px; width: 52.7273%;\">Vocal 1:<\/td>\n<td style=\"height: 32px; width: 72.1285%;\">Yosra El Majdouly<\/td>\n<\/tr>\n<tr style=\"height: 32px;\">\n<td style=\"height: 32px; width: 52.7273%;\">Vocal 2:<\/td>\n<td style=\"height: 32px; width: 72.1285%;\">Montse Espa\u00f1a<\/td>\n<\/tr>\n<tr style=\"height: 32px;\">\n<td style=\"height: 32px; width: 52.7273%;\">Vocal 3:<\/td>\n<td style=\"height: 32px; width: 72.1285%;\">Ver\u00f3nica Antunes<\/td>\n<\/tr>\n<tr style=\"height: 32px;\">\n<td style=\"height: 32px; width: 52.7273%;\">Vocal 4:<\/td>\n<td style=\"height: 32px; width: 72.1285%;\">&#8211;<\/td>\n<\/tr>\n<\/tbody>\n<\/table>\n<p><strong>Per contactar amb l&#8217;AMPA:<\/strong><\/p>\n<p><img loading=\"lazy\" decoding=\"async\" class=\"alignnone wp-image-1765\" src=\"https:\/\/agora.xtec.cat\/escolalesllisses\/wp-content\/uploads\/usu2000\/2020\/11\/logo-telefon.png\" alt=\"\" width=\"104\" height=\"104\" srcset=\"https:\/\/agora.xtec.cat\/escolalesllisses\/wp-content\/uploads\/usu2000\/2020\/11\/logo-telefon.png 512w, https:\/\/agora.xtec.cat\/escolalesllisses\/wp-content\/uploads\/usu2000\/2020\/11\/logo-telefon-150x150.png 150w, https:\/\/agora.xtec.cat\/escolalesllisses\/wp-content\/uploads\/usu2000\/2020\/11\/logo-telefon-300x300.png 300w\" sizes=\"auto, (max-width: 104px) 100vw, 104px\" \/> 609.90.63.83 (de dilluns a divendres de 10 h a 16:30 h)<\/p>\n<p><img loading=\"lazy\" decoding=\"async\" class=\"alignnone wp-image-1766\" src=\"https:\/\/agora.xtec.cat\/escolalesllisses\/wp-content\/uploads\/usu2000\/2020\/11\/logo-mail.png\" alt=\"\" width=\"85\" height=\"85\" srcset=\"https:\/\/agora.xtec.cat\/escolalesllisses\/wp-content\/uploads\/usu2000\/2020\/11\/logo-mail.png 512w, https:\/\/agora.xtec.cat\/escolalesllisses\/wp-content\/uploads\/usu2000\/2020\/11\/logo-mail-150x150.png 150w, https:\/\/agora.xtec.cat\/escolalesllisses\/wp-content\/uploads\/usu2000\/2020\/11\/logo-mail-300x300.png 300w\" sizes=\"auto, (max-width: 85px) 100vw, 85px\" \/> ampalesllisses@gmail.com<\/p>\n<p><a href=\"http:\/\/ampalesllisses.blogspot.com\/p\/comissions_02.html\" target=\"_blank\" rel=\"noopener noreferrer\"><img loading=\"lazy\" decoding=\"async\" class=\"alignnone wp-image-1771\" src=\"https:\/\/agora.xtec.cat\/escolalesllisses\/wp-content\/uploads\/usu2000\/2020\/11\/logo-web.png\" alt=\"\" width=\"113\" height=\"113\" srcset=\"https:\/\/agora.xtec.cat\/escolalesllisses\/wp-content\/uploads\/usu2000\/2020\/11\/logo-web.png 224w, https:\/\/agora.xtec.cat\/escolalesllisses\/wp-content\/uploads\/usu2000\/2020\/11\/logo-web-150x150.png 150w\" sizes=\"auto, (max-width: 113px) 100vw, 113px\" \/><\/a> (Web AMPA Les Llisses)<\/p>\n","protected":false},"excerpt":{"rendered":"<p>La junta directiva de l\u2019AMPA esta formada per les seg\u00fcents persones: Presidenta: Ingrid Costa Vicepresidenta: Patr\u00edcia Ruiz Tresorera: Ariadna Melguizo Secret\u00e0ria: Mercedes Parra Vocal 1: Yosra El Majdouly Vocal 2: Montse Espa\u00f1a Vocal 3: Ver\u00f3nica Antunes Vocal 4: &#8211; Per contactar amb l&#8217;AMPA: 609.90.63.83 (de dilluns a divendres de 10 h a 16:30 h) ampalesllisses@gmail.com [&hellip;]<\/p>\n","protected":false},"author":1,"featured_media":0,"parent":1756,"menu_order":1,"comment_status":"closed","ping_status":"closed","template":"page-templates\/side-menu.php","meta":{"_bbp_topic_count":0,"_bbp_reply_count":0,"_bbp_total_topic_count":0,"_bbp_total_reply_count":0,"_bbp_voice_count":0,"_bbp_anonymous_reply_count":0,"_bbp_topic_count_hidden":0,"_bbp_reply_count_hidden":0,"_bbp_forum_subforum_count":0,"site-sidebar-layout":"default","site-content-layout":"","ast-site-content-layout":"","site-content-style":"default","site-sidebar-style":"default","ast-global-header-display":"","ast-banner-title-visibility":"","ast-main-header-display":"","ast-hfb-above-header-display":"","ast-hfb-below-header-display":"","ast-hfb-mobile-header-display":"","site-post-title":"","ast-breadcrumbs-content":"","ast-featured-img":"","footer-sml-layout":"","theme-transparent-header-meta":"","adv-header-id-meta":"","stick-header-meta":"","header-above-stick-meta":"","header-main-stick-meta":"","header-below-stick-meta":"","astra-migrate-meta-layouts":"default","ast-page-background-enabled":"default","ast-page-background-meta":{"desktop":{"background-color":"var(--ast-global-color-4)","background-image":"","background-repeat":"repeat","background-position":"center center","background-size":"auto","background-attachment":"scroll","background-type":"","background-media":"","overlay-type":"","overlay-color":"","overlay-opacity":"","overlay-gradient":""},"tablet":{"background-color":"","background-image":"","background-repeat":"repeat","background-position":"center center","background-size":"auto","background-attachment":"scroll","background-type":"","background-media":"","overlay-type":"","overlay-color":"","overlay-opacity":"","overlay-gradient":""},"mobile":{"background-color":"","background-image":"","background-repeat":"repeat","background-position":"center center","background-size":"auto","background-attachment":"scroll","background-type":"","background-media":"","overlay-type":"","overlay-color":"","overlay-opacity":"","overlay-gradient":""}},"ast-content-background-meta":{"desktop":{"background-color":"var(--ast-global-color-5)","background-image":"","background-repeat":"repeat","background-position":"center center","background-size":"auto","background-attachment":"scroll","background-type":"","background-media":"","overlay-type":"","overlay-color":"","overlay-opacity":"","overlay-gradient":""},"tablet":{"background-color":"var(--ast-global-color-5)","background-image":"","background-repeat":"repeat","background-position":"center center","background-size":"auto","background-attachment":"scroll","background-type":"","background-media":"","overlay-type":"","overlay-color":"","overlay-opacity":"","overlay-gradient":""},"mobile":{"background-color":"var(--ast-global-color-5)","background-image":"","background-repeat":"repeat","background-position":"center center","background-size":"auto","background-attachment":"scroll","background-type":"","background-media":"","overlay-type":"","overlay-color":"","overlay-opacity":"","overlay-gradient":""}},"footnotes":""},"class_list":["post-1764","page","type-page","status-publish","hentry"],"post_mailing_queue_ids":[],"_links":{"self":[{"href":"https:\/\/agora.xtec.cat\/escolalesllisses\/wp-json\/wp\/v2\/pages\/1764","targetHints":{"allow":["GET"]}}],"collection":[{"href":"https:\/\/agora.xtec.cat\/escolalesllisses\/wp-json\/wp\/v2\/pages"}],"about":[{"href":"https:\/\/agora.xtec.cat\/escolalesllisses\/wp-json\/wp\/v2\/types\/page"}],"author":[{"embeddable":true,"href":"https:\/\/agora.xtec.cat\/escolalesllisses\/wp-json\/wp\/v2\/users\/1"}],"replies":[{"embeddable":true,"href":"https:\/\/agora.xtec.cat\/escolalesllisses\/wp-json\/wp\/v2\/comments?post=1764"}],"version-history":[{"count":5,"href":"https:\/\/agora.xtec.cat\/escolalesllisses\/wp-json\/wp\/v2\/pages\/1764\/revisions"}],"predecessor-version":[{"id":4437,"href":"https:\/\/agora.xtec.cat\/escolalesllisses\/wp-json\/wp\/v2\/pages\/1764\/revisions\/4437"}],"up":[{"embeddable":true,"href":"https:\/\/agora.xtec.cat\/escolalesllisses\/wp-json\/wp\/v2\/pages\/1756"}],"wp:attachment":[{"href":"https:\/\/agora.xtec.cat\/escolalesllisses\/wp-json\/wp\/v2\/media?parent=1764"}],"curies":[{"name":"wp","href":"https:\/\/api.w.org\/{rel}","templated":true}]}}

<p>La <strong>junta directiva</strong> de l’AMPA esta formada per les següents persones:</p>
<table style="width: 38.7865%; height: 194px;">
<tbody>
<tr style="height: 11px;">
<td style="height: 11px; width: 52.7273%;">Presidenta:</td>
<td style="height: 11px; width: 72.1285%;">Ingrid Costa</td>
</tr>
<tr style="height: 13px;">
<td style="height: 13px; width: 52.7273%;">Vicepresidenta:</td>
<td style="height: 13px; width: 72.1285%;">Patrícia Ruiz</td>
</tr>
<tr style="height: 10px;">
<td style="height: 10px; width: 52.7273%;">Tresorera:</td>
<td style="height: 10px; width: 72.1285%;">Ariadna Melguizo</td>
</tr>
<tr style="height: 32px;">
<td style="height: 32px; width: 52.7273%;">Secretària:</td>
<td style="height: 32px; width: 72.1285%;">Mercedes Parra</td>
</tr>
<tr style="height: 32px;">
<td style="height: 32px; width: 52.7273%;">Vocal 1:</td>
<td style="height: 32px; width: 72.1285%;">Yosra El Majdouly</td>
</tr>
<tr style="height: 32px;">
<td style="height: 32px; width: 52.7273%;">Vocal 2:</td>
<td style="height: 32px; width: 72.1285%;">Montse España</td>
</tr>
<tr style="height: 32px;">
<td style="height: 32px; width: 52.7273%;">Vocal 3:</td>
<td style="height: 32px; width: 72.1285%;">Verónica Antunes</td>
</tr>
<tr style="height: 32px;">
<td style="height: 32px; width: 52.7273%;">Vocal 4:</td>
<td style="height: 32px; width: 72.1285%;">&#8211;</td>
</tr>
</tbody>
</table>
<p><strong>Per contactar amb l&#8217;AMPA:</strong></p>
<p><img loading="lazy" decoding="async" class="alignnone wp-image-1765" src="https://agora.xtec.cat/escolalesllisses/wp-content/uploads/usu2000/2020/11/logo-telefon.png" alt="" width="104" height="104" srcset="https://agora.xtec.cat/escolalesllisses/wp-content/uploads/usu2000/2020/11/logo-telefon.png 512w, https://agora.xtec.cat/escolalesllisses/wp-content/uploads/usu2000/2020/11/logo-telefon-150x150.png 150w, https://agora.xtec.cat/escolalesllisses/wp-content/uploads/usu2000/2020/11/logo-telefon-300x300.png 300w" sizes="auto, (max-width: 104px) 100vw, 104px" /> 609.90.63.83 (de dilluns a divendres de 10 h a 16:30 h)</p>
<p><img loading="lazy" decoding="async" class="alignnone wp-image-1766" src="https://agora.xtec.cat/escolalesllisses/wp-content/uploads/usu2000/2020/11/logo-mail.png" alt="" width="85" height="85" srcset="https://agora.xtec.cat/escolalesllisses/wp-content/uploads/usu2000/2020/11/logo-mail.png 512w, https://agora.xtec.cat/escolalesllisses/wp-content/uploads/usu2000/2020/11/logo-mail-150x150.png 150w, https://agora.xtec.cat/escolalesllisses/wp-content/uploads/usu2000/2020/11/logo-mail-300x300.png 300w" sizes="auto, (max-width: 85px) 100vw, 85px" /> ampalesllisses@gmail.com</p>
<p><a href="http://ampalesllisses.blogspot.com/p/comissions_02.html" target="_blank" rel="noopener noreferrer"><img loading="lazy" decoding="async" class="alignnone wp-image-1771" src="https://agora.xtec.cat/escolalesllisses/wp-content/uploads/usu2000/2020/11/logo-web.png" alt="" width="113" height="113" srcset="https://agora.xtec.cat/escolalesllisses/wp-content/uploads/usu2000/2020/11/logo-web.png 224w, https://agora.xtec.cat/escolalesllisses/wp-content/uploads/usu2000/2020/11/logo-web-150x150.png 150w" sizes="auto, (max-width: 113px) 100vw, 113px" /></a> (Web AMPA Les Llisses)</p>

<p>La junta directiva de l’AMPA esta formada per les següents persones: Presidenta: Ingrid Costa Vicepresidenta: Patrícia Ruiz Tresorera: Ariadna Melguizo Secretària: Mercedes Parra Vocal 1: Yosra El Majdouly Vocal 2: Montse España Vocal 3: Verónica Antunes Vocal 4: &#8211; Per contactar amb l&#8217;AMPA: 609.90.63.83 (de dilluns a divendres de 10 h a 16:30 h) ampalesllisses@gmail.com [&hellip;]</p>
