{"id":1756,"date":"2020-11-13T11:29:48","date_gmt":"2020-11-13T10:29:48","guid":{"rendered":"https:\/\/agora.xtec.cat\/escolalesllisses\/?page_id=1756"},"modified":"2026-01-16T11:28:27","modified_gmt":"2026-01-16T10:28:27","slug":"ampa-2","status":"publish","type":"page","link":"https:\/\/agora.xtec.cat\/escolalesllisses\/ampa-2\/","title":{"rendered":"AFA"},"content":{"rendered":"<p><a href=\"http:\/\/ampalesllisses.blogspot.com\/\" target=\"_blank\" rel=\"noopener noreferrer\"><img loading=\"lazy\" decoding=\"async\" class=\"aligncenter wp-image-1757 \" src=\"https:\/\/agora.xtec.cat\/escolalesllisses\/wp-content\/uploads\/usu2000\/2020\/11\/LOGO-AMPA.png\" alt=\"\" width=\"785\" height=\"237\" srcset=\"https:\/\/agora.xtec.cat\/escolalesllisses\/wp-content\/uploads\/usu2000\/2020\/11\/LOGO-AMPA.png 798w, https:\/\/agora.xtec.cat\/escolalesllisses\/wp-content\/uploads\/usu2000\/2020\/11\/LOGO-AMPA-300x91.png 300w, https:\/\/agora.xtec.cat\/escolalesllisses\/wp-content\/uploads\/usu2000\/2020\/11\/LOGO-AMPA-768x232.png 768w\" sizes=\"auto, (max-width: 785px) 100vw, 785px\" \/><\/a><\/p>\n<p>L\u2019Associaci\u00f3 de Fam\u00edlies d\u2019Alumnes (AFA) \u00e9s un col\u00b7lectiu organitzat que col\u00b7labora i gestiona activitats de l\u2019escola tant en horari lectiu com no lectiu.<\/p>\n<p>L\u2019AFA est\u00e0 formada per totes les fam\u00edlies de l\u2019escola que vulguin associar-s\u2019hi i \u00e9s gestionada per una junta.<\/p>\n<p>La junta est\u00e0 formada per una presidenta, una secretaria, una tresorera i uns vocals.<\/p>\n<p>A m\u00e9s a m\u00e9s, tots els socis poden ser voluntaris puntuals que ajuden en determinades activitats durant el curs.<\/p>\n<p>Les seves funcions s\u00f3n, entre altres:<\/p>\n<ul>\n<li>Afavorir la relaci\u00f3 i coordinaci\u00f3 entre les fam\u00edlies i el personal docent.<\/li>\n<li>Ser la veu dels pares i mares davant de les administracions p\u00fabliques.<\/li>\n<li>Treballar per millorar la participaci\u00f3 i el comprom\u00eds dels pares i mares, fills i filles, de la societat en general i de l&#8217;educativa en particular.<\/li>\n<li>Informar i orientar als pares i mares sobre el funcionament del centre i de temes relacionats amb el menjador escolar, l&#8217;adquisici\u00f3 de llibres de text, les activitats extraescolars&#8230;<\/li>\n<li>Organitzar les activitats extraescolars i el servei de\u00a0perman\u00e8ncies\u00a0fora de l&#8217;horari escolar.<\/li>\n<li>Organitzar activitats formatives (xerrades, escola de pares i mares, cursos) i activitats socioculturals (festes, concerts, fons per la biblioteca, ..) que afavoreixin l&#8217;educaci\u00f3 dels nostres infants i facilitin el coneixement i la relaci\u00f3 entre les fam\u00edlies.<\/li>\n<\/ul>\n<p>D&#8217;aqu\u00ed la import\u00e0ncia de la nostra participaci\u00f3 com a fam\u00edlies en l&#8217;AFA per a l&#8217;educaci\u00f3 dels nostres infants. No \u00e9s obligatori formar part de l&#8217;AFA, per\u00f2 s\u00ed molt recomanable.<\/p>\n<p>L&#8217;AFA en cap cas \u00e9s una organitzaci\u00f3 de benefic\u00e8ncia. Les fam\u00edlies que en formem part paguem una quota anual o mensual i esdevenim socis. Els socis tenim dret a decidir i formar part dels \u00f2rgans de l&#8217;Associaci\u00f3 i els diners que es recapten es destinen en benefici de tots els infants del centre: activitats extraescolars, adquisici\u00f3 de material, excursions, etc.<\/p>\n<p>Per con\u00e8ixer m\u00e9s les AFA&#8217;s de prim\u00e0ria:<\/p>\n<p><a href=\"http:\/\/www.fapac.cat\/\">http:\/\/www.fapac.cat<\/a><\/p>\n","protected":false},"excerpt":{"rendered":"<p>L\u2019Associaci\u00f3 de Fam\u00edlies d\u2019Alumnes (AFA) \u00e9s un col\u00b7lectiu organitzat que col\u00b7labora i gestiona activitats de l\u2019escola tant en horari lectiu com no lectiu. L\u2019AFA est\u00e0 formada per totes les fam\u00edlies de l\u2019escola que vulguin associar-s\u2019hi i \u00e9s gestionada per una junta. La junta est\u00e0 formada per una presidenta, una secretaria, una tresorera i uns vocals. [&hellip;]<\/p>\n","protected":false},"author":1,"featured_media":0,"parent":0,"menu_order":0,"comment_status":"closed","ping_status":"closed","template":"","meta":{"_bbp_topic_count":0,"_bbp_reply_count":0,"_bbp_total_topic_count":0,"_bbp_total_reply_count":0,"_bbp_voice_count":0,"_bbp_anonymous_reply_count":0,"_bbp_topic_count_hidden":0,"_bbp_reply_count_hidden":0,"_bbp_forum_subforum_count":0,"site-sidebar-layout":"default","site-content-layout":"","ast-site-content-layout":"default","site-content-style":"default","site-sidebar-style":"default","ast-global-header-display":"","ast-banner-title-visibility":"","ast-main-header-display":"","ast-hfb-above-header-display":"","ast-hfb-below-header-display":"","ast-hfb-mobile-header-display":"","site-post-title":"","ast-breadcrumbs-content":"","ast-featured-img":"","footer-sml-layout":"","theme-transparent-header-meta":"","adv-header-id-meta":"","stick-header-meta":"","header-above-stick-meta":"","header-main-stick-meta":"","header-below-stick-meta":"","astra-migrate-meta-layouts":"set","ast-page-background-enabled":"default","ast-page-background-meta":{"desktop":{"background-color":"var(--ast-global-color-4)","background-image":"","background-repeat":"repeat","background-position":"center center","background-size":"auto","background-attachment":"scroll","background-type":"","background-media":"","overlay-type":"","overlay-color":"","overlay-opacity":"","overlay-gradient":""},"tablet":{"background-color":"","background-image":"","background-repeat":"repeat","background-position":"center center","background-size":"auto","background-attachment":"scroll","background-type":"","background-media":"","overlay-type":"","overlay-color":"","overlay-opacity":"","overlay-gradient":""},"mobile":{"background-color":"","background-image":"","background-repeat":"repeat","background-position":"center center","background-size":"auto","background-attachment":"scroll","background-type":"","background-media":"","overlay-type":"","overlay-color":"","overlay-opacity":"","overlay-gradient":""}},"ast-content-background-meta":{"desktop":{"background-color":"var(--ast-global-color-5)","background-image":"","background-repeat":"repeat","background-position":"center center","background-size":"auto","background-attachment":"scroll","background-type":"","background-media":"","overlay-type":"","overlay-color":"","overlay-opacity":"","overlay-gradient":""},"tablet":{"background-color":"var(--ast-global-color-5)","background-image":"","background-repeat":"repeat","background-position":"center center","background-size":"auto","background-attachment":"scroll","background-type":"","background-media":"","overlay-type":"","overlay-color":"","overlay-opacity":"","overlay-gradient":""},"mobile":{"background-color":"var(--ast-global-color-5)","background-image":"","background-repeat":"repeat","background-position":"center center","background-size":"auto","background-attachment":"scroll","background-type":"","background-media":"","overlay-type":"","overlay-color":"","overlay-opacity":"","overlay-gradient":""}},"footnotes":""},"class_list":["post-1756","page","type-page","status-publish","hentry"],"post_mailing_queue_ids":[],"_links":{"self":[{"href":"https:\/\/agora.xtec.cat\/escolalesllisses\/wp-json\/wp\/v2\/pages\/1756","targetHints":{"allow":["GET"]}}],"collection":[{"href":"https:\/\/agora.xtec.cat\/escolalesllisses\/wp-json\/wp\/v2\/pages"}],"about":[{"href":"https:\/\/agora.xtec.cat\/escolalesllisses\/wp-json\/wp\/v2\/types\/page"}],"author":[{"embeddable":true,"href":"https:\/\/agora.xtec.cat\/escolalesllisses\/wp-json\/wp\/v2\/users\/1"}],"replies":[{"embeddable":true,"href":"https:\/\/agora.xtec.cat\/escolalesllisses\/wp-json\/wp\/v2\/comments?post=1756"}],"version-history":[{"count":5,"href":"https:\/\/agora.xtec.cat\/escolalesllisses\/wp-json\/wp\/v2\/pages\/1756\/revisions"}],"predecessor-version":[{"id":5374,"href":"https:\/\/agora.xtec.cat\/escolalesllisses\/wp-json\/wp\/v2\/pages\/1756\/revisions\/5374"}],"wp:attachment":[{"href":"https:\/\/agora.xtec.cat\/escolalesllisses\/wp-json\/wp\/v2\/media?parent=1756"}],"curies":[{"name":"wp","href":"https:\/\/api.w.org\/{rel}","templated":true}]}}