{"id":1048,"date":"2020-03-19T10:43:30","date_gmt":"2020-03-19T09:43:30","guid":{"rendered":"https:\/\/agora.xtec.cat\/escolalesllisses\/?page_id=1048"},"modified":"2026-02-04T13:20:55","modified_gmt":"2026-02-04T12:20:55","slug":"atencio-a-la-diversitat","status":"publish","type":"page","link":"https:\/\/agora.xtec.cat\/escolalesllisses\/atencio-a-la-diversitat\/","title":{"rendered":"ESCOLA INCLUSIVA"},"content":{"rendered":"<p>Un dels objectius m\u00e9s destacables de l&#8217;educaci\u00f3 \u00e9s garantir que tot l\u2019alumnat, independentment de les seves condicions i caracter\u00edstiques personals, desenvolupi el m\u00e0xim possible les seves capacitats.<\/p>\n<p><img loading=\"lazy\" decoding=\"async\" class=\"wp-image-2448 alignleft\" src=\"https:\/\/agora.xtec.cat\/escolalesllisses\/wp-content\/uploads\/usu2000\/2021\/02\/img870.jpg\" alt=\"\" width=\"368\" height=\"307\" srcset=\"https:\/\/agora.xtec.cat\/escolalesllisses\/wp-content\/uploads\/usu2000\/2021\/02\/img870.jpg 741w, https:\/\/agora.xtec.cat\/escolalesllisses\/wp-content\/uploads\/usu2000\/2021\/02\/img870-300x250.jpg 300w\" sizes=\"auto, (max-width: 368px) 100vw, 368px\" \/><\/p>\n<p>Avan\u00e7ar cap a escoles per a tothom, implica que tot l\u2019alumnat pugui participar i aprendre en els mateixos entorns escolars i obtingui una resposta ajustada a les seves singulars necessitats. \u00c9s un proc\u00e9s de millora constant en el que s\u2019hi ha d&#8217;involucrar tota la comunitat educativa. Viure la difer\u00e8ncia com un factor positiu i cercar formes cada cop m\u00e9s adequades de respondre a la diversitat, reduint les barreres que troben alguns alumnes per aprendre.<\/p>\n<p>A <strong>l&#8217;Escola Les Llisses<\/strong> treballem per atendre la diversitat amb l&#8217;objectiu de garantir una <strong>ESCOLA PER A TOTHOM<\/strong>, creiem en l&#8217;escola <strong>INLCUSIVA<\/strong>, <strong>personalitzant<\/strong> l&#8217;aprenentatge, oferint les mateixes <strong>oportunitats<\/strong> per a tots els alumnes tot fomentant la <strong>participaci\u00f3<\/strong> i corresponsabilitat dels infants.<\/p>\n<h3><strong>Com ho fem?<\/strong><\/h3>\n<p>Treballem de manera conjunta tota la comunitat educativa: mestres tutors\/es, mestres especialistes d&#8217;educaci\u00f3 especial, equip psicopedag\u00f2gic (Psicopedag\u00f2ga municipal i Equip d\u2019assessoramet i Orientataci\u00f3 Psicopedag\u00f2gic (EAP)) i fam\u00edlies.<\/p>\n<p style=\"text-align: center;\"><a href=\"https:\/\/agora.xtec.cat\/escolalesllisses\/atencio-a-la-diversitat\/educacio-especial\/\"><img loading=\"lazy\" decoding=\"async\" class=\"alignnone wp-image-2457\" src=\"https:\/\/agora.xtec.cat\/escolalesllisses\/wp-content\/uploads\/usu2000\/2021\/02\/13.png\" alt=\"\" width=\"259\" height=\"259\" srcset=\"https:\/\/agora.xtec.cat\/escolalesllisses\/wp-content\/uploads\/usu2000\/2021\/02\/13.png 500w, https:\/\/agora.xtec.cat\/escolalesllisses\/wp-content\/uploads\/usu2000\/2021\/02\/13-150x150.png 150w, https:\/\/agora.xtec.cat\/escolalesllisses\/wp-content\/uploads\/usu2000\/2021\/02\/13-300x300.png 300w\" sizes=\"auto, (max-width: 259px) 100vw, 259px\" \/><\/a> <a href=\"https:\/\/agora.xtec.cat\/escolalesllisses\/atencio-a-la-diversitat\/psicopedadoga-municipal-i-eap\/\"><img loading=\"lazy\" decoding=\"async\" class=\"alignnone wp-image-2458\" src=\"https:\/\/agora.xtec.cat\/escolalesllisses\/wp-content\/uploads\/usu2000\/2021\/02\/14.png\" alt=\"\" width=\"274\" height=\"274\" srcset=\"https:\/\/agora.xtec.cat\/escolalesllisses\/wp-content\/uploads\/usu2000\/2021\/02\/14.png 500w, https:\/\/agora.xtec.cat\/escolalesllisses\/wp-content\/uploads\/usu2000\/2021\/02\/14-150x150.png 150w, https:\/\/agora.xtec.cat\/escolalesllisses\/wp-content\/uploads\/usu2000\/2021\/02\/14-300x300.png 300w\" sizes=\"auto, (max-width: 274px) 100vw, 274px\" \/><\/a><\/p>\n<p>&nbsp;<\/p>\n","protected":false},"excerpt":{"rendered":"<p>Un dels objectius m\u00e9s destacables de l&#8217;educaci\u00f3 \u00e9s garantir que tot l\u2019alumnat, independentment de les seves condicions i caracter\u00edstiques personals, desenvolupi el m\u00e0xim possible les seves capacitats. Avan\u00e7ar cap a escoles per a tothom, implica que tot l\u2019alumnat pugui participar i aprendre en els mateixos entorns escolars i obtingui una resposta ajustada a les seves [&hellip;]<\/p>\n","protected":false},"author":1,"featured_media":0,"parent":0,"menu_order":0,"comment_status":"closed","ping_status":"closed","template":"","meta":{"_bbp_topic_count":0,"_bbp_reply_count":0,"_bbp_total_topic_count":0,"_bbp_total_reply_count":0,"_bbp_voice_count":0,"_bbp_anonymous_reply_count":0,"_bbp_topic_count_hidden":0,"_bbp_reply_count_hidden":0,"_bbp_forum_subforum_count":0,"site-sidebar-layout":"default","site-content-layout":"","ast-site-content-layout":"","site-content-style":"default","site-sidebar-style":"default","ast-global-header-display":"","ast-banner-title-visibility":"","ast-main-header-display":"","ast-hfb-above-header-display":"","ast-hfb-below-header-display":"","ast-hfb-mobile-header-display":"","site-post-title":"","ast-breadcrumbs-content":"","ast-featured-img":"","footer-sml-layout":"","theme-transparent-header-meta":"","adv-header-id-meta":"","stick-header-meta":"","header-above-stick-meta":"","header-main-stick-meta":"","header-below-stick-meta":"","astra-migrate-meta-layouts":"default","ast-page-background-enabled":"default","ast-page-background-meta":{"desktop":{"background-color":"var(--ast-global-color-4)","background-image":"","background-repeat":"repeat","background-position":"center center","background-size":"auto","background-attachment":"scroll","background-type":"","background-media":"","overlay-type":"","overlay-color":"","overlay-opacity":"","overlay-gradient":""},"tablet":{"background-color":"","background-image":"","background-repeat":"repeat","background-position":"center center","background-size":"auto","background-attachment":"scroll","background-type":"","background-media":"","overlay-type":"","overlay-color":"","overlay-opacity":"","overlay-gradient":""},"mobile":{"background-color":"","background-image":"","background-repeat":"repeat","background-position":"center center","background-size":"auto","background-attachment":"scroll","background-type":"","background-media":"","overlay-type":"","overlay-color":"","overlay-opacity":"","overlay-gradient":""}},"ast-content-background-meta":{"desktop":{"background-color":"var(--ast-global-color-5)","background-image":"","background-repeat":"repeat","background-position":"center center","background-size":"auto","background-attachment":"scroll","background-type":"","background-media":"","overlay-type":"","overlay-color":"","overlay-opacity":"","overlay-gradient":""},"tablet":{"background-color":"var(--ast-global-color-5)","background-image":"","background-repeat":"repeat","background-position":"center center","background-size":"auto","background-attachment":"scroll","background-type":"","background-media":"","overlay-type":"","overlay-color":"","overlay-opacity":"","overlay-gradient":""},"mobile":{"background-color":"var(--ast-global-color-5)","background-image":"","background-repeat":"repeat","background-position":"center center","background-size":"auto","background-attachment":"scroll","background-type":"","background-media":"","overlay-type":"","overlay-color":"","overlay-opacity":"","overlay-gradient":""}},"footnotes":""},"class_list":["post-1048","page","type-page","status-publish","hentry"],"post_mailing_queue_ids":[],"_links":{"self":[{"href":"https:\/\/agora.xtec.cat\/escolalesllisses\/wp-json\/wp\/v2\/pages\/1048","targetHints":{"allow":["GET"]}}],"collection":[{"href":"https:\/\/agora.xtec.cat\/escolalesllisses\/wp-json\/wp\/v2\/pages"}],"about":[{"href":"https:\/\/agora.xtec.cat\/escolalesllisses\/wp-json\/wp\/v2\/types\/page"}],"author":[{"embeddable":true,"href":"https:\/\/agora.xtec.cat\/escolalesllisses\/wp-json\/wp\/v2\/users\/1"}],"replies":[{"embeddable":true,"href":"https:\/\/agora.xtec.cat\/escolalesllisses\/wp-json\/wp\/v2\/comments?post=1048"}],"version-history":[{"count":4,"href":"https:\/\/agora.xtec.cat\/escolalesllisses\/wp-json\/wp\/v2\/pages\/1048\/revisions"}],"predecessor-version":[{"id":5455,"href":"https:\/\/agora.xtec.cat\/escolalesllisses\/wp-json\/wp\/v2\/pages\/1048\/revisions\/5455"}],"wp:attachment":[{"href":"https:\/\/agora.xtec.cat\/escolalesllisses\/wp-json\/wp\/v2\/media?parent=1048"}],"curies":[{"name":"wp","href":"https:\/\/api.w.org\/{rel}","templated":true}]}}

<p>Un dels objectius més destacables de l&#8217;educació és garantir que tot l’alumnat, independentment de les seves condicions i característiques personals, desenvolupi el màxim possible les seves capacitats.</p>
<p><img loading="lazy" decoding="async" class="wp-image-2448 alignleft" src="https://agora.xtec.cat/escolalesllisses/wp-content/uploads/usu2000/2021/02/img870.jpg" alt="" width="368" height="307" srcset="https://agora.xtec.cat/escolalesllisses/wp-content/uploads/usu2000/2021/02/img870.jpg 741w, https://agora.xtec.cat/escolalesllisses/wp-content/uploads/usu2000/2021/02/img870-300x250.jpg 300w" sizes="auto, (max-width: 368px) 100vw, 368px" /></p>
<p>Avançar cap a escoles per a tothom, implica que tot l’alumnat pugui participar i aprendre en els mateixos entorns escolars i obtingui una resposta ajustada a les seves singulars necessitats. És un procés de millora constant en el que s’hi ha d&#8217;involucrar tota la comunitat educativa. Viure la diferència com un factor positiu i cercar formes cada cop més adequades de respondre a la diversitat, reduint les barreres que troben alguns alumnes per aprendre.</p>
<p>A <strong>l&#8217;Escola Les Llisses</strong> treballem per atendre la diversitat amb l&#8217;objectiu de garantir una <strong>ESCOLA PER A TOTHOM</strong>, creiem en l&#8217;escola <strong>INLCUSIVA</strong>, <strong>personalitzant</strong> l&#8217;aprenentatge, oferint les mateixes <strong>oportunitats</strong> per a tots els alumnes tot fomentant la <strong>participació</strong> i corresponsabilitat dels infants.</p>
<h3><strong>Com ho fem?</strong></h3>
<p>Treballem de manera conjunta tota la comunitat educativa: mestres tutors/es, mestres especialistes d&#8217;educació especial, equip psicopedagògic (Psicopedagòga municipal i Equip d’assessoramet i Orientatació Psicopedagògic (EAP)) i famílies.</p>
<p style="text-align: center;"><a href="https://agora.xtec.cat/escolalesllisses/atencio-a-la-diversitat/educacio-especial/"><img loading="lazy" decoding="async" class="alignnone wp-image-2457" src="https://agora.xtec.cat/escolalesllisses/wp-content/uploads/usu2000/2021/02/13.png" alt="" width="259" height="259" srcset="https://agora.xtec.cat/escolalesllisses/wp-content/uploads/usu2000/2021/02/13.png 500w, https://agora.xtec.cat/escolalesllisses/wp-content/uploads/usu2000/2021/02/13-150x150.png 150w, https://agora.xtec.cat/escolalesllisses/wp-content/uploads/usu2000/2021/02/13-300x300.png 300w" sizes="auto, (max-width: 259px) 100vw, 259px" /></a> <a href="https://agora.xtec.cat/escolalesllisses/atencio-a-la-diversitat/psicopedadoga-municipal-i-eap/"><img loading="lazy" decoding="async" class="alignnone wp-image-2458" src="https://agora.xtec.cat/escolalesllisses/wp-content/uploads/usu2000/2021/02/14.png" alt="" width="274" height="274" srcset="https://agora.xtec.cat/escolalesllisses/wp-content/uploads/usu2000/2021/02/14.png 500w, https://agora.xtec.cat/escolalesllisses/wp-content/uploads/usu2000/2021/02/14-150x150.png 150w, https://agora.xtec.cat/escolalesllisses/wp-content/uploads/usu2000/2021/02/14-300x300.png 300w" sizes="auto, (max-width: 274px) 100vw, 274px" /></a></p>
<p>&nbsp;</p>

<p>Un dels objectius més destacables de l&#8217;educació és garantir que tot l’alumnat, independentment de les seves condicions i característiques personals, desenvolupi el màxim possible les seves capacitats. Avançar cap a escoles per a tothom, implica que tot l’alumnat pugui participar i aprendre en els mateixos entorns escolars i obtingui una resposta ajustada a les seves [&hellip;]</p>
