{"id":7614,"date":"2025-10-18T13:10:22","date_gmt":"2025-10-18T11:10:22","guid":{"rendered":"https:\/\/agora.xtec.cat\/escolalesfiladores\/?page_id=7614"},"modified":"2025-10-18T14:58:43","modified_gmt":"2025-10-18T12:58:43","slug":"comunitat-de-grans","status":"publish","type":"page","link":"https:\/\/agora.xtec.cat\/escolalesfiladores\/nivells\/comunitat-de-grans\/","title":{"rendered":"Comunitat de grans"},"content":{"rendered":"<p data-start=\"2414\" data-end=\"2692\">La Comunitat de Grans \u00e9s l\u2019espai on els infants es preparen per tancar la seva etapa a l\u2019escola amb maduresa, confian\u00e7a i sentit cr\u00edtic. \u00c9s un moment de consolidar aprenentatges, d\u2019assumir nous reptes i de desenvolupar una mirada m\u00e9s \u00e0mplia sobre el m\u00f3n i sobre ells mateixos.<\/p>\n<p data-start=\"2699\" data-end=\"2974\">En aquesta comunitat fomentem la reflexi\u00f3, la responsabilitat i la participaci\u00f3 activa. Els projectes interdisciplinaris i les experi\u00e8ncies col\u00b7laboratives permeten connectar els sabers amb situacions reals, afavorint la comprensi\u00f3 profunda i significativa del que aprenem.<\/p>\n<p data-start=\"2981\" data-end=\"3247\">Acompanyem els infants en el seu creixement personal i emocional, ajudant-los a prendre decisions, a expressar opinions amb respecte i a treballar en equip. Busquem que se sentin capaces i capa\u00e7os, confiades i confiats i preparades i preparats per afrontar els nous camins que trobaran m\u00e9s endavant.<\/p>\n<p>&nbsp;<\/p>\n<p style=\"text-align: center;\"><strong>Una comunitat que mira el futur amb il\u00b7lusi\u00f3, autonomia i esperit de superaci\u00f3.<\/strong><\/p>\n","protected":false},"excerpt":{"rendered":"<p>La Comunitat de Grans \u00e9s l\u2019espai on els infants es preparen per tancar la seva etapa a l\u2019escola amb maduresa, confian\u00e7a i sentit cr\u00edtic. \u00c9s un moment de consolidar aprenentatges, d\u2019assumir nous reptes i de desenvolupar una mirada m\u00e9s \u00e0mplia sobre el m\u00f3n i sobre&hellip;  <a href=\"https:\/\/agora.xtec.cat\/escolalesfiladores\/nivells\/comunitat-de-grans\/\" title=\"Read Comunitat de grans\">Llegeix m\u00e9s\u00bb<\/a><\/p>\n","protected":false},"author":1,"featured_media":0,"parent":87,"menu_order":3,"comment_status":"closed","ping_status":"closed","template":"","meta":{"_bbp_topic_count":0,"_bbp_reply_count":0,"_bbp_total_topic_count":0,"_bbp_total_reply_count":0,"_bbp_voice_count":0,"_bbp_anonymous_reply_count":0,"_bbp_topic_count_hidden":0,"_bbp_reply_count_hidden":0,"_bbp_forum_subforum_count":0,"footnotes":""},"class_list":["post-7614","page","type-page","status-publish","hentry"],"post_mailing_queue_ids":[],"_links":{"self":[{"href":"https:\/\/agora.xtec.cat\/escolalesfiladores\/wp-json\/wp\/v2\/pages\/7614","targetHints":{"allow":["GET"]}}],"collection":[{"href":"https:\/\/agora.xtec.cat\/escolalesfiladores\/wp-json\/wp\/v2\/pages"}],"about":[{"href":"https:\/\/agora.xtec.cat\/escolalesfiladores\/wp-json\/wp\/v2\/types\/page"}],"author":[{"embeddable":true,"href":"https:\/\/agora.xtec.cat\/escolalesfiladores\/wp-json\/wp\/v2\/users\/1"}],"replies":[{"embeddable":true,"href":"https:\/\/agora.xtec.cat\/escolalesfiladores\/wp-json\/wp\/v2\/comments?post=7614"}],"version-history":[{"count":5,"href":"https:\/\/agora.xtec.cat\/escolalesfiladores\/wp-json\/wp\/v2\/pages\/7614\/revisions"}],"predecessor-version":[{"id":7646,"href":"https:\/\/agora.xtec.cat\/escolalesfiladores\/wp-json\/wp\/v2\/pages\/7614\/revisions\/7646"}],"up":[{"embeddable":true,"href":"https:\/\/agora.xtec.cat\/escolalesfiladores\/wp-json\/wp\/v2\/pages\/87"}],"wp:attachment":[{"href":"https:\/\/agora.xtec.cat\/escolalesfiladores\/wp-json\/wp\/v2\/media?parent=7614"}],"curies":[{"name":"wp","href":"https:\/\/api.w.org\/{rel}","templated":true}]}}