{"id":34,"date":"2014-09-18T12:32:18","date_gmt":"2014-09-18T11:32:18","guid":{"rendered":"http:\/\/agora.xtec.cat\/escolalesfiladores\/?page_id=34"},"modified":"2025-05-19T10:47:29","modified_gmt":"2025-05-19T08:47:29","slug":"oferta-educativa","status":"publish","type":"page","link":"https:\/\/agora.xtec.cat\/escolalesfiladores\/lescola\/oferta-educativa\/","title":{"rendered":"Oferta educativa curs 2025-2026"},"content":{"rendered":"<p>L&#8217;oferta educativa de l&#8217;escola <strong>Les Filadores<\/strong> per al curs 2025-246 \u00e9s d&#8217;un grup d&#8217;I3, un d&#8217;I4 i un d&#8217;I5. Un grup de 1r i 2n de prim\u00e0ria.<\/p>\n<p><span style=\"font-family: inherit; font-size: 1em;\">L&#8217;escola Les Filadores continuar\u00e0 creixent de la m\u00e0 d&#8217;aquests infants i de les seves fam\u00edlies.<\/span><\/p>\n<p>&nbsp;<\/p>\n","protected":false},"excerpt":{"rendered":"<p>L&#8217;oferta educativa de l&#8217;escola Les Filadores per al curs 2025-246 \u00e9s d&#8217;un grup d&#8217;I3, un d&#8217;I4 i un d&#8217;I5. Un grup de 1r i 2n de prim\u00e0ria.<br \/>\nL&#8217;escola Les Filadores continuar\u00e0 creixent de la m\u00e0 d&#8217;aquests infants i de les seves fam\u00edlies.<br \/>\n&nbsp;<\/p>\n","protected":false},"author":1,"featured_media":0,"parent":22,"menu_order":60,"comment_status":"closed","ping_status":"closed","template":"page-templates\/side-menu.php","meta":{"_bbp_topic_count":0,"_bbp_reply_count":0,"_bbp_total_topic_count":0,"_bbp_total_reply_count":0,"_bbp_voice_count":0,"_bbp_anonymous_reply_count":0,"_bbp_topic_count_hidden":0,"_bbp_reply_count_hidden":0,"_bbp_forum_subforum_count":0,"footnotes":""},"class_list":["post-34","page","type-page","status-publish","hentry"],"post_mailing_queue_ids":[],"_links":{"self":[{"href":"https:\/\/agora.xtec.cat\/escolalesfiladores\/wp-json\/wp\/v2\/pages\/34","targetHints":{"allow":["GET"]}}],"collection":[{"href":"https:\/\/agora.xtec.cat\/escolalesfiladores\/wp-json\/wp\/v2\/pages"}],"about":[{"href":"https:\/\/agora.xtec.cat\/escolalesfiladores\/wp-json\/wp\/v2\/types\/page"}],"author":[{"embeddable":true,"href":"https:\/\/agora.xtec.cat\/escolalesfiladores\/wp-json\/wp\/v2\/users\/1"}],"replies":[{"embeddable":true,"href":"https:\/\/agora.xtec.cat\/escolalesfiladores\/wp-json\/wp\/v2\/comments?post=34"}],"version-history":[{"count":5,"href":"https:\/\/agora.xtec.cat\/escolalesfiladores\/wp-json\/wp\/v2\/pages\/34\/revisions"}],"predecessor-version":[{"id":7214,"href":"https:\/\/agora.xtec.cat\/escolalesfiladores\/wp-json\/wp\/v2\/pages\/34\/revisions\/7214"}],"up":[{"embeddable":true,"href":"https:\/\/agora.xtec.cat\/escolalesfiladores\/wp-json\/wp\/v2\/pages\/22"}],"wp:attachment":[{"href":"https:\/\/agora.xtec.cat\/escolalesfiladores\/wp-json\/wp\/v2\/media?parent=34"}],"curies":[{"name":"wp","href":"https:\/\/api.w.org\/{rel}","templated":true}]}}