{"id":9,"date":"2014-09-17T15:08:18","date_gmt":"2014-09-17T13:08:18","guid":{"rendered":"http:\/\/agora.xtec.cat\/escolalesdeveses\/?page_id=9"},"modified":"2026-04-29T09:29:16","modified_gmt":"2026-04-29T07:29:16","slug":"pagina-dinici-buida","status":"publish","type":"page","link":"https:\/\/agora.xtec.cat\/escolalesdeveses\/","title":{"rendered":"Benvinguts i benvingudes a la p\u00e0gina web de l&#8217;escola"},"content":{"rendered":"\n<p><\/p>\n\n\n<div><strong>Dates i publicacions de la preinscripci\u00f3 pel curs 26-27:<\/strong><\/div>\n<div>\u00a0<\/div>\n<div style=\"width: 100%;\">\n<table style=\"border-collapse: collapse; width: 49.7516%; height: 371px;\">\n<tbody>\n<tr>\n<td style=\"width: 14.5%;\">3 de mar\u00e7<\/td>\n<td style=\"width: 35.4061%;\"><a href=\"https:\/\/agora.xtec.cat\/escolalesdeveses\/wp-content\/uploads\/usu1237\/2026\/03\/INFORME_OFERTA_OME_INFORME_OFERTA-2.pdf\">Oferta inicial<\/a><\/td>\n<\/tr>\n<tr>\n<td style=\"width: 14.5%;\">4-18 de mar\u00e7<\/td>\n<td style=\"width: 35.4061%;\">PER\u00cdODE DE PREINSCRIPCI\u00d3<\/td>\n<\/tr>\n<tr>\n<td style=\"width: 14.5%;\">15 d&#8217;abril<\/td>\n<td style=\"width: 35.4061%;\"><a href=\"https:\/\/agora.xtec.cat\/escolalesdeveses\/wp-content\/uploads\/usu1237\/2026\/04\/INFORME_BAREM_PROVISIONAL_BAREM.pdf\">Llista de sol\u00b7licituds amb la puntuaci\u00f3 provisional<\/a><\/td>\n<\/tr>\n<tr>\n<td style=\"width: 14.5%;\">15 al 20 d&#8217;abril<\/td>\n<td style=\"width: 35.4061%;\">PRESENTACI\u00d3 DE RECLAMACIONS<\/td>\n<\/tr>\n<tr>\n<td style=\"width: 14.5%;\">23 d&#8217;abril<\/td>\n<td style=\"width: 35.4061%;\"><a href=\"https:\/\/agora.xtec.cat\/escolalesdeveses\/wp-content\/uploads\/usu1237\/2026\/04\/INFORME_BAREM_RESOLTES_BAREM.pdf\">Llista amb la puntuaci\u00f3, resoltes les reclamacions<\/a><\/td>\n<\/tr>\n<tr>\n<td style=\"width: 14.5%;\">29 d&#8217;abril<\/td>\n<td style=\"width: 35.4061%;\"><a href=\"https:\/\/agora.xtec.cat\/escolalesdeveses\/wp-content\/uploads\/usu1237\/2026\/04\/INFORME_BAREM_DEFINITIU_BAREM.pdf\">Llista ordenada<\/a><\/td>\n<\/tr>\n<tr>\n<td style=\"width: 14.5%;\">10 de juny<\/td>\n<td style=\"width: 35.4061%;\">Oferta final<\/td>\n<\/tr>\n<tr>\n<td style=\"width: 14.5%;\">22-30 de juny<\/td>\n<td style=\"width: 35.4061%;\">MATR\u00cdCULA D&#8217;ALUMNES<\/td>\n<\/tr>\n<\/tbody>\n<\/table>\n<\/div>\n<div>\u00a0<\/div>\n<div style=\"width: 100%;\">\n<div>\u00a0<\/div>\n<div>\u00a0<\/div>\n<div>\u00a0<\/div>\n<\/div>","protected":false},"excerpt":{"rendered":"<p>Dates i publicacions de la preinscripci\u00f3 pel curs 26-27: \u00a0 3 de mar\u00e7 Oferta inicial 4-18 de mar\u00e7 PER\u00cdODE DE PREINSCRIPCI\u00d3 15 d&#8217;abril Llista de sol\u00b7licituds amb la puntuaci\u00f3 provisional 15 al 20 d&#8217;abril PRESENTACI\u00d3 DE RECLAMACIONS 23 d&#8217;abril Llista amb la puntuaci\u00f3, resoltes les reclamacions 29 d&#8217;abril Llista ordenada 10 de juny Oferta final [&hellip;]<\/p>\n","protected":false},"author":1,"featured_media":0,"parent":0,"menu_order":0,"comment_status":"closed","ping_status":"closed","template":"","meta":{"_bbp_topic_count":0,"_bbp_reply_count":0,"_bbp_total_topic_count":0,"_bbp_total_reply_count":0,"_bbp_voice_count":0,"_bbp_anonymous_reply_count":0,"_bbp_topic_count_hidden":0,"_bbp_reply_count_hidden":0,"_bbp_forum_subforum_count":0,"site-sidebar-layout":"default","site-content-layout":"","ast-site-content-layout":"default","site-content-style":"default","site-sidebar-style":"default","ast-global-header-display":"","ast-banner-title-visibility":"","ast-main-header-display":"","ast-hfb-above-header-display":"","ast-hfb-below-header-display":"","ast-hfb-mobile-header-display":"","site-post-title":"","ast-breadcrumbs-content":"","ast-featured-img":"","footer-sml-layout":"","theme-transparent-header-meta":"default","adv-header-id-meta":"","stick-header-meta":"","header-above-stick-meta":"","header-main-stick-meta":"","header-below-stick-meta":"","astra-migrate-meta-layouts":"set","ast-page-background-enabled":"default","ast-page-background-meta":{"desktop":{"background-color":"var(--ast-global-color-4)","background-image":"","background-repeat":"repeat","background-position":"center center","background-size":"auto","background-attachment":"scroll","background-type":"","background-media":"","overlay-type":"","overlay-color":"","overlay-opacity":"","overlay-gradient":""},"tablet":{"background-color":"","background-image":"","background-repeat":"repeat","background-position":"center center","background-size":"auto","background-attachment":"scroll","background-type":"","background-media":"","overlay-type":"","overlay-color":"","overlay-opacity":"","overlay-gradient":""},"mobile":{"background-color":"","background-image":"","background-repeat":"repeat","background-position":"center center","background-size":"auto","background-attachment":"scroll","background-type":"","background-media":"","overlay-type":"","overlay-color":"","overlay-opacity":"","overlay-gradient":""}},"ast-content-background-meta":{"desktop":{"background-color":"var(--ast-global-color-5)","background-image":"","background-repeat":"repeat","background-position":"center center","background-size":"auto","background-attachment":"scroll","background-type":"","background-media":"","overlay-type":"","overlay-color":"","overlay-opacity":"","overlay-gradient":""},"tablet":{"background-color":"var(--ast-global-color-5)","background-image":"","background-repeat":"repeat","background-position":"center center","background-size":"auto","background-attachment":"scroll","background-type":"","background-media":"","overlay-type":"","overlay-color":"","overlay-opacity":"","overlay-gradient":""},"mobile":{"background-color":"var(--ast-global-color-5)","background-image":"","background-repeat":"repeat","background-position":"center center","background-size":"auto","background-attachment":"scroll","background-type":"","background-media":"","overlay-type":"","overlay-color":"","overlay-opacity":"","overlay-gradient":""}},"footnotes":""},"class_list":["post-9","page","type-page","status-publish","hentry"],"post_mailing_queue_ids":[],"_links":{"self":[{"href":"https:\/\/agora.xtec.cat\/escolalesdeveses\/wp-json\/wp\/v2\/pages\/9","targetHints":{"allow":["GET"]}}],"collection":[{"href":"https:\/\/agora.xtec.cat\/escolalesdeveses\/wp-json\/wp\/v2\/pages"}],"about":[{"href":"https:\/\/agora.xtec.cat\/escolalesdeveses\/wp-json\/wp\/v2\/types\/page"}],"author":[{"embeddable":true,"href":"https:\/\/agora.xtec.cat\/escolalesdeveses\/wp-json\/wp\/v2\/users\/1"}],"replies":[{"embeddable":true,"href":"https:\/\/agora.xtec.cat\/escolalesdeveses\/wp-json\/wp\/v2\/comments?post=9"}],"version-history":[{"count":6,"href":"https:\/\/agora.xtec.cat\/escolalesdeveses\/wp-json\/wp\/v2\/pages\/9\/revisions"}],"predecessor-version":[{"id":5390,"href":"https:\/\/agora.xtec.cat\/escolalesdeveses\/wp-json\/wp\/v2\/pages\/9\/revisions\/5390"}],"wp:attachment":[{"href":"https:\/\/agora.xtec.cat\/escolalesdeveses\/wp-json\/wp\/v2\/media?parent=9"}],"curies":[{"name":"wp","href":"https:\/\/api.w.org\/{rel}","templated":true}]}}

Benvinguts i benvingudes a la pàgina web de l&#8217;escola

<p></p>


<div><strong>Dates i publicacions de la preinscripció pel curs 26-27:</strong></div>
<div> </div>
<div style="width: 100%;">
<table style="border-collapse: collapse; width: 49.7516%; height: 371px;">
<tbody>
<tr>
<td style="width: 14.5%;">3 de març</td>
<td style="width: 35.4061%;"><a href="https://agora.xtec.cat/escolalesdeveses/wp-content/uploads/usu1237/2026/03/INFORME_OFERTA_OME_INFORME_OFERTA-2.pdf">Oferta inicial</a></td>
</tr>
<tr>
<td style="width: 14.5%;">4-18 de març</td>
<td style="width: 35.4061%;">PERÍODE DE PREINSCRIPCIÓ</td>
</tr>
<tr>
<td style="width: 14.5%;">15 d&#8217;abril</td>
<td style="width: 35.4061%;"><a href="https://agora.xtec.cat/escolalesdeveses/wp-content/uploads/usu1237/2026/04/INFORME_BAREM_PROVISIONAL_BAREM.pdf">Llista de sol·licituds amb la puntuació provisional</a></td>
</tr>
<tr>
<td style="width: 14.5%;">15 al 20 d&#8217;abril</td>
<td style="width: 35.4061%;">PRESENTACIÓ DE RECLAMACIONS</td>
</tr>
<tr>
<td style="width: 14.5%;">23 d&#8217;abril</td>
<td style="width: 35.4061%;"><a href="https://agora.xtec.cat/escolalesdeveses/wp-content/uploads/usu1237/2026/04/INFORME_BAREM_RESOLTES_BAREM.pdf">Llista amb la puntuació, resoltes les reclamacions</a></td>
</tr>
<tr>
<td style="width: 14.5%;">29 d&#8217;abril</td>
<td style="width: 35.4061%;"><a href="https://agora.xtec.cat/escolalesdeveses/wp-content/uploads/usu1237/2026/04/INFORME_BAREM_DEFINITIU_BAREM.pdf">Llista ordenada</a></td>
</tr>
<tr>
<td style="width: 14.5%;">10 de juny</td>
<td style="width: 35.4061%;">Oferta final</td>
</tr>
<tr>
<td style="width: 14.5%;">22-30 de juny</td>
<td style="width: 35.4061%;">MATRÍCULA D&#8217;ALUMNES</td>
</tr>
</tbody>
</table>
</div>
<div> </div>
<div style="width: 100%;">
<div> </div>
<div> </div>
<div> </div>
</div>

<p>Dates i publicacions de la preinscripció pel curs 26-27:   3 de març Oferta inicial 4-18 de març PERÍODE DE PREINSCRIPCIÓ 15 d&#8217;abril Llista de sol·licituds amb la puntuació provisional 15 al 20 d&#8217;abril PRESENTACIÓ DE RECLAMACIONS 23 d&#8217;abril Llista amb la puntuació, resoltes les reclamacions 29 d&#8217;abril Llista ordenada 10 de juny Oferta final [&hellip;]</p>
