{"id":38,"date":"2014-09-18T12:34:08","date_gmt":"2014-09-18T10:34:08","guid":{"rendered":"http:\/\/agora.xtec.cat\/escolalescometes\/?page_id=38"},"modified":"2022-07-07T09:50:37","modified_gmt":"2022-07-07T07:50:37","slug":"salut","status":"publish","type":"page","link":"https:\/\/agora.xtec.cat\/escolalescometes\/projecte-educatiu\/salut\/","title":{"rendered":"Criteris sanitaris"},"content":{"rendered":"<ul>\n<li>En cas de qualsevol malaltia, cal consultar el pediatre i respectar les seves indicacions.<\/li>\n<li>Com a criteris de no assist\u00e8ncia de l\u2019alumnat a l\u2019escola durant un per\u00edode de temps determinat a causa de malalties transmissibles, cal\u00a0seguir els publicats per la Secretaria de Salut P\u00fablica*.<\/li>\n<\/ul>\n<p style=\"padding-left: 30px;\">Malalties respirat\u00f2ries .Malalties dels ulls. Malalties amb erupcions cut\u00e0nia. Altres infeccions.\u00a0Parasitosi<\/p>\n<ul>\n<li>Per qualsevol medicament que s\u2019hagi de subministrar indispensablement en horari escolar, ser\u00e0 necess\u00e0ria la prescripci\u00f3 facultativa amb les instruccions pertinents d\u2019administraci\u00f3. Perqu\u00e8 sigui efectiu el subministrament s\u2019haur\u00e0 d\u2019haver consultat primer amb la direcci\u00f3 de l\u2019escola i haver signat una autoritzaci\u00f3 que autoritzi al centre a subministrar el medicament a l\u2019alumne en q\u00fcesti\u00f3.<\/li>\n<li>En cas d\u2019accident o de no trobar-se b\u00e9 un alumne, s\u2019avisar\u00e0 als pares o parents m\u00e9s propers. Si no s\u2019hi pot establir comunicaci\u00f3, el tutor l\u2019atendr\u00e0 en primera inst\u00e0ncia. Si hi ha gravetat aparent, ens posarem en contacte amb el 112 i es procedir\u00e0 segons les instruccions donades.<\/li>\n<\/ul>\n<p>*Us enllacem els criteris de no assist\u00e8ncia del Departament:<\/p>\n<p><a href=\"http:\/\/canalsalut.gencat.cat\/web\/.content\/home_canal_salut\/professionals\/temes_de_salut\/vigilancia_epidemiologica\/documents\/arxius\/eviccioescolar.pdf\">http:\/\/canalsalut.gencat.cat\/web\/.content\/home_canal_salut\/professionals\/temes_de_salut\/vigilancia_epidemiologica\/documents\/arxius\/eviccioescolar.pdf<\/a><\/p>\n<p>&nbsp;<\/p>\n<p style=\"font-weight: 400;\">\n<p>&nbsp;<\/p>\n<p>&nbsp;<\/p>\n<p>&nbsp;<\/p>\n<p>&nbsp;<\/p>\n","protected":false},"excerpt":{"rendered":"<ul>\n<li>En cas de qualsevol malaltia, cal consultar el pediatre i respectar les seves indicacions.<\/li>\n<li>Com a criteris de no assist\u00e8ncia de l\u2019alumnat a l\u2019escola durant un per\u00edode de temps determinat a causa de malalties transmissibles, cal\u00a0seguir els publicats per la Secretaria de Salut P\u00fablica*.<\/li>\n<\/ul>\n<p>Malalties respirat\u00f2ries .Malalties&hellip;  <a href=\"https:\/\/agora.xtec.cat\/escolalescometes\/projecte-educatiu\/salut\/\" title=\"Read Criteris sanitaris\">Llegeix m\u00e9s\u00bb<\/a><\/p>\n","protected":false},"author":1,"featured_media":0,"parent":64,"menu_order":9,"comment_status":"closed","ping_status":"closed","template":"page-templates\/side-menu.php","meta":{"_bbp_topic_count":0,"_bbp_reply_count":0,"_bbp_total_topic_count":0,"_bbp_total_reply_count":0,"_bbp_voice_count":0,"_bbp_anonymous_reply_count":0,"_bbp_topic_count_hidden":0,"_bbp_reply_count_hidden":0,"_bbp_forum_subforum_count":0,"footnotes":""},"class_list":["post-38","page","type-page","status-publish","hentry"],"post_mailing_queue_ids":[],"_links":{"self":[{"href":"https:\/\/agora.xtec.cat\/escolalescometes\/wp-json\/wp\/v2\/pages\/38","targetHints":{"allow":["GET"]}}],"collection":[{"href":"https:\/\/agora.xtec.cat\/escolalescometes\/wp-json\/wp\/v2\/pages"}],"about":[{"href":"https:\/\/agora.xtec.cat\/escolalescometes\/wp-json\/wp\/v2\/types\/page"}],"author":[{"embeddable":true,"href":"https:\/\/agora.xtec.cat\/escolalescometes\/wp-json\/wp\/v2\/users\/1"}],"replies":[{"embeddable":true,"href":"https:\/\/agora.xtec.cat\/escolalescometes\/wp-json\/wp\/v2\/comments?post=38"}],"version-history":[{"count":4,"href":"https:\/\/agora.xtec.cat\/escolalescometes\/wp-json\/wp\/v2\/pages\/38\/revisions"}],"predecessor-version":[{"id":5590,"href":"https:\/\/agora.xtec.cat\/escolalescometes\/wp-json\/wp\/v2\/pages\/38\/revisions\/5590"}],"up":[{"embeddable":true,"href":"https:\/\/agora.xtec.cat\/escolalescometes\/wp-json\/wp\/v2\/pages\/64"}],"wp:attachment":[{"href":"https:\/\/agora.xtec.cat\/escolalescometes\/wp-json\/wp\/v2\/media?parent=38"}],"curies":[{"name":"wp","href":"https:\/\/api.w.org\/{rel}","templated":true}]}}