{"id":26,"date":"2014-09-18T12:24:32","date_gmt":"2014-09-18T11:24:32","guid":{"rendered":"http:\/\/agora.xtec.cat\/escolalesarrels\/?page_id=26"},"modified":"2024-01-25T15:17:32","modified_gmt":"2024-01-25T14:17:32","slug":"historia","status":"publish","type":"page","link":"https:\/\/agora.xtec.cat\/escolalesarrels\/lescola\/historia\/","title":{"rendered":"Hist\u00f2ria"},"content":{"rendered":"<p style=\"text-align: justify;\">Som una escola catalana, activa, innovadora i de qualitat, dialogant, democr\u00e0tica i tolerant que treballem els valors com la pau i la solidaritat, compromesa amb el medi ambient i, sobretot, amb l\u2019entorn de Salt i participativa amb les fam\u00edlies!! L\u2019ecologia emocional ocupa un lloc primordial en l\u2019educaci\u00f3! Volem infants feli\u00e7os que gaudeixin aprenent i que siguin competents!<\/p>\n<p style=\"text-align: justify;\">Vam n\u00e9ixer el curs 2010-2011,\u00a0\u00a0al principi eren 35 alumnes i ara ja tenim l&#8217;escola sencera i som 387!<\/p>\n<p><img loading=\"lazy\" decoding=\"async\" class=\"aligncenter wp-image-5712 size-medium\" src=\"https:\/\/agora.xtec.cat\/escolalesarrels\/wp-content\/uploads\/usu1706\/2024\/01\/IMG_3474-300x211.jpg\" alt=\"\" width=\"300\" height=\"211\" srcset=\"https:\/\/agora.xtec.cat\/escolalesarrels\/wp-content\/uploads\/usu1706\/2024\/01\/IMG_3474-300x211.jpg 300w, https:\/\/agora.xtec.cat\/escolalesarrels\/wp-content\/uploads\/usu1706\/2024\/01\/IMG_3474-1024x719.jpg 1024w, https:\/\/agora.xtec.cat\/escolalesarrels\/wp-content\/uploads\/usu1706\/2024\/01\/IMG_3474-768x539.jpg 768w, https:\/\/agora.xtec.cat\/escolalesarrels\/wp-content\/uploads\/usu1706\/2024\/01\/IMG_3474-1536x1079.jpg 1536w, https:\/\/agora.xtec.cat\/escolalesarrels\/wp-content\/uploads\/usu1706\/2024\/01\/IMG_3474-2048x1438.jpg 2048w\" sizes=\"auto, (max-width: 300px) 100vw, 300px\" \/><\/p>\n<p>Tenim una escola acollidora i gaudim d\u2019un pati molt gran! Des del curs 2015-2016 tenim el projecte \u201cImaginem el nostre pati\u201d i des d\u2019aleshores tota la comunitat educativa continuem treballant per tenir un pati encara millor! En aquells moments el nostre alumnat va dissenyar quin pati volien per\u00f2 van ser les nostres fam\u00edlies que van fer possible la seva construcci\u00f3, juntament amb el Moviment N\u00f2mada, un grup d\u2019arquitectes que ens van ajudar a orientar i desenvolupar el nostre projecte. Al final del pati tenim l\u2019hort i el jard\u00ed que intentem cuidar. Donar les gr\u00e0cies a l\u2019avi Silverio que fins al passat curs ens va ajudar i als nostres alumnes!!!<\/p>\n<p style=\"text-align: center;\"><a href=\"https:\/\/agora.xtec.cat\/escolalesarrels\/wp-content\/uploads\/usu1706\/2019\/10\/arrels5.jpg\"><img loading=\"lazy\" decoding=\"async\" class=\"wp-image-511 size-medium alignnone\" src=\"https:\/\/agora.xtec.cat\/escolalesarrels\/wp-content\/uploads\/usu1706\/2019\/10\/arrels5-300x225.jpg\" alt=\"\" width=\"300\" height=\"225\" srcset=\"https:\/\/agora.xtec.cat\/escolalesarrels\/wp-content\/uploads\/usu1706\/2019\/10\/arrels5-300x225.jpg 300w, https:\/\/agora.xtec.cat\/escolalesarrels\/wp-content\/uploads\/usu1706\/2019\/10\/arrels5-768x576.jpg 768w, https:\/\/agora.xtec.cat\/escolalesarrels\/wp-content\/uploads\/usu1706\/2019\/10\/arrels5-1024x768.jpg 1024w, https:\/\/agora.xtec.cat\/escolalesarrels\/wp-content\/uploads\/usu1706\/2019\/10\/arrels5-200x150.jpg 200w, https:\/\/agora.xtec.cat\/escolalesarrels\/wp-content\/uploads\/usu1706\/2019\/10\/arrels5.jpg 1600w\" sizes=\"auto, (max-width: 300px) 100vw, 300px\" \/><\/a> \u00a0 <a href=\"https:\/\/agora.xtec.cat\/escolalesarrels\/wp-content\/uploads\/usu1706\/2019\/10\/arrels4.jpg\"><img loading=\"lazy\" decoding=\"async\" class=\"wp-image-512 size-medium alignnone\" src=\"https:\/\/agora.xtec.cat\/escolalesarrels\/wp-content\/uploads\/usu1706\/2019\/10\/arrels4-300x225.jpg\" alt=\"\" width=\"300\" height=\"225\" srcset=\"https:\/\/agora.xtec.cat\/escolalesarrels\/wp-content\/uploads\/usu1706\/2019\/10\/arrels4-300x225.jpg 300w, https:\/\/agora.xtec.cat\/escolalesarrels\/wp-content\/uploads\/usu1706\/2019\/10\/arrels4-768x576.jpg 768w, https:\/\/agora.xtec.cat\/escolalesarrels\/wp-content\/uploads\/usu1706\/2019\/10\/arrels4-1024x768.jpg 1024w, https:\/\/agora.xtec.cat\/escolalesarrels\/wp-content\/uploads\/usu1706\/2019\/10\/arrels4-200x150.jpg 200w, https:\/\/agora.xtec.cat\/escolalesarrels\/wp-content\/uploads\/usu1706\/2019\/10\/arrels4.jpg 1600w\" sizes=\"auto, (max-width: 300px) 100vw, 300px\" \/>\u00a0\u00a0<\/a><\/p>\n<p style=\"text-align: justify;\">Tamb\u00e9 disposem d\u2019una aula de m\u00fasica que poc a poc anem dotant amb una gran varietat d\u2019instruments perqu\u00e8 enguany volem formar la nostra orquestra.\u00a0\u00a0Aquest any tamb\u00e9 hem creat l\u2019aula d\u2019art ja que l\u2019educaci\u00f3 art\u00edstica hi t\u00e9 un lloc molt important al nostre centre. Totes les aules estan equipades de pissarres digitals o projectors.<\/p>\n<p style=\"text-align: center;\"><a href=\"https:\/\/agora.xtec.cat\/escolalesarrels\/wp-content\/uploads\/usu1706\/2019\/10\/arrels6.jpg\"><img loading=\"lazy\" decoding=\"async\" class=\"wp-image-510 size-medium alignnone\" src=\"https:\/\/agora.xtec.cat\/escolalesarrels\/wp-content\/uploads\/usu1706\/2019\/10\/arrels6-300x225.jpg\" alt=\"\" width=\"300\" height=\"225\" srcset=\"https:\/\/agora.xtec.cat\/escolalesarrels\/wp-content\/uploads\/usu1706\/2019\/10\/arrels6-300x225.jpg 300w, https:\/\/agora.xtec.cat\/escolalesarrels\/wp-content\/uploads\/usu1706\/2019\/10\/arrels6-768x576.jpg 768w, https:\/\/agora.xtec.cat\/escolalesarrels\/wp-content\/uploads\/usu1706\/2019\/10\/arrels6-1024x768.jpg 1024w, https:\/\/agora.xtec.cat\/escolalesarrels\/wp-content\/uploads\/usu1706\/2019\/10\/arrels6-200x150.jpg 200w, https:\/\/agora.xtec.cat\/escolalesarrels\/wp-content\/uploads\/usu1706\/2019\/10\/arrels6.jpg 1600w\" sizes=\"auto, (max-width: 300px) 100vw, 300px\" \/>\u00a0\u00a0 <\/a><a href=\"https:\/\/agora.xtec.cat\/escolalesarrels\/wp-content\/uploads\/usu1706\/2019\/10\/arrels7.jpg\"><img loading=\"lazy\" decoding=\"async\" class=\"wp-image-509 size-medium alignnone\" src=\"https:\/\/agora.xtec.cat\/escolalesarrels\/wp-content\/uploads\/usu1706\/2019\/10\/arrels7-300x225.jpg\" alt=\"\" width=\"300\" height=\"225\" srcset=\"https:\/\/agora.xtec.cat\/escolalesarrels\/wp-content\/uploads\/usu1706\/2019\/10\/arrels7-300x225.jpg 300w, https:\/\/agora.xtec.cat\/escolalesarrels\/wp-content\/uploads\/usu1706\/2019\/10\/arrels7-768x576.jpg 768w, https:\/\/agora.xtec.cat\/escolalesarrels\/wp-content\/uploads\/usu1706\/2019\/10\/arrels7-1024x768.jpg 1024w, https:\/\/agora.xtec.cat\/escolalesarrels\/wp-content\/uploads\/usu1706\/2019\/10\/arrels7-200x150.jpg 200w, https:\/\/agora.xtec.cat\/escolalesarrels\/wp-content\/uploads\/usu1706\/2019\/10\/arrels7.jpg 1600w\" sizes=\"auto, (max-width: 300px) 100vw, 300px\" \/><\/a><\/p>\n<p style=\"text-align: justify;\">I tamb\u00e9 volem que els i les nostres alumnes siguin competents a nivell de llengua anglesa i aix\u00f2 \u00e9s possible perqu\u00e8 tenim una aula d\u2019angl\u00e8s on hi practiquem aquesta llengua. La sala de psicomotricitat-educaci\u00f3 f\u00edsica ens permet fer la psicomotricitat ja que aquesta ocupa un lloc fonamental en el desenvolupament harm\u00f2nic de la personalitat, i\u00a0 finalment el nostre menjador! \u00c9s gran i agradable per acollir els 200 nens i nenes que es queden a dinar.<\/p>\n<p><a href=\"https:\/\/agora.xtec.cat\/escolalesarrels\/wp-content\/uploads\/usu1706\/2019\/10\/arrels8.jpg\"><img loading=\"lazy\" decoding=\"async\" class=\"wp-image-508 size-medium aligncenter\" src=\"https:\/\/agora.xtec.cat\/escolalesarrels\/wp-content\/uploads\/usu1706\/2019\/10\/arrels8-300x300.jpg\" alt=\"\" width=\"300\" height=\"300\" srcset=\"https:\/\/agora.xtec.cat\/escolalesarrels\/wp-content\/uploads\/usu1706\/2019\/10\/arrels8-300x300.jpg 300w, https:\/\/agora.xtec.cat\/escolalesarrels\/wp-content\/uploads\/usu1706\/2019\/10\/arrels8-150x150.jpg 150w, https:\/\/agora.xtec.cat\/escolalesarrels\/wp-content\/uploads\/usu1706\/2019\/10\/arrels8-768x768.jpg 768w, https:\/\/agora.xtec.cat\/escolalesarrels\/wp-content\/uploads\/usu1706\/2019\/10\/arrels8-1024x1024.jpg 1024w, https:\/\/agora.xtec.cat\/escolalesarrels\/wp-content\/uploads\/usu1706\/2019\/10\/arrels8.jpg 1600w\" sizes=\"auto, (max-width: 300px) 100vw, 300px\" \/><\/a><\/p>\n<p style=\"text-align: justify;\">I &#8230; sabeu qu\u00e8? El curs 2017-2018 vam aconseguir que ens posessin aire condicionats a les aules perqu\u00e8 no hi passem calor! Moltes gr\u00e0cies! N\u2019estem molt contents!<\/p>\n<p style=\"text-align: justify;\">\n","protected":false},"excerpt":{"rendered":"<p>Som una escola catalana, activa, innovadora i de qualitat, dialogant, democr\u00e0tica i tolerant que treballem els valors com la pau i la solidaritat, compromesa amb el medi ambient i, sobretot, amb l\u2019entorn de Salt i participativa amb les fam\u00edlies!! L\u2019ecologia emocional ocupa un lloc primordial en l\u2019educaci\u00f3! Volem infants feli\u00e7os que gaudeixin aprenent i que [&hellip;]<\/p>\n","protected":false},"author":1,"featured_media":0,"parent":22,"menu_order":20,"comment_status":"closed","ping_status":"closed","template":"page-templates\/side-menu.php","meta":{"_bbp_topic_count":0,"_bbp_reply_count":0,"_bbp_total_topic_count":0,"_bbp_total_reply_count":0,"_bbp_voice_count":0,"_bbp_anonymous_reply_count":0,"_bbp_topic_count_hidden":0,"_bbp_reply_count_hidden":0,"_bbp_forum_subforum_count":0,"site-sidebar-layout":"default","site-content-layout":"","ast-site-content-layout":"","site-content-style":"default","site-sidebar-style":"default","ast-global-header-display":"","ast-banner-title-visibility":"","ast-main-header-display":"","ast-hfb-above-header-display":"","ast-hfb-below-header-display":"","ast-hfb-mobile-header-display":"","site-post-title":"","ast-breadcrumbs-content":"","ast-featured-img":"","footer-sml-layout":"","theme-transparent-header-meta":"","adv-header-id-meta":"","stick-header-meta":"","header-above-stick-meta":"","header-main-stick-meta":"","header-below-stick-meta":"","astra-migrate-meta-layouts":"default","ast-page-background-enabled":"default","ast-page-background-meta":{"desktop":{"background-color":"var(--ast-global-color-4)","background-image":"","background-repeat":"repeat","background-position":"center center","background-size":"auto","background-attachment":"scroll","background-type":"","background-media":"","overlay-type":"","overlay-color":"","overlay-opacity":"","overlay-gradient":""},"tablet":{"background-color":"","background-image":"","background-repeat":"repeat","background-position":"center center","background-size":"auto","background-attachment":"scroll","background-type":"","background-media":"","overlay-type":"","overlay-color":"","overlay-opacity":"","overlay-gradient":""},"mobile":{"background-color":"","background-image":"","background-repeat":"repeat","background-position":"center center","background-size":"auto","background-attachment":"scroll","background-type":"","background-media":"","overlay-type":"","overlay-color":"","overlay-opacity":"","overlay-gradient":""}},"ast-content-background-meta":{"desktop":{"background-color":"var(--ast-global-color-5)","background-image":"","background-repeat":"repeat","background-position":"center center","background-size":"auto","background-attachment":"scroll","background-type":"","background-media":"","overlay-type":"","overlay-color":"","overlay-opacity":"","overlay-gradient":""},"tablet":{"background-color":"var(--ast-global-color-5)","background-image":"","background-repeat":"repeat","background-position":"center center","background-size":"auto","background-attachment":"scroll","background-type":"","background-media":"","overlay-type":"","overlay-color":"","overlay-opacity":"","overlay-gradient":""},"mobile":{"background-color":"var(--ast-global-color-5)","background-image":"","background-repeat":"repeat","background-position":"center center","background-size":"auto","background-attachment":"scroll","background-type":"","background-media":"","overlay-type":"","overlay-color":"","overlay-opacity":"","overlay-gradient":""}},"footnotes":""},"class_list":["post-26","page","type-page","status-publish","hentry"],"post_mailing_queue_ids":[],"_links":{"self":[{"href":"https:\/\/agora.xtec.cat\/escolalesarrels\/wp-json\/wp\/v2\/pages\/26","targetHints":{"allow":["GET"]}}],"collection":[{"href":"https:\/\/agora.xtec.cat\/escolalesarrels\/wp-json\/wp\/v2\/pages"}],"about":[{"href":"https:\/\/agora.xtec.cat\/escolalesarrels\/wp-json\/wp\/v2\/types\/page"}],"author":[{"embeddable":true,"href":"https:\/\/agora.xtec.cat\/escolalesarrels\/wp-json\/wp\/v2\/users\/1"}],"replies":[{"embeddable":true,"href":"https:\/\/agora.xtec.cat\/escolalesarrels\/wp-json\/wp\/v2\/comments?post=26"}],"version-history":[{"count":7,"href":"https:\/\/agora.xtec.cat\/escolalesarrels\/wp-json\/wp\/v2\/pages\/26\/revisions"}],"predecessor-version":[{"id":5713,"href":"https:\/\/agora.xtec.cat\/escolalesarrels\/wp-json\/wp\/v2\/pages\/26\/revisions\/5713"}],"up":[{"embeddable":true,"href":"https:\/\/agora.xtec.cat\/escolalesarrels\/wp-json\/wp\/v2\/pages\/22"}],"wp:attachment":[{"href":"https:\/\/agora.xtec.cat\/escolalesarrels\/wp-json\/wp\/v2\/media?parent=26"}],"curies":[{"name":"wp","href":"https:\/\/api.w.org\/{rel}","templated":true}]}}