{"id":26,"date":"2014-09-18T12:24:32","date_gmt":"2014-09-18T11:24:32","guid":{"rendered":"http:\/\/agora.xtec.cat\/escolaleandrecristofol\/?page_id=26"},"modified":"2019-11-13T16:33:25","modified_gmt":"2019-11-13T15:33:25","slug":"historia","status":"publish","type":"page","link":"https:\/\/agora.xtec.cat\/escolaleandrecristofol\/lescola\/historia\/","title":{"rendered":"Hist\u00f2ria"},"content":{"rendered":"<p>L\u2019 escola es va construir \u00a0a la d\u00e8cada dels anys 60 per\u00f2 el 1989 va rebre el nom Leandre Crist\u00f2fol.<\/p>\n<p>&nbsp;<\/p>\n<p>L\u2019escola rep el nom del fam\u00f3s escultor catal\u00e0 nascut a Os de Balaguer el 1908. Fou considerat un dels pioners de l\u2019escultura surrealista a Catalunya. Fou un escultor autodidacta que va rebre premis com la creu de Sant Jordi (1983), \u00a0la medalla d\u2019or al M\u00e8rit en les Belles Arts (1989), el premi nacional d\u2019arts pl\u00e0stiques (1990) o la medalla Morera (1995).<\/p>\n<p>&nbsp;<\/p>\n<p><a href=\"https:\/\/agora.xtec.cat\/escolaleandrecristofol\/wp-content\/uploads\/usu1424\/2019\/11\/baixa.jpg\"><img loading=\"lazy\" decoding=\"async\" class=\"size-full wp-image-544 aligncenter\" src=\"https:\/\/agora.xtec.cat\/escolaleandrecristofol\/wp-content\/uploads\/usu1424\/2019\/11\/baixa.jpg\" alt=\"\" width=\"259\" height=\"194\" srcset=\"https:\/\/agora.xtec.cat\/escolaleandrecristofol\/wp-content\/uploads\/usu1424\/2019\/11\/baixa.jpg 259w, https:\/\/agora.xtec.cat\/escolaleandrecristofol\/wp-content\/uploads\/usu1424\/2019\/11\/baixa-200x150.jpg 200w\" sizes=\"auto, (max-width: 259px) 100vw, 259px\" \/><\/a><\/p>\n","protected":false},"excerpt":{"rendered":"<p>L\u2019 escola es va construir \u00a0a la d\u00e8cada dels anys 60 per\u00f2 el 1989 va rebre el nom Leandre Crist\u00f2fol.<br \/>\n&nbsp;<br \/>\nL\u2019escola rep el nom del fam\u00f3s escultor catal\u00e0 nascut a Os de Balaguer el 1908. Fou considerat un dels pioners de l\u2019escultura surrealista a Catalunya. Fou&hellip;  <a href=\"https:\/\/agora.xtec.cat\/escolaleandrecristofol\/lescola\/historia\/\" title=\"Read Hist\u00f2ria\">Llegeix m\u00e9s\u00bb<\/a><\/p>\n","protected":false},"author":1,"featured_media":0,"parent":22,"menu_order":20,"comment_status":"closed","ping_status":"closed","template":"page-templates\/side-menu.php","meta":{"_bbp_topic_count":0,"_bbp_reply_count":0,"_bbp_total_topic_count":0,"_bbp_total_reply_count":0,"_bbp_voice_count":0,"_bbp_anonymous_reply_count":0,"_bbp_topic_count_hidden":0,"_bbp_reply_count_hidden":0,"_bbp_forum_subforum_count":0,"footnotes":""},"class_list":["post-26","page","type-page","status-publish","hentry"],"post_mailing_queue_ids":[],"_links":{"self":[{"href":"https:\/\/agora.xtec.cat\/escolaleandrecristofol\/wp-json\/wp\/v2\/pages\/26","targetHints":{"allow":["GET"]}}],"collection":[{"href":"https:\/\/agora.xtec.cat\/escolaleandrecristofol\/wp-json\/wp\/v2\/pages"}],"about":[{"href":"https:\/\/agora.xtec.cat\/escolaleandrecristofol\/wp-json\/wp\/v2\/types\/page"}],"author":[{"embeddable":true,"href":"https:\/\/agora.xtec.cat\/escolaleandrecristofol\/wp-json\/wp\/v2\/users\/1"}],"replies":[{"embeddable":true,"href":"https:\/\/agora.xtec.cat\/escolaleandrecristofol\/wp-json\/wp\/v2\/comments?post=26"}],"version-history":[{"count":3,"href":"https:\/\/agora.xtec.cat\/escolaleandrecristofol\/wp-json\/wp\/v2\/pages\/26\/revisions"}],"predecessor-version":[{"id":546,"href":"https:\/\/agora.xtec.cat\/escolaleandrecristofol\/wp-json\/wp\/v2\/pages\/26\/revisions\/546"}],"up":[{"embeddable":true,"href":"https:\/\/agora.xtec.cat\/escolaleandrecristofol\/wp-json\/wp\/v2\/pages\/22"}],"wp:attachment":[{"href":"https:\/\/agora.xtec.cat\/escolaleandrecristofol\/wp-json\/wp\/v2\/media?parent=26"}],"curies":[{"name":"wp","href":"https:\/\/api.w.org\/{rel}","templated":true}]}}