{"id":87,"date":"2014-09-18T14:28:12","date_gmt":"2014-09-18T14:28:12","guid":{"rendered":"http:\/\/agora.xtec.cat\/escolalavilapalamos\/\/?page_id=87"},"modified":"2018-09-26T10:44:36","modified_gmt":"2018-09-26T08:44:36","slug":"nivells","status":"publish","type":"page","link":"https:\/\/agora.xtec.cat\/escolalavilapalamos\/nivells\/","title":{"rendered":"Nivells"},"content":{"rendered":"<p>L&#8217; Escola La Vila t\u00e9 dues etapes educatives:<strong> Educaci\u00f3 infantil i Educaci\u00f3 Prim\u00e0ria<\/strong><\/p>\n<h4><a href=\"http:\/\/agora.xtec.cat\/escolalavilapalamos\/categoria\/infantil\/\">Educacio infantil<\/a><\/h4>\n<p><strong>Educaci\u00f3 infantil forma la Comunitat de petits.<br \/>\n<\/strong><\/p>\n<p>La comunitat de petits la formen els cursos de P3, P4 i P5.<\/p>\n<div class=\"FW_sArticleFoto\">\n<div class=\"FW_sEditPro\">\n<p>L&#8217;objectiu de l&#8217;<strong>educaci\u00f3 infantil<\/strong> \u00e9s que els vostres fills puguin obtenir unes capacitats que els permetin desenvolupar i adquirir en les etapes obligat\u00f2ries posteriors els coneixements i els continguts que es treballin.<\/p>\n<p>En aquesta etapa, cada \u00e0rea t\u00e9 uns objectius i continguts propis. Aquests objectius i continguts han de tenir en compte el desenvolupament de les capacitats dels vostres fills.<\/p>\n<p>Les capacitats s\u00f3n aquelles aptituds i caracter\u00edstiques que han de permetre als vostres fills desenvolupar-se com a persones i aconseguir els aprenentatges.<\/p>\n<p>Les capacitats que es desenvoluparan durant l&#8217;etapa s\u00f3n:<\/p>\n<ol>\n<li>Aprendre a ser i actuar de forma cada vegada m\u00e9s aut\u00f2noma<\/li>\n<li>Aprendre a pensar i a comunicar<\/li>\n<li>Aprendre a descobrir i tenir iniciativa<\/li>\n<li>Aprendre a conviure i habitar el m\u00f3n<\/li>\n<\/ol>\n<p>Els continguts i les activitats que els vostres fills han de dur a terme per assolir els objectius corresponents d&#8217;aquest cicle (3-6 anys) s&#8217;agrupen en tres \u00e0rees:<\/p>\n<ul>\n<li>Descoberta d&#8217;un mateix i dels altres, \u00e9s a dir, autoconeixement i gesti\u00f3 de les emocions, del joc i el moviment i les relacions i autonomia personal.<\/li>\n<li>Descoberta de l&#8217;entorn, exploraci\u00f3 i experimentaci\u00f3.<\/li>\n<li>Comunicaci\u00f3 i llenguatge, \u00e9s a dir, observar, escoltar, parlar i comunicar-se.<\/li>\n<\/ul>\n<h5><a href=\"http:\/\/eduinfruizgi.wikispaces.com\/\">Bloc anterior d\u2019educaci\u00f3 infantil<\/a><\/h5>\n<h4><\/h4>\n<h4><a href=\"http:\/\/agora.xtec.cat\/escolalavilapalamos\/categoria\/primaria\/\">Educacio Prim\u00e0ria<\/a><\/h4>\n<p><strong>La Comunitat de mitjans <\/strong>la formen els cursos de 1r, 2n i 3r<strong><br \/>\n<\/strong><\/p>\n<p><strong>La Comunitat de grans <\/strong>la formen els cursos de 4t, 5\u00e8 i 6\u00e8<strong><br \/>\n<\/strong><\/p>\n<div class=\"FW_sArticleFoto\">\n<div class=\"FW_sEditPro\">\n<p>L&#8217;etapa d&#8217;<strong> educaci\u00f3 prim\u00e0ria<\/strong> compr\u00e8n els ensenyaments que tots els alumnes han de cursar obligat\u00f2riament\u00a0abans de\u00a0l&#8217;educaci\u00f3 secund\u00e0ria obligat\u00f2ria.<\/p>\n<p>Aquesta etapa consta de sis cursos acad\u00e8mics: comencen normalment l&#8217;any en qu\u00e8 compleixen 6 anys i acaben als 12.<\/p>\n<div class=\"FW_sArticleFoto\">\n<div class=\"FW_sEditPro\">\n<p><strong>Les compet\u00e8ncies b\u00e0siques.<\/strong> Una compet\u00e8ncia b\u00e0sica \u00e9s la capacitat\u00a0per resoldre problemes reals aplicant, de manera conjunta, coneixements, habilitats pr\u00e0ctiques i actituds.<\/p>\n<p>En acabar l\u2019escolaritzaci\u00f3 obligat\u00f2ria els vostres fills han d\u2019haver assolit les compet\u00e8ncies b\u00e0siques que els permetin continuar formant-se alhora que incorporar-se a la societat com a ciutadans actius.<\/p>\n<p>Les compet\u00e8ncies b\u00e0siques tenen un car\u00e0cter transversal, que vol dir que es treballen a partir de diferents continguts curriculars d\u2019una o diverses \u00e0rees de coneixement. S\u00f3n les seg\u00fcents:<\/p>\n<ul>\n<li>Compet\u00e8ncia comunicativa ling\u00fc\u00edstica i audiovisual<\/li>\n<li>Compet\u00e8ncia matem\u00e0tica<\/li>\n<li>Compet\u00e8ncia en el coneixement i la interacci\u00f3 amb el m\u00f3n f\u00edsic<\/li>\n<li>Compet\u00e8ncia art\u00edstica i cultural<\/li>\n<li>Compet\u00e8ncia digital<\/li>\n<li>Compet\u00e8ncia social i ciutadana<\/li>\n<li>Compet\u00e8ncia d&#8217;aprendre a aprendre<\/li>\n<li>Compet\u00e8ncia d&#8217;autonomia, iniciativa personal i emprenedoria<\/li>\n<\/ul>\n<p><a href=\"http:\/\/blocs.xtec.cat\/cicleinicialruizgimenez\/\">Bloc anterior de cicle inicial<\/a><\/p>\n<p><a href=\"http:\/\/blocs.xtec.cat\/17002569lavilacm\/\">Bloc anterior de cicle mitj\u00e0<\/a><\/p>\n<p><a href=\"http:\/\/lavilapalamoscs.blogspot.com.es\/\">Bloc anterior de cicle superior<\/a><\/p>\n<\/div>\n<\/div>\n<\/div>\n<\/div>\n<\/div>\n<\/div>\n","protected":false},"excerpt":{"rendered":"<p>L&#8217; Escola La Vila t\u00e9 dues etapes educatives: Educaci\u00f3 infantil i Educaci\u00f3 Prim\u00e0ria<br \/>\n<a href=\"http:\/\/agora.xtec.cat\/escolalavilapalamos\/categoria\/infantil\/\">Educacio infantil<\/a><br \/>\nEducaci\u00f3 infantil forma la Comunitat de petits.<\/p>\n<p>La comunitat de petits la formen els cursos de P3, P4 i P5.<\/p>\n<p>L&#8217;objectiu de l&#8217;educaci\u00f3 infantil \u00e9s que els vostres fills puguin obtenir unes capacitats&hellip;  <a href=\"https:\/\/agora.xtec.cat\/escolalavilapalamos\/nivells\/\" title=\"Read Nivells\">Llegeix m\u00e9s\u00bb<\/a><\/p>\n","protected":false},"author":2,"featured_media":0,"parent":0,"menu_order":0,"comment_status":"closed","ping_status":"closed","template":"page-templates\/side-menu.php","meta":{"_bbp_topic_count":0,"_bbp_reply_count":0,"_bbp_total_topic_count":0,"_bbp_total_reply_count":0,"_bbp_voice_count":0,"_bbp_anonymous_reply_count":0,"_bbp_topic_count_hidden":0,"_bbp_reply_count_hidden":0,"_bbp_forum_subforum_count":0,"footnotes":""},"class_list":["post-87","page","type-page","status-publish","hentry"],"post_mailing_queue_ids":[],"_links":{"self":[{"href":"https:\/\/agora.xtec.cat\/escolalavilapalamos\/wp-json\/wp\/v2\/pages\/87","targetHints":{"allow":["GET"]}}],"collection":[{"href":"https:\/\/agora.xtec.cat\/escolalavilapalamos\/wp-json\/wp\/v2\/pages"}],"about":[{"href":"https:\/\/agora.xtec.cat\/escolalavilapalamos\/wp-json\/wp\/v2\/types\/page"}],"author":[{"embeddable":true,"href":"https:\/\/agora.xtec.cat\/escolalavilapalamos\/wp-json\/wp\/v2\/users\/2"}],"replies":[{"embeddable":true,"href":"https:\/\/agora.xtec.cat\/escolalavilapalamos\/wp-json\/wp\/v2\/comments?post=87"}],"version-history":[{"count":3,"href":"https:\/\/agora.xtec.cat\/escolalavilapalamos\/wp-json\/wp\/v2\/pages\/87\/revisions"}],"predecessor-version":[{"id":3380,"href":"https:\/\/agora.xtec.cat\/escolalavilapalamos\/wp-json\/wp\/v2\/pages\/87\/revisions\/3380"}],"wp:attachment":[{"href":"https:\/\/agora.xtec.cat\/escolalavilapalamos\/wp-json\/wp\/v2\/media?parent=87"}],"curies":[{"name":"wp","href":"https:\/\/api.w.org\/{rel}","templated":true}]}}

<p>L&#8217; Escola La Vila té dues etapes educatives:<strong> Educació infantil i Educació Primària</strong></p>
<h4><a href="http://agora.xtec.cat/escolalavilapalamos/categoria/infantil/">Educacio infantil</a></h4>
<p><strong>Educació infantil forma la Comunitat de petits.<br />
</strong></p>
<p>La comunitat de petits la formen els cursos de P3, P4 i P5.</p>
<div class="FW_sArticleFoto">
<div class="FW_sEditPro">
<p>L&#8217;objectiu de l&#8217;<strong>educació infantil</strong> és que els vostres fills puguin obtenir unes capacitats que els permetin desenvolupar i adquirir en les etapes obligatòries posteriors els coneixements i els continguts que es treballin.</p>
<p>En aquesta etapa, cada àrea té uns objectius i continguts propis. Aquests objectius i continguts han de tenir en compte el desenvolupament de les capacitats dels vostres fills.</p>
<p>Les capacitats són aquelles aptituds i característiques que han de permetre als vostres fills desenvolupar-se com a persones i aconseguir els aprenentatges.</p>
<p>Les capacitats que es desenvoluparan durant l&#8217;etapa són:</p>
<ol>
<li>Aprendre a ser i actuar de forma cada vegada més autònoma</li>
<li>Aprendre a pensar i a comunicar</li>
<li>Aprendre a descobrir i tenir iniciativa</li>
<li>Aprendre a conviure i habitar el món</li>
</ol>
<p>Els continguts i les activitats que els vostres fills han de dur a terme per assolir els objectius corresponents d&#8217;aquest cicle (3-6 anys) s&#8217;agrupen en tres àrees:</p>
<ul>
<li>Descoberta d&#8217;un mateix i dels altres, és a dir, autoconeixement i gestió de les emocions, del joc i el moviment i les relacions i autonomia personal.</li>
<li>Descoberta de l&#8217;entorn, exploració i experimentació.</li>
<li>Comunicació i llenguatge, és a dir, observar, escoltar, parlar i comunicar-se.</li>
</ul>
<h5><a href="http://eduinfruizgi.wikispaces.com/">Bloc anterior d’educació infantil</a></h5>
<h4></h4>
<h4><a href="http://agora.xtec.cat/escolalavilapalamos/categoria/primaria/">Educacio Primària</a></h4>
<p><strong>La Comunitat de mitjans </strong>la formen els cursos de 1r, 2n i 3r<strong><br />
</strong></p>
<p><strong>La Comunitat de grans </strong>la formen els cursos de 4t, 5è i 6è<strong><br />
</strong></p>
<div class="FW_sArticleFoto">
<div class="FW_sEditPro">
<p>L&#8217;etapa d&#8217;<strong> educació primària</strong> comprèn els ensenyaments que tots els alumnes han de cursar obligatòriament abans de l&#8217;educació secundària obligatòria.</p>
<p>Aquesta etapa consta de sis cursos acadèmics: comencen normalment l&#8217;any en què compleixen 6 anys i acaben als 12.</p>
<div class="FW_sArticleFoto">
<div class="FW_sEditPro">
<p><strong>Les competències bàsiques.</strong> Una competència bàsica és la capacitat per resoldre problemes reals aplicant, de manera conjunta, coneixements, habilitats pràctiques i actituds.</p>
<p>En acabar l’escolarització obligatòria els vostres fills han d’haver assolit les competències bàsiques que els permetin continuar formant-se alhora que incorporar-se a la societat com a ciutadans actius.</p>
<p>Les competències bàsiques tenen un caràcter transversal, que vol dir que es treballen a partir de diferents continguts curriculars d’una o diverses àrees de coneixement. Són les següents:</p>
<ul>
<li>Competència comunicativa lingüística i audiovisual</li>
<li>Competència matemàtica</li>
<li>Competència en el coneixement i la interacció amb el món físic</li>
<li>Competència artística i cultural</li>
<li>Competència digital</li>
<li>Competència social i ciutadana</li>
<li>Competència d&#8217;aprendre a aprendre</li>
<li>Competència d&#8217;autonomia, iniciativa personal i emprenedoria</li>
</ul>
<p><a href="http://blocs.xtec.cat/cicleinicialruizgimenez/">Bloc anterior de cicle inicial</a></p>
<p><a href="http://blocs.xtec.cat/17002569lavilacm/">Bloc anterior de cicle mitjà</a></p>
<p><a href="http://lavilapalamoscs.blogspot.com.es/">Bloc anterior de cicle superior</a></p>
</div>
</div>
</div>
</div>
</div>
</div>

<p>L&#8217; Escola La Vila té dues etapes educatives: Educació infantil i Educació Primària<br />
<a href="http://agora.xtec.cat/escolalavilapalamos/categoria/infantil/">Educacio infantil</a><br />
Educació infantil forma la Comunitat de petits.</p>
<p>La comunitat de petits la formen els cursos de P3, P4 i P5.</p>
<p>L&#8217;objectiu de l&#8217;educació infantil és que els vostres fills puguin obtenir unes capacitats&hellip;  <a href="https://agora.xtec.cat/escolalavilapalamos/nivells/" title="Read Nivells">Llegeix més»</a></p>
