{"id":8445,"date":"2020-11-26T15:35:32","date_gmt":"2020-11-26T14:35:32","guid":{"rendered":"http:\/\/agora.xtec.cat\/escolalavilapalamos\/?page_id=8445"},"modified":"2020-11-26T15:38:40","modified_gmt":"2020-11-26T14:38:40","slug":"setmana-de-la-ciencia","status":"publish","type":"page","link":"https:\/\/agora.xtec.cat\/escolalavilapalamos\/cicle-superior\/setmana-de-la-ciencia\/","title":{"rendered":"Setmana de la ci\u00e8ncia"},"content":{"rendered":"<p><img loading=\"lazy\" decoding=\"async\" class=\"alignright\" src=\"https:\/\/i.pinimg.com\/originals\/13\/ed\/b3\/13edb3ccfceecfb23a77f74418232244.gif\" width=\"265\" height=\"199\" \/>Aquest any per la <strong>Setmana de la Ci\u00e8ncia<\/strong> els nois i noies de 5\u00e8 han fet articles de caire cient\u00edfic. Les tem\u00e0tiques han estat diverses: l&#8217;espai, les noves tecnologies, l&#8217;arqueologia, la biologia, etc. Aqu\u00ed teniu el resultat d&#8217;uns dies de treball en equip.<\/p>\n<p>&nbsp;<\/p>\n<p>&nbsp;<\/p>\n","protected":false},"excerpt":{"rendered":"<p>Aquest any per la Setmana de la Ci\u00e8ncia els nois i noies de 5\u00e8 han fet articles de caire cient\u00edfic. Les tem\u00e0tiques han estat diverses: l&#8217;espai, les noves tecnologies, l&#8217;arqueologia, la biologia, etc. Aqu\u00ed teniu el resultat d&#8217;uns dies de treball en equip.<br \/>\n&nbsp;<br \/>\n&nbsp;<\/p>\n","protected":false},"author":1,"featured_media":0,"parent":569,"menu_order":0,"comment_status":"closed","ping_status":"closed","template":"","meta":{"_bbp_topic_count":0,"_bbp_reply_count":0,"_bbp_total_topic_count":0,"_bbp_total_reply_count":0,"_bbp_voice_count":0,"_bbp_anonymous_reply_count":0,"_bbp_topic_count_hidden":0,"_bbp_reply_count_hidden":0,"_bbp_forum_subforum_count":0,"footnotes":""},"class_list":["post-8445","page","type-page","status-publish","hentry"],"post_mailing_queue_ids":[],"_links":{"self":[{"href":"https:\/\/agora.xtec.cat\/escolalavilapalamos\/wp-json\/wp\/v2\/pages\/8445","targetHints":{"allow":["GET"]}}],"collection":[{"href":"https:\/\/agora.xtec.cat\/escolalavilapalamos\/wp-json\/wp\/v2\/pages"}],"about":[{"href":"https:\/\/agora.xtec.cat\/escolalavilapalamos\/wp-json\/wp\/v2\/types\/page"}],"author":[{"embeddable":true,"href":"https:\/\/agora.xtec.cat\/escolalavilapalamos\/wp-json\/wp\/v2\/users\/1"}],"replies":[{"embeddable":true,"href":"https:\/\/agora.xtec.cat\/escolalavilapalamos\/wp-json\/wp\/v2\/comments?post=8445"}],"version-history":[{"count":2,"href":"https:\/\/agora.xtec.cat\/escolalavilapalamos\/wp-json\/wp\/v2\/pages\/8445\/revisions"}],"predecessor-version":[{"id":8449,"href":"https:\/\/agora.xtec.cat\/escolalavilapalamos\/wp-json\/wp\/v2\/pages\/8445\/revisions\/8449"}],"up":[{"embeddable":true,"href":"https:\/\/agora.xtec.cat\/escolalavilapalamos\/wp-json\/wp\/v2\/pages\/569"}],"wp:attachment":[{"href":"https:\/\/agora.xtec.cat\/escolalavilapalamos\/wp-json\/wp\/v2\/media?parent=8445"}],"curies":[{"name":"wp","href":"https:\/\/api.w.org\/{rel}","templated":true}]}}

Setmana de la ciència

<p><img loading="lazy" decoding="async" class="alignright" src="https://i.pinimg.com/originals/13/ed/b3/13edb3ccfceecfb23a77f74418232244.gif" width="265" height="199" />Aquest any per la <strong>Setmana de la Ciència</strong> els nois i noies de 5è han fet articles de caire científic. Les temàtiques han estat diverses: l&#8217;espai, les noves tecnologies, l&#8217;arqueologia, la biologia, etc. Aquí teniu el resultat d&#8217;uns dies de treball en equip.</p>
<p>&nbsp;</p>
<p>&nbsp;</p>

<p>Aquest any per la Setmana de la Ciència els nois i noies de 5è han fet articles de caire científic. Les temàtiques han estat diverses: l&#8217;espai, les noves tecnologies, l&#8217;arqueologia, la biologia, etc. Aquí teniu el resultat d&#8217;uns dies de treball en equip.<br />
&nbsp;<br />
&nbsp;</p>
