{"id":64,"date":"2014-09-18T12:39:08","date_gmt":"2014-09-18T12:39:08","guid":{"rendered":"http:\/\/agora.xtec.cat\/escolalavilapalamos\/\/?page_id=64"},"modified":"2019-01-14T17:02:01","modified_gmt":"2019-01-14T16:02:01","slug":"projecte-educatiu","status":"publish","type":"page","link":"https:\/\/agora.xtec.cat\/escolalavilapalamos\/projecte-educatiu\/","title":{"rendered":"Projecte educatiu"},"content":{"rendered":"<p>Us podeu descarregar <strong>el Projecte educatiu de l&#8217;Escola La Vila<\/strong> <a href=\"https:\/\/drive.google.com\/file\/d\/154-jJ1zKUJTiv8KQXBJ42-Zltx8vPLhS\/view?usp=sharing\">aqu\u00ed<\/a>.<\/p>\n<p><b><a href=\"https:\/\/agora.xtec.cat\/escolalavilapalamos\/wp-content\/uploads\/usu897\/2019\/01\/Logo_PEC.jpg\"><img loading=\"lazy\" decoding=\"async\" class=\"size-full wp-image-4548 aligncenter\" src=\"https:\/\/agora.xtec.cat\/escolalavilapalamos\/wp-content\/uploads\/usu897\/2019\/01\/Logo_PEC.jpg\" alt=\"\" width=\"750\" height=\"293\" srcset=\"https:\/\/agora.xtec.cat\/escolalavilapalamos\/wp-content\/uploads\/usu897\/2019\/01\/Logo_PEC.jpg 750w, https:\/\/agora.xtec.cat\/escolalavilapalamos\/wp-content\/uploads\/usu897\/2019\/01\/Logo_PEC-300x117.jpg 300w\" sizes=\"auto, (max-width: 750px) 100vw, 750px\" \/><\/a><\/b><\/p>\n<p><b>INTRODUCCI\u00d3<\/b><\/p>\n<p>L\u2019escola La Vila fa ja alguns anys que es planteja una nova manera de mirar l\u2019educaci\u00f3, una nova perspectiva que doni resposta a totes aquelles q\u00fcestions que se\u2019ns obren amb \u00a0el dia a dia amb els nostres alumnes i les seves fam\u00edlies. \u00c9s per aix\u00f2 que durant aquest curs 15-16 hem portat a terme una formaci\u00f3 interna de centre que ens ha perm\u00e8s trobar l\u2019espai de reflexi\u00f3 amb tot el claustre. A partir d\u2019aqu\u00ed hem estat avaluant diferents aspectes que ens preocupen com per exemple fer de l\u2019atenci\u00f3 a la diversitat \u00a0una realitat per a tots, el rol del mestre, la participaci\u00f3 de les fam\u00edlies, el treball globalitzat\u2026 i estem en el cam\u00ed d\u2019anar construint una nova l\u00ednia educativa, una nova manera de veure l\u2019escola i de mirar l\u2019infant i les seves fam\u00edlies.<\/p>\n<p>Per aquest motiu el nostre Projecte Educatiu de Centre no reflecteix encara tots aquests canvis. De moment \u00e9s la base de tot all\u00f2 que haurem de tenir en compte alhora d\u2019anar elaborant entre tots el nou Projecte que ens ha de guiar en aquesta nova escola que volem construir.<\/p>\n<p><b>CONTEXT <\/b><\/p>\n<p><b>Normatiu<\/b><\/p>\n<p>Llei 12\/2009 d\u2019Educaci\u00f3 de Catalunya. LEC<\/p>\n<p>Decret 102\/2010 d\u2019autonomia de centres<\/p>\n<p>Decret 155\/2010 de la direcci\u00f3 dels centres educatius p\u00fablics<\/p>\n<p>DECRET 39\/2014, de 25 de mar\u00e7, pel qual es regulen els procediments per definir el perfil i la provisi\u00f3 dels llocs de treball docents<\/p>\n<p>Instruccions d\u2019inici de cada curs escolar<\/p>\n<p>ORDRE ENS164\/2016, de 14 de juny, per la qual es determinen el procediment i els documents i requisits formals del proc\u00e9s d&#8217;avaluaci\u00f3 en l&#8217;educaci\u00f3 prim\u00e0ria<\/p>\n<p><b>Entorn<\/b><\/p>\n<p>Som una escola catalana de titularitat p\u00fablica del centre de la ciutat i amb una llarga tradici\u00f3 a la ciutat de Palam\u00f3s (inaugurada el 1933). Ens hem anat adaptant als canvis de la nostra societat i a partir del curs 2006-2007 gaudim d\u2019una escola amb tots els espais reformats. L\u2019edifici conserva la seva fa\u00e7ana i elements originals de l\u2019\u00e8poca i ha estat objecte de diferents remodelacions i ampliacions fins a convertir-se en el centre actual que \u00e9s de dues l\u00ednies. La nostra ubicaci\u00f3 ens permet gaudir de les activitats que ens ofereix la ciutat.<\/p>\n<p>Un elevat percentatge de l\u2019alumnat prov\u00e9 de barris propers a l\u2019escola, per\u00f2 donada l\u2019extensi\u00f3 del municipi, tamb\u00e9 hi ha alumnat que ve de llocs m\u00e9s distants. El nivell socioecon\u00f2mic de les fam\u00edlies i les seves ocupacions s\u00f3n de car\u00e0cter divers.<\/p>\n<p>T\u00e9 entre 460 i 480 alumnes, des del grup de 3 anys fins als nens de 6\u00e8., amb un alt \u00edndex d\u2019alumnat \u00a0nouvingut.<\/p>\n<p><b>IDENTITAT I CAR\u00c0CTER PROPI DEL CENTRE<\/b><\/p>\n<ul>\n<li><b>PRINCIPIS<\/b><\/li>\n<li><b>El sistema educatiu, en el marc dels valors definits per la Constituci\u00f3 i per l&#8217;Estatut, es regeix pels principis generals seg\u00fcents:\u00e7<\/b><\/li>\n<\/ul>\n<p>a) El respecte dels drets i els deures que deriven de la Constituci\u00f3, l&#8217;Estatut i la resta de legislaci\u00f3 vigent.<\/p>\n<p>b) La transmissi\u00f3 i la consolidaci\u00f3 dels valors propis d&#8217;una societat democr\u00e0tica: la llibertat personal, la responsabilitat, la solidaritat, el respecte i la igualtat.<\/p>\n<p>c) La universalitat i l&#8217;equitat com a garantia d&#8217;igualtat d&#8217;oportunitats i la integraci\u00f3 de tots els col\u00b7lectius, basada en la corresponsabilitat de tots els centres sostinguts amb fons p\u00fablics.<\/p>\n<p>d) El respecte de la llibertat d&#8217;ensenyament, la llibertat de creaci\u00f3 de centres, la llibertat d&#8217;elecci\u00f3 entre centres p\u00fablics o centres altres que els creats pels poders p\u00fablics, la llibertat de c\u00e0tedra del professorat i la llibertat de consci\u00e8ncia dels alumnes.<\/p>\n<p>e) El pluralisme.<\/p>\n<p>f) \u00a0La inclusi\u00f3 escolar i la cohesi\u00f3 social.<\/p>\n<p>g) La qualitat de l&#8217;educaci\u00f3, que possibilita l&#8217;assoliment de les compet\u00e8ncies b\u00e0siques i la consecuci\u00f3 de l&#8217;excel\u00b7l\u00e8ncia, en un context d&#8217;equitat.<\/p>\n<p>h) El conreu del coneixement de Catalunya i l&#8217;arrelament dels alumnes al pa\u00eds, i el respecte a la conviv\u00e8ncia.<\/p>\n<p>i) El respecte i el coneixement del propi cos.<\/p>\n<p>j) El foment de la pau i el respecte dels drets humans.<\/p>\n<p>k) El respecte i la preservaci\u00f3 del medi ambient i el gaudi respectu\u00f3s i responsable dels recursos naturals i del paisatge.<\/p>\n<p>l) El foment de l&#8217;emprenedoria.<\/p>\n<p>m) La coeducaci\u00f3 i el foment de la igualtat real i efectiva entre dones i homes.<\/p>\n<p>n) L&#8217;afavoriment de l&#8217;educaci\u00f3 m\u00e9s enll\u00e0 de l&#8217;escola.<\/p>\n<p>o) L&#8217;educaci\u00f3 al llarg de la vida.<\/p>\n<p>p) El respecte del dret de mares i pares perqu\u00e8 llurs fills rebin la formaci\u00f3 religiosa i moral que vagi d&#8217;acord amb llurs conviccions.<\/p>\n<p>q) L&#8217;exclusi\u00f3 de qualsevol mena de proselitisme o adoctrinament.<\/p>\n","protected":false},"excerpt":{"rendered":"<p>Us podeu descarregar el Projecte educatiu de l&#8217;Escola La Vila <a href=\"https:\/\/drive.google.com\/file\/d\/154-jJ1zKUJTiv8KQXBJ42-Zltx8vPLhS\/view?usp=sharing\">aqu\u00ed<\/a>.<br \/>\n<a href=\"https:\/\/agora.xtec.cat\/escolalavilapalamos\/wp-content\/uploads\/usu897\/2019\/01\/Logo_PEC.jpg\"><\/a><br \/>\nINTRODUCCI\u00d3<br \/>\nL\u2019escola La Vila fa ja alguns anys que es planteja una nova manera de mirar l\u2019educaci\u00f3, una nova perspectiva que doni resposta a totes aquelles q\u00fcestions que se\u2019ns obren amb \u00a0el dia a&hellip;  <a href=\"https:\/\/agora.xtec.cat\/escolalavilapalamos\/projecte-educatiu\/\" title=\"Read Projecte educatiu\">Llegeix m\u00e9s\u00bb<\/a><\/p>\n","protected":false},"author":2,"featured_media":0,"parent":0,"menu_order":0,"comment_status":"closed","ping_status":"closed","template":"page-templates\/side-menu.php","meta":{"_bbp_topic_count":0,"_bbp_reply_count":0,"_bbp_total_topic_count":0,"_bbp_total_reply_count":0,"_bbp_voice_count":0,"_bbp_anonymous_reply_count":0,"_bbp_topic_count_hidden":0,"_bbp_reply_count_hidden":0,"_bbp_forum_subforum_count":0,"footnotes":""},"class_list":["post-64","page","type-page","status-publish","hentry"],"post_mailing_queue_ids":[],"_links":{"self":[{"href":"https:\/\/agora.xtec.cat\/escolalavilapalamos\/wp-json\/wp\/v2\/pages\/64","targetHints":{"allow":["GET"]}}],"collection":[{"href":"https:\/\/agora.xtec.cat\/escolalavilapalamos\/wp-json\/wp\/v2\/pages"}],"about":[{"href":"https:\/\/agora.xtec.cat\/escolalavilapalamos\/wp-json\/wp\/v2\/types\/page"}],"author":[{"embeddable":true,"href":"https:\/\/agora.xtec.cat\/escolalavilapalamos\/wp-json\/wp\/v2\/users\/2"}],"replies":[{"embeddable":true,"href":"https:\/\/agora.xtec.cat\/escolalavilapalamos\/wp-json\/wp\/v2\/comments?post=64"}],"version-history":[{"count":4,"href":"https:\/\/agora.xtec.cat\/escolalavilapalamos\/wp-json\/wp\/v2\/pages\/64\/revisions"}],"predecessor-version":[{"id":4550,"href":"https:\/\/agora.xtec.cat\/escolalavilapalamos\/wp-json\/wp\/v2\/pages\/64\/revisions\/4550"}],"wp:attachment":[{"href":"https:\/\/agora.xtec.cat\/escolalavilapalamos\/wp-json\/wp\/v2\/media?parent=64"}],"curies":[{"name":"wp","href":"https:\/\/api.w.org\/{rel}","templated":true}]}}

<p>Us podeu descarregar <strong>el Projecte educatiu de l&#8217;Escola La Vila</strong> <a href="https://drive.google.com/file/d/154-jJ1zKUJTiv8KQXBJ42-Zltx8vPLhS/view?usp=sharing">aquí</a>.</p>
<p><b><a href="https://agora.xtec.cat/escolalavilapalamos/wp-content/uploads/usu897/2019/01/Logo_PEC.jpg"><img loading="lazy" decoding="async" class="size-full wp-image-4548 aligncenter" src="https://agora.xtec.cat/escolalavilapalamos/wp-content/uploads/usu897/2019/01/Logo_PEC.jpg" alt="" width="750" height="293" srcset="https://agora.xtec.cat/escolalavilapalamos/wp-content/uploads/usu897/2019/01/Logo_PEC.jpg 750w, https://agora.xtec.cat/escolalavilapalamos/wp-content/uploads/usu897/2019/01/Logo_PEC-300x117.jpg 300w" sizes="auto, (max-width: 750px) 100vw, 750px" /></a></b></p>
<p><b>INTRODUCCIÓ</b></p>
<p>L’escola La Vila fa ja alguns anys que es planteja una nova manera de mirar l’educació, una nova perspectiva que doni resposta a totes aquelles qüestions que se’ns obren amb  el dia a dia amb els nostres alumnes i les seves famílies. És per això que durant aquest curs 15-16 hem portat a terme una formació interna de centre que ens ha permès trobar l’espai de reflexió amb tot el claustre. A partir d’aquí hem estat avaluant diferents aspectes que ens preocupen com per exemple fer de l’atenció a la diversitat  una realitat per a tots, el rol del mestre, la participació de les famílies, el treball globalitzat… i estem en el camí d’anar construint una nova línia educativa, una nova manera de veure l’escola i de mirar l’infant i les seves famílies.</p>
<p>Per aquest motiu el nostre Projecte Educatiu de Centre no reflecteix encara tots aquests canvis. De moment és la base de tot allò que haurem de tenir en compte alhora d’anar elaborant entre tots el nou Projecte que ens ha de guiar en aquesta nova escola que volem construir.</p>
<p><b>CONTEXT </b></p>
<p><b>Normatiu</b></p>
<p>Llei 12/2009 d’Educació de Catalunya. LEC</p>
<p>Decret 102/2010 d’autonomia de centres</p>
<p>Decret 155/2010 de la direcció dels centres educatius públics</p>
<p>DECRET 39/2014, de 25 de març, pel qual es regulen els procediments per definir el perfil i la provisió dels llocs de treball docents</p>
<p>Instruccions d’inici de cada curs escolar</p>
<p>ORDRE ENS164/2016, de 14 de juny, per la qual es determinen el procediment i els documents i requisits formals del procés d&#8217;avaluació en l&#8217;educació primària</p>
<p><b>Entorn</b></p>
<p>Som una escola catalana de titularitat pública del centre de la ciutat i amb una llarga tradició a la ciutat de Palamós (inaugurada el 1933). Ens hem anat adaptant als canvis de la nostra societat i a partir del curs 2006-2007 gaudim d’una escola amb tots els espais reformats. L’edifici conserva la seva façana i elements originals de l’època i ha estat objecte de diferents remodelacions i ampliacions fins a convertir-se en el centre actual que és de dues línies. La nostra ubicació ens permet gaudir de les activitats que ens ofereix la ciutat.</p>
<p>Un elevat percentatge de l’alumnat prové de barris propers a l’escola, però donada l’extensió del municipi, també hi ha alumnat que ve de llocs més distants. El nivell socioeconòmic de les famílies i les seves ocupacions són de caràcter divers.</p>
<p>Té entre 460 i 480 alumnes, des del grup de 3 anys fins als nens de 6è., amb un alt índex d’alumnat  nouvingut.</p>
<p><b>IDENTITAT I CARÀCTER PROPI DEL CENTRE</b></p>
<ul>
<li><b>PRINCIPIS</b></li>
<li><b>El sistema educatiu, en el marc dels valors definits per la Constitució i per l&#8217;Estatut, es regeix pels principis generals següents:ç</b></li>
</ul>
<p>a) El respecte dels drets i els deures que deriven de la Constitució, l&#8217;Estatut i la resta de legislació vigent.</p>
<p>b) La transmissió i la consolidació dels valors propis d&#8217;una societat democràtica: la llibertat personal, la responsabilitat, la solidaritat, el respecte i la igualtat.</p>
<p>c) La universalitat i l&#8217;equitat com a garantia d&#8217;igualtat d&#8217;oportunitats i la integració de tots els col·lectius, basada en la corresponsabilitat de tots els centres sostinguts amb fons públics.</p>
<p>d) El respecte de la llibertat d&#8217;ensenyament, la llibertat de creació de centres, la llibertat d&#8217;elecció entre centres públics o centres altres que els creats pels poders públics, la llibertat de càtedra del professorat i la llibertat de consciència dels alumnes.</p>
<p>e) El pluralisme.</p>
<p>f)  La inclusió escolar i la cohesió social.</p>
<p>g) La qualitat de l&#8217;educació, que possibilita l&#8217;assoliment de les competències bàsiques i la consecució de l&#8217;excel·lència, en un context d&#8217;equitat.</p>
<p>h) El conreu del coneixement de Catalunya i l&#8217;arrelament dels alumnes al país, i el respecte a la convivència.</p>
<p>i) El respecte i el coneixement del propi cos.</p>
<p>j) El foment de la pau i el respecte dels drets humans.</p>
<p>k) El respecte i la preservació del medi ambient i el gaudi respectuós i responsable dels recursos naturals i del paisatge.</p>
<p>l) El foment de l&#8217;emprenedoria.</p>
<p>m) La coeducació i el foment de la igualtat real i efectiva entre dones i homes.</p>
<p>n) L&#8217;afavoriment de l&#8217;educació més enllà de l&#8217;escola.</p>
<p>o) L&#8217;educació al llarg de la vida.</p>
<p>p) El respecte del dret de mares i pares perquè llurs fills rebin la formació religiosa i moral que vagi d&#8217;acord amb llurs conviccions.</p>
<p>q) L&#8217;exclusió de qualsevol mena de proselitisme o adoctrinament.</p>

<p>Us podeu descarregar el Projecte educatiu de l&#8217;Escola La Vila <a href="https://drive.google.com/file/d/154-jJ1zKUJTiv8KQXBJ42-Zltx8vPLhS/view?usp=sharing">aquí</a>.<br />
<a href="https://agora.xtec.cat/escolalavilapalamos/wp-content/uploads/usu897/2019/01/Logo_PEC.jpg"></a><br />
INTRODUCCIÓ<br />
L’escola La Vila fa ja alguns anys que es planteja una nova manera de mirar l’educació, una nova perspectiva que doni resposta a totes aquelles qüestions que se’ns obren amb  el dia a&hellip;  <a href="https://agora.xtec.cat/escolalavilapalamos/projecte-educatiu/" title="Read Projecte educatiu">Llegeix més»</a></p>
