{"id":376,"date":"2016-11-03T12:55:06","date_gmt":"2016-11-03T11:55:06","guid":{"rendered":"http:\/\/agora.xtec.cat\/escolalavilapalamos\/?page_id=376"},"modified":"2022-10-10T18:52:24","modified_gmt":"2022-10-10T16:52:24","slug":"menu-del-mes","status":"publish","type":"page","link":"https:\/\/agora.xtec.cat\/escolalavilapalamos\/serveis\/menjador-escolar\/menu-del-mes\/","title":{"rendered":"Men\u00fa del mes"},"content":{"rendered":"<p><a href=\"https:\/\/agora.xtec.cat\/escolalavilapalamos\/wp-content\/uploads\/usu897\/2018\/11\/menjador_3.jpg\"><img loading=\"lazy\" decoding=\"async\" class=\"alignnone size-full wp-image-4191\" src=\"https:\/\/agora.xtec.cat\/escolalavilapalamos\/wp-content\/uploads\/usu897\/2018\/11\/menjador_3.jpg\" alt=\"\" width=\"651\" height=\"163\" srcset=\"https:\/\/agora.xtec.cat\/escolalavilapalamos\/wp-content\/uploads\/usu897\/2018\/11\/menjador_3.jpg 651w, https:\/\/agora.xtec.cat\/escolalavilapalamos\/wp-content\/uploads\/usu897\/2018\/11\/menjador_3-300x75.jpg 300w\" sizes=\"auto, (max-width: 651px) 100vw, 651px\" \/><\/a><\/p>\n<p><a href=\"https:\/\/www.baixemporda.cat\/ca\/carta-de-serveis\/ensenyament\/menus-escolars\/escola-la-vila\/\">Cliqueu la imatge per veure el men\u00fa del mes actual.<\/a><\/p>\n<p><a href=\"https:\/\/www.baixemporda.cat\/ca\/arees\/ensenyament\/menus-escolars\/escola-la-vila\/\">Aqu\u00ed podeu veure la proposta de men\u00fa per sopar<\/a><\/p>\n<p><a href=\"https:\/\/www.baixemporda.cat\/ca\/carta-de-serveis\/ensenyament\/menus-escolars\/menus-especials-zona-sud\/\">Clica aqu\u00ed per veure els men\u00fas especials<\/a> ( cel\u00edac, de r\u00e8gim, sense carn, sense carn de porc, sense ou, ovolacteovegetari\u00e0, sense prote\u00efna de la vaca, sense prote\u00efna de la llet i sense llet)<\/p>\n","protected":false},"excerpt":{"rendered":"<p><a href=\"https:\/\/agora.xtec.cat\/escolalavilapalamos\/wp-content\/uploads\/usu897\/2018\/11\/menjador_3.jpg\"><\/a><br \/>\n<a href=\"https:\/\/www.baixemporda.cat\/ca\/carta-de-serveis\/ensenyament\/menus-escolars\/escola-la-vila\/\">Cliqueu la imatge per veure el men\u00fa del mes actual.<\/a><br \/>\n<a href=\"https:\/\/www.baixemporda.cat\/ca\/arees\/ensenyament\/menus-escolars\/escola-la-vila\/\">Aqu\u00ed podeu veure la proposta de men\u00fa per sopar<\/a><br \/>\n<a href=\"https:\/\/www.baixemporda.cat\/ca\/carta-de-serveis\/ensenyament\/menus-escolars\/menus-especials-zona-sud\/\">Clica aqu\u00ed per veure els men\u00fas especials<\/a> ( cel\u00edac, de r\u00e8gim, sense carn, sense carn de porc, sense ou, ovolacteovegetari\u00e0, sense prote\u00efna de la&hellip;  <a href=\"https:\/\/agora.xtec.cat\/escolalavilapalamos\/serveis\/menjador-escolar\/menu-del-mes\/\" title=\"Read Men\u00fa del mes\">Llegeix m\u00e9s\u00bb<\/a><\/p>\n","protected":false},"author":1,"featured_media":0,"parent":73,"menu_order":0,"comment_status":"closed","ping_status":"closed","template":"page-templates\/side-menu.php","meta":{"_bbp_topic_count":0,"_bbp_reply_count":0,"_bbp_total_topic_count":0,"_bbp_total_reply_count":0,"_bbp_voice_count":0,"_bbp_anonymous_reply_count":0,"_bbp_topic_count_hidden":0,"_bbp_reply_count_hidden":0,"_bbp_forum_subforum_count":0,"footnotes":""},"class_list":["post-376","page","type-page","status-publish","hentry"],"post_mailing_queue_ids":[],"_links":{"self":[{"href":"https:\/\/agora.xtec.cat\/escolalavilapalamos\/wp-json\/wp\/v2\/pages\/376","targetHints":{"allow":["GET"]}}],"collection":[{"href":"https:\/\/agora.xtec.cat\/escolalavilapalamos\/wp-json\/wp\/v2\/pages"}],"about":[{"href":"https:\/\/agora.xtec.cat\/escolalavilapalamos\/wp-json\/wp\/v2\/types\/page"}],"author":[{"embeddable":true,"href":"https:\/\/agora.xtec.cat\/escolalavilapalamos\/wp-json\/wp\/v2\/users\/1"}],"replies":[{"embeddable":true,"href":"https:\/\/agora.xtec.cat\/escolalavilapalamos\/wp-json\/wp\/v2\/comments?post=376"}],"version-history":[{"count":4,"href":"https:\/\/agora.xtec.cat\/escolalavilapalamos\/wp-json\/wp\/v2\/pages\/376\/revisions"}],"predecessor-version":[{"id":14941,"href":"https:\/\/agora.xtec.cat\/escolalavilapalamos\/wp-json\/wp\/v2\/pages\/376\/revisions\/14941"}],"up":[{"embeddable":true,"href":"https:\/\/agora.xtec.cat\/escolalavilapalamos\/wp-json\/wp\/v2\/pages\/73"}],"wp:attachment":[{"href":"https:\/\/agora.xtec.cat\/escolalavilapalamos\/wp-json\/wp\/v2\/media?parent=376"}],"curies":[{"name":"wp","href":"https:\/\/api.w.org\/{rel}","templated":true}]}}

Menú del mes

<p><a href="https://agora.xtec.cat/escolalavilapalamos/wp-content/uploads/usu897/2018/11/menjador_3.jpg"><img loading="lazy" decoding="async" class="alignnone size-full wp-image-4191" src="https://agora.xtec.cat/escolalavilapalamos/wp-content/uploads/usu897/2018/11/menjador_3.jpg" alt="" width="651" height="163" srcset="https://agora.xtec.cat/escolalavilapalamos/wp-content/uploads/usu897/2018/11/menjador_3.jpg 651w, https://agora.xtec.cat/escolalavilapalamos/wp-content/uploads/usu897/2018/11/menjador_3-300x75.jpg 300w" sizes="auto, (max-width: 651px) 100vw, 651px" /></a></p>
<p><a href="https://www.baixemporda.cat/ca/carta-de-serveis/ensenyament/menus-escolars/escola-la-vila/">Cliqueu la imatge per veure el menú del mes actual.</a></p>
<p><a href="https://www.baixemporda.cat/ca/arees/ensenyament/menus-escolars/escola-la-vila/">Aquí podeu veure la proposta de menú per sopar</a></p>
<p><a href="https://www.baixemporda.cat/ca/carta-de-serveis/ensenyament/menus-escolars/menus-especials-zona-sud/">Clica aquí per veure els menús especials</a> ( celíac, de règim, sense carn, sense carn de porc, sense ou, ovolacteovegetarià, sense proteïna de la vaca, sense proteïna de la llet i sense llet)</p>

<p><a href="https://agora.xtec.cat/escolalavilapalamos/wp-content/uploads/usu897/2018/11/menjador_3.jpg"></a><br />
<a href="https://www.baixemporda.cat/ca/carta-de-serveis/ensenyament/menus-escolars/escola-la-vila/">Cliqueu la imatge per veure el menú del mes actual.</a><br />
<a href="https://www.baixemporda.cat/ca/arees/ensenyament/menus-escolars/escola-la-vila/">Aquí podeu veure la proposta de menú per sopar</a><br />
<a href="https://www.baixemporda.cat/ca/carta-de-serveis/ensenyament/menus-escolars/menus-especials-zona-sud/">Clica aquí per veure els menús especials</a> ( celíac, de règim, sense carn, sense carn de porc, sense ou, ovolacteovegetarià, sense proteïna de la&hellip;  <a href="https://agora.xtec.cat/escolalavilapalamos/serveis/menjador-escolar/menu-del-mes/" title="Read Menú del mes">Llegeix més»</a></p>
