{"id":36,"date":"2014-09-18T12:33:11","date_gmt":"2014-09-18T12:33:11","guid":{"rendered":"http:\/\/agora.xtec.cat\/escolalavilapalamos\/\/?page_id=36"},"modified":"2026-01-26T15:33:16","modified_gmt":"2026-01-26T14:33:16","slug":"material-escolar","status":"publish","type":"page","link":"https:\/\/agora.xtec.cat\/escolalavilapalamos\/lescola\/material-escolar\/","title":{"rendered":"Material did\u00e0ctic, excursions, teatre i material escolar"},"content":{"rendered":"<h4>MATERIAL DID\u00c0CTIC DE LA COMUNITAT DE PETITS<\/h4>\n<p>Us especifiquem els materials que utilitzarem i activitats que es duran a terme inclosos en la quota de centre.<\/p>\n<p><strong><u>Material did\u00e0ctic:<\/u><\/strong> Com b\u00e9 sabeu a la comunitat de petits treballem des de l\u2019experimentaci\u00f3 i a trav\u00e9s de manipulaci\u00f3 de diferents materials. Per\u00a0 tant \u00e9s necessari\u00a0 tot un seguit de material que compartim a nivell de comunitat.<\/p>\n<p><a href=\"https:\/\/agora.xtec.cat\/escolalavilapalamos\/wp-content\/uploads\/usu897\/2019\/01\/construccions.jpg\"><img loading=\"lazy\" decoding=\"async\" class=\"alignnone wp-image-4494\" src=\"https:\/\/agora.xtec.cat\/escolalavilapalamos\/wp-content\/uploads\/usu897\/2019\/01\/construccions.jpg\" alt=\"\" width=\"319\" height=\"238\" srcset=\"https:\/\/agora.xtec.cat\/escolalavilapalamos\/wp-content\/uploads\/usu897\/2019\/01\/construccions.jpg 506w, https:\/\/agora.xtec.cat\/escolalavilapalamos\/wp-content\/uploads\/usu897\/2019\/01\/construccions-300x224.jpg 300w, https:\/\/agora.xtec.cat\/escolalavilapalamos\/wp-content\/uploads\/usu897\/2019\/01\/construccions-200x150.jpg 200w\" sizes=\"auto, (max-width: 319px) 100vw, 319px\" \/><\/a><a href=\"https:\/\/agora.xtec.cat\/escolalavilapalamos\/wp-content\/uploads\/usu897\/2019\/01\/d71774f8d9574d4704f85ab1c7ccc29a.jpg\"><img loading=\"lazy\" decoding=\"async\" class=\"alignnone wp-image-4493\" src=\"https:\/\/agora.xtec.cat\/escolalavilapalamos\/wp-content\/uploads\/usu897\/2019\/01\/d71774f8d9574d4704f85ab1c7ccc29a.jpg\" alt=\"\" width=\"317\" height=\"238\" srcset=\"https:\/\/agora.xtec.cat\/escolalavilapalamos\/wp-content\/uploads\/usu897\/2019\/01\/d71774f8d9574d4704f85ab1c7ccc29a.jpg 400w, https:\/\/agora.xtec.cat\/escolalavilapalamos\/wp-content\/uploads\/usu897\/2019\/01\/d71774f8d9574d4704f85ab1c7ccc29a-300x225.jpg 300w, https:\/\/agora.xtec.cat\/escolalavilapalamos\/wp-content\/uploads\/usu897\/2019\/01\/d71774f8d9574d4704f85ab1c7ccc29a-200x150.jpg 200w\" sizes=\"auto, (max-width: 317px) 100vw, 317px\" \/><\/a><\/p>\n<p><strong><u>Excursions<\/u><\/strong>: Les sortides formen part del nostre projecte educatiu per tant \u00e9s imprescindible que tots els infants hi participin.<\/p>\n<p><strong><u>Teatre<\/u><\/strong>: Al llarg del curs els alumnes gaudiran\u00a0 d\u2019 actuacions teatrals de diferents tipus (titelles, musicals, m\u00e0gia\u2026)<\/p>\n<p>Us hem volgut detallar a les fam\u00edlies aproximadament el qu\u00e8 engloba aquest pagament. Per\u00f2 per\u00a0 l\u2019escola suposa una sola quota i per tant les mestres de la\u00a0 comunitat poden decidir la quantitat exacte que es destina a excursions, material\u00a0 i teatre segons les necessitats, projectes o interessos del poper curs.<\/p>\n<p><strong><u>Material escolar<\/u><\/strong>: Aquest material\u00a0 \u00e9s el d\u2019\u00fas personal de cada nen i nena ( carpeta, retoladors , enganxament &#8230;)<\/p>\n<p>&nbsp;<\/p>\n<h4>MATERIAL DID\u00c0CTIC DE LA COMUNITAT DE MITJANS<\/h4>\n<p>Us especifiquem els materials que utilitzarem i activitats que es duran a terme inclosos en la quota de centre.<\/p>\n<p><strong><u>Material did\u00e0ctic:<\/u><\/strong> Com b\u00e9 sabeu a l\u2019escola treballem des de l\u2019experimentaci\u00f3 i a trav\u00e9s de manipulaci\u00f3 de diferents materials. No s\u2019utilitzen llibres de text per\u00f2 calen altres recursos que ajudin als nostres nens i nenes a aprendre fent.<\/p>\n<p><a href=\"https:\/\/agora.xtec.cat\/escolalavilapalamos\/wp-content\/uploads\/usu897\/2019\/01\/mitjans.jpg\"><img loading=\"lazy\" decoding=\"async\" class=\"wp-image-4496 aligncenter\" src=\"https:\/\/agora.xtec.cat\/escolalavilapalamos\/wp-content\/uploads\/usu897\/2019\/01\/mitjans.jpg\" alt=\"\" width=\"682\" height=\"308\" srcset=\"https:\/\/agora.xtec.cat\/escolalavilapalamos\/wp-content\/uploads\/usu897\/2019\/01\/mitjans.jpg 967w, https:\/\/agora.xtec.cat\/escolalavilapalamos\/wp-content\/uploads\/usu897\/2019\/01\/mitjans-300x135.jpg 300w, https:\/\/agora.xtec.cat\/escolalavilapalamos\/wp-content\/uploads\/usu897\/2019\/01\/mitjans-768x346.jpg 768w\" sizes=\"auto, (max-width: 682px) 100vw, 682px\" \/><\/a><strong><u>Excursions<\/u><\/strong>: Les sortides formen part del nostre projecte educatiu per tant \u00e9s imprescindible que tots els infants hi participin.<\/p>\n<p><strong><u>Teatre<\/u><\/strong>: Al llarg del curs els alumnes gaudiran de 3 actuacions teatrals de diferents tipus al Teatre Municipal de La Gorga (titelles, musicals, m\u00e0gia, dansa\u2026)<\/p>\n<p>Us hem volgut detallar a les fam\u00edlies aproximadament el qu\u00e8 engloba aquest pagament. Per\u00f2 per\u00a0 l\u2019escola suposa una sola quota i per tant les mestres de la\u00a0 comunitat poden decidir la quantitat exacte que es destina a excursions, material\u00a0 i teatre segons les necessitats, projectes o interessos del proper curs.<\/p>\n<p><strong><u>Agenda<\/u><\/strong>: Utilitzarem l\u2019agenda per organitzaci\u00f3 dels propis alumnes i per la relaci\u00f3 fam\u00edlia-escola.<\/p>\n<p><strong><u>Material escolar<\/u><\/strong>: Aquest material \u00e9s el d\u2019\u00fas personal de cada nen i nena i el trobaran a l&#8217;aula el primer dia d&#8217;escola.<\/p>\n<p><strong>En comen\u00e7ar el curs els alumnes hauran de portar de casa:<\/strong><\/p>\n<p>Una bata o samarreta vella amb una veta per penjar i el nom.<\/p>\n<p>Cal\u00e7at tipus \u201ccrocks\u201d amb el nom<\/p>\n<p>Un paquet de mocadors de paper<\/p>\n<p>Els dies <strong>d\u2019Educaci\u00f3 f\u00edsica<\/strong> hauran de portar roba esportiva o el xandall de l&#8217;escola. (s\u2019explicar\u00e0 en detall a la reuni\u00f3 d\u2019inici de curs)<\/p>\n<p>Nom\u00e9s caldr\u00e0 portar una <u>motxilla petita sense rodes<\/u>. <u>No s\u2019ha de portar estoig<\/u>. El material es comparteix a l\u2019aula.<\/p>\n<p>&nbsp;<\/p>\n<h4>MATERIAL DID\u00c0CTIC DE LA COMUNITAT DE GRANS<\/h4>\n<p>Us especifiquem els materials que utilitzarem i activitats que es duran a terme inclosos en la quota de centre.<\/p>\n<p><strong><u>Material did\u00e0ctic:<\/u><\/strong> Com b\u00e9 sabeu a l\u2019escola treballem des de l\u2019experimentaci\u00f3 i a trav\u00e9s de manipulaci\u00f3 de diferents materials. No s\u2019utilitzen llibres de text per\u00f2 calen altres recursos que ajudin als nostres nens i nenes a aprendre fent.<\/p>\n<p><a href=\"https:\/\/agora.xtec.cat\/escolalavilapalamos\/wp-content\/uploads\/usu897\/2019\/01\/grans.jpg\"><img loading=\"lazy\" decoding=\"async\" class=\"size-large wp-image-4498 aligncenter\" src=\"https:\/\/agora.xtec.cat\/escolalavilapalamos\/wp-content\/uploads\/usu897\/2019\/01\/grans-1024x260.jpg\" alt=\"\" width=\"1024\" height=\"260\" srcset=\"https:\/\/agora.xtec.cat\/escolalavilapalamos\/wp-content\/uploads\/usu897\/2019\/01\/grans-1024x260.jpg 1024w, https:\/\/agora.xtec.cat\/escolalavilapalamos\/wp-content\/uploads\/usu897\/2019\/01\/grans-300x76.jpg 300w, https:\/\/agora.xtec.cat\/escolalavilapalamos\/wp-content\/uploads\/usu897\/2019\/01\/grans-768x195.jpg 768w, https:\/\/agora.xtec.cat\/escolalavilapalamos\/wp-content\/uploads\/usu897\/2019\/01\/grans.jpg 1064w\" sizes=\"auto, (max-width: 1024px) 100vw, 1024px\" \/><\/a><strong><u>Excursions<\/u><\/strong>: Les sortides formen part del nostre projecte educatiu per tant \u00e9s imprescindible que tots els infants hi participin.<\/p>\n<p><strong><u>Teatre<\/u><\/strong>: Al llarg del curs els alumnes gaudiran de 3 actuacions teatrals de diferents tipus al Teatre Municipal de La Gorga (titelles, musicals, m\u00e0gia, dansa\u2026)<\/p>\n<p>Us hem volgut detallar a les fam\u00edlies aproximadament el qu\u00e8 engloba aquest pagament. Per\u00f2 per\u00a0 l\u2019escola suposa una sola quota i per tant les mestres de la\u00a0 comunitat poden decidir la quantitat exacte que es destina a excursions, material\u00a0 i teatre segons les necessitats, projectes o interessos del poper curs.<\/p>\n<p>&nbsp;<\/p>\n<p><strong><u>Agenda<\/u><\/strong>: Utilitzarem l\u2019agenda per organitzaci\u00f3 dels propis alumnes i per la relaci\u00f3 fam\u00edlia-escola.<\/p>\n<p><strong><u>Material escolar<\/u><\/strong>: Aquest material \u00e9s el d\u2019\u00fas personal de cada nen i nena i el trobaran a l&#8217;aula el primer dia d&#8217;escola.<\/p>\n<p>En comen\u00e7ar el curs cal que cada nen\/a de 4t, 5\u00e8 i 6\u00e8 porti de casa un estoig i uns auriculars de bot\u00f3 amb una etiqueta amb el seu nom i curs.<\/p>\n","protected":false},"excerpt":{"rendered":"<p>MATERIAL DID\u00c0CTIC DE LA COMUNITAT DE PETITS<br \/>\nUs especifiquem els materials que utilitzarem i activitats que es duran a terme inclosos en la quota de centre.<br \/>\nMaterial did\u00e0ctic: Com b\u00e9 sabeu a la comunitat de petits treballem des de l\u2019experimentaci\u00f3 i a trav\u00e9s de manipulaci\u00f3 de diferents&hellip;  <a href=\"https:\/\/agora.xtec.cat\/escolalavilapalamos\/lescola\/material-escolar\/\" title=\"Read Material did\u00e0ctic, excursions, teatre i material escolar\">Llegeix m\u00e9s\u00bb<\/a><\/p>\n","protected":false},"author":2,"featured_media":0,"parent":22,"menu_order":70,"comment_status":"closed","ping_status":"closed","template":"page-templates\/side-menu.php","meta":{"_bbp_topic_count":0,"_bbp_reply_count":0,"_bbp_total_topic_count":0,"_bbp_total_reply_count":0,"_bbp_voice_count":0,"_bbp_anonymous_reply_count":0,"_bbp_topic_count_hidden":0,"_bbp_reply_count_hidden":0,"_bbp_forum_subforum_count":0,"footnotes":""},"class_list":["post-36","page","type-page","status-publish","hentry"],"post_mailing_queue_ids":[],"_links":{"self":[{"href":"https:\/\/agora.xtec.cat\/escolalavilapalamos\/wp-json\/wp\/v2\/pages\/36","targetHints":{"allow":["GET"]}}],"collection":[{"href":"https:\/\/agora.xtec.cat\/escolalavilapalamos\/wp-json\/wp\/v2\/pages"}],"about":[{"href":"https:\/\/agora.xtec.cat\/escolalavilapalamos\/wp-json\/wp\/v2\/types\/page"}],"author":[{"embeddable":true,"href":"https:\/\/agora.xtec.cat\/escolalavilapalamos\/wp-json\/wp\/v2\/users\/2"}],"replies":[{"embeddable":true,"href":"https:\/\/agora.xtec.cat\/escolalavilapalamos\/wp-json\/wp\/v2\/comments?post=36"}],"version-history":[{"count":5,"href":"https:\/\/agora.xtec.cat\/escolalavilapalamos\/wp-json\/wp\/v2\/pages\/36\/revisions"}],"predecessor-version":[{"id":16341,"href":"https:\/\/agora.xtec.cat\/escolalavilapalamos\/wp-json\/wp\/v2\/pages\/36\/revisions\/16341"}],"up":[{"embeddable":true,"href":"https:\/\/agora.xtec.cat\/escolalavilapalamos\/wp-json\/wp\/v2\/pages\/22"}],"wp:attachment":[{"href":"https:\/\/agora.xtec.cat\/escolalavilapalamos\/wp-json\/wp\/v2\/media?parent=36"}],"curies":[{"name":"wp","href":"https:\/\/api.w.org\/{rel}","templated":true}]}}

Material didàctic, excursions, teatre i material escolar

<h4>MATERIAL DIDÀCTIC DE LA COMUNITAT DE PETITS</h4>
<p>Us especifiquem els materials que utilitzarem i activitats que es duran a terme inclosos en la quota de centre.</p>
<p><strong><u>Material didàctic:</u></strong> Com bé sabeu a la comunitat de petits treballem des de l’experimentació i a través de manipulació de diferents materials. Per  tant és necessari  tot un seguit de material que compartim a nivell de comunitat.</p>
<p><a href="https://agora.xtec.cat/escolalavilapalamos/wp-content/uploads/usu897/2019/01/construccions.jpg"><img loading="lazy" decoding="async" class="alignnone wp-image-4494" src="https://agora.xtec.cat/escolalavilapalamos/wp-content/uploads/usu897/2019/01/construccions.jpg" alt="" width="319" height="238" srcset="https://agora.xtec.cat/escolalavilapalamos/wp-content/uploads/usu897/2019/01/construccions.jpg 506w, https://agora.xtec.cat/escolalavilapalamos/wp-content/uploads/usu897/2019/01/construccions-300x224.jpg 300w, https://agora.xtec.cat/escolalavilapalamos/wp-content/uploads/usu897/2019/01/construccions-200x150.jpg 200w" sizes="auto, (max-width: 319px) 100vw, 319px" /></a><a href="https://agora.xtec.cat/escolalavilapalamos/wp-content/uploads/usu897/2019/01/d71774f8d9574d4704f85ab1c7ccc29a.jpg"><img loading="lazy" decoding="async" class="alignnone wp-image-4493" src="https://agora.xtec.cat/escolalavilapalamos/wp-content/uploads/usu897/2019/01/d71774f8d9574d4704f85ab1c7ccc29a.jpg" alt="" width="317" height="238" srcset="https://agora.xtec.cat/escolalavilapalamos/wp-content/uploads/usu897/2019/01/d71774f8d9574d4704f85ab1c7ccc29a.jpg 400w, https://agora.xtec.cat/escolalavilapalamos/wp-content/uploads/usu897/2019/01/d71774f8d9574d4704f85ab1c7ccc29a-300x225.jpg 300w, https://agora.xtec.cat/escolalavilapalamos/wp-content/uploads/usu897/2019/01/d71774f8d9574d4704f85ab1c7ccc29a-200x150.jpg 200w" sizes="auto, (max-width: 317px) 100vw, 317px" /></a></p>
<p><strong><u>Excursions</u></strong>: Les sortides formen part del nostre projecte educatiu per tant és imprescindible que tots els infants hi participin.</p>
<p><strong><u>Teatre</u></strong>: Al llarg del curs els alumnes gaudiran  d’ actuacions teatrals de diferents tipus (titelles, musicals, màgia…)</p>
<p>Us hem volgut detallar a les famílies aproximadament el què engloba aquest pagament. Però per  l’escola suposa una sola quota i per tant les mestres de la  comunitat poden decidir la quantitat exacte que es destina a excursions, material  i teatre segons les necessitats, projectes o interessos del poper curs.</p>
<p><strong><u>Material escolar</u></strong>: Aquest material  és el d’ús personal de cada nen i nena ( carpeta, retoladors , enganxament &#8230;)</p>
<p>&nbsp;</p>
<h4>MATERIAL DIDÀCTIC DE LA COMUNITAT DE MITJANS</h4>
<p>Us especifiquem els materials que utilitzarem i activitats que es duran a terme inclosos en la quota de centre.</p>
<p><strong><u>Material didàctic:</u></strong> Com bé sabeu a l’escola treballem des de l’experimentació i a través de manipulació de diferents materials. No s’utilitzen llibres de text però calen altres recursos que ajudin als nostres nens i nenes a aprendre fent.</p>
<p><a href="https://agora.xtec.cat/escolalavilapalamos/wp-content/uploads/usu897/2019/01/mitjans.jpg"><img loading="lazy" decoding="async" class="wp-image-4496 aligncenter" src="https://agora.xtec.cat/escolalavilapalamos/wp-content/uploads/usu897/2019/01/mitjans.jpg" alt="" width="682" height="308" srcset="https://agora.xtec.cat/escolalavilapalamos/wp-content/uploads/usu897/2019/01/mitjans.jpg 967w, https://agora.xtec.cat/escolalavilapalamos/wp-content/uploads/usu897/2019/01/mitjans-300x135.jpg 300w, https://agora.xtec.cat/escolalavilapalamos/wp-content/uploads/usu897/2019/01/mitjans-768x346.jpg 768w" sizes="auto, (max-width: 682px) 100vw, 682px" /></a><strong><u>Excursions</u></strong>: Les sortides formen part del nostre projecte educatiu per tant és imprescindible que tots els infants hi participin.</p>
<p><strong><u>Teatre</u></strong>: Al llarg del curs els alumnes gaudiran de 3 actuacions teatrals de diferents tipus al Teatre Municipal de La Gorga (titelles, musicals, màgia, dansa…)</p>
<p>Us hem volgut detallar a les famílies aproximadament el què engloba aquest pagament. Però per  l’escola suposa una sola quota i per tant les mestres de la  comunitat poden decidir la quantitat exacte que es destina a excursions, material  i teatre segons les necessitats, projectes o interessos del proper curs.</p>
<p><strong><u>Agenda</u></strong>: Utilitzarem l’agenda per organització dels propis alumnes i per la relació família-escola.</p>
<p><strong><u>Material escolar</u></strong>: Aquest material és el d’ús personal de cada nen i nena i el trobaran a l&#8217;aula el primer dia d&#8217;escola.</p>
<p><strong>En començar el curs els alumnes hauran de portar de casa:</strong></p>
<p>Una bata o samarreta vella amb una veta per penjar i el nom.</p>
<p>Calçat tipus “crocks” amb el nom</p>
<p>Un paquet de mocadors de paper</p>
<p>Els dies <strong>d’Educació física</strong> hauran de portar roba esportiva o el xandall de l&#8217;escola. (s’explicarà en detall a la reunió d’inici de curs)</p>
<p>Només caldrà portar una <u>motxilla petita sense rodes</u>. <u>No s’ha de portar estoig</u>. El material es comparteix a l’aula.</p>
<p>&nbsp;</p>
<h4>MATERIAL DIDÀCTIC DE LA COMUNITAT DE GRANS</h4>
<p>Us especifiquem els materials que utilitzarem i activitats que es duran a terme inclosos en la quota de centre.</p>
<p><strong><u>Material didàctic:</u></strong> Com bé sabeu a l’escola treballem des de l’experimentació i a través de manipulació de diferents materials. No s’utilitzen llibres de text però calen altres recursos que ajudin als nostres nens i nenes a aprendre fent.</p>
<p><a href="https://agora.xtec.cat/escolalavilapalamos/wp-content/uploads/usu897/2019/01/grans.jpg"><img loading="lazy" decoding="async" class="size-large wp-image-4498 aligncenter" src="https://agora.xtec.cat/escolalavilapalamos/wp-content/uploads/usu897/2019/01/grans-1024x260.jpg" alt="" width="1024" height="260" srcset="https://agora.xtec.cat/escolalavilapalamos/wp-content/uploads/usu897/2019/01/grans-1024x260.jpg 1024w, https://agora.xtec.cat/escolalavilapalamos/wp-content/uploads/usu897/2019/01/grans-300x76.jpg 300w, https://agora.xtec.cat/escolalavilapalamos/wp-content/uploads/usu897/2019/01/grans-768x195.jpg 768w, https://agora.xtec.cat/escolalavilapalamos/wp-content/uploads/usu897/2019/01/grans.jpg 1064w" sizes="auto, (max-width: 1024px) 100vw, 1024px" /></a><strong><u>Excursions</u></strong>: Les sortides formen part del nostre projecte educatiu per tant és imprescindible que tots els infants hi participin.</p>
<p><strong><u>Teatre</u></strong>: Al llarg del curs els alumnes gaudiran de 3 actuacions teatrals de diferents tipus al Teatre Municipal de La Gorga (titelles, musicals, màgia, dansa…)</p>
<p>Us hem volgut detallar a les famílies aproximadament el què engloba aquest pagament. Però per  l’escola suposa una sola quota i per tant les mestres de la  comunitat poden decidir la quantitat exacte que es destina a excursions, material  i teatre segons les necessitats, projectes o interessos del poper curs.</p>
<p>&nbsp;</p>
<p><strong><u>Agenda</u></strong>: Utilitzarem l’agenda per organització dels propis alumnes i per la relació família-escola.</p>
<p><strong><u>Material escolar</u></strong>: Aquest material és el d’ús personal de cada nen i nena i el trobaran a l&#8217;aula el primer dia d&#8217;escola.</p>
<p>En començar el curs cal que cada nen/a de 4t, 5è i 6è porti de casa un estoig i uns auriculars de botó amb una etiqueta amb el seu nom i curs.</p>

<p>MATERIAL DIDÀCTIC DE LA COMUNITAT DE PETITS<br />
Us especifiquem els materials que utilitzarem i activitats que es duran a terme inclosos en la quota de centre.<br />
Material didàctic: Com bé sabeu a la comunitat de petits treballem des de l’experimentació i a través de manipulació de diferents&hellip;  <a href="https://agora.xtec.cat/escolalavilapalamos/lescola/material-escolar/" title="Read Material didàctic, excursions, teatre i material escolar">Llegeix més»</a></p>
