{"id":348,"date":"2016-11-03T08:59:12","date_gmt":"2016-11-03T07:59:12","guid":{"rendered":"http:\/\/agora.xtec.cat\/escolalavilapalamos\/?page_id=348"},"modified":"2021-09-02T10:56:46","modified_gmt":"2021-09-02T08:56:46","slug":"normes-d-organitzacio-i-funcionament-del-centre","status":"publish","type":"page","link":"https:\/\/agora.xtec.cat\/escolalavilapalamos\/normes-d-organitzacio-i-funcionament-del-centre\/","title":{"rendered":"Normes d&#8217;Organitzaci\u00f3 i funcionament del centre (NOFC)"},"content":{"rendered":"<p><img loading=\"lazy\" decoding=\"async\" class=\"wp-image-4565 aligncenter\" src=\"https:\/\/agora.xtec.cat\/escolalavilapalamos\/wp-content\/uploads\/usu897\/2019\/01\/nofc.jpg\" alt=\"\" width=\"360\" height=\"253\" srcset=\"https:\/\/agora.xtec.cat\/escolalavilapalamos\/wp-content\/uploads\/usu897\/2019\/01\/nofc.jpg 497w, https:\/\/agora.xtec.cat\/escolalavilapalamos\/wp-content\/uploads\/usu897\/2019\/01\/nofc-300x211.jpg 300w\" sizes=\"auto, (max-width: 360px) 100vw, 360px\" \/><\/p>\n<p>L&#8217;escola disposa de les Normes d&#8217;organitzaci\u00f3 i funcionament del centre (NOFC)<\/p>\n<p><a href=\"https:\/\/drive.google.com\/file\/d\/1X5q9Cy1gXQHhtNJwSWS0lgXdZj4vnKIx\/view?usp=sharing\">Clica aqu\u00ed per descarregar-te la normativa de l&#8217;escola<\/a> ( actualitzada el curs 2020-21)<\/p>\n<p>Correspon al centre educatiu determinar l&#8217;estructura organitzativa pr\u00f2pia d&#8217;acord amb\u00a0els objectius i criteris del projecte educatiu de centre. L&#8217;organitzaci\u00f3 no \u00e9s una finalitat\u00a0en si mateixa, sin\u00f3 un instrument per desenvolupar i fer possible el projecte educatiu i,\u00a0en \u00faltim terme, assolir l&#8217;\u00e8xit educatiu.<\/p>\n<p>Els centres educatius elaboren les <strong>Normes d&#8217;organitzaci\u00f3 i funcionament (NOFC)<\/strong>,\u00a0d&#8217;acord amb el que estableix el Decret 102\/2010, d&#8217;autonomia dels centres educatius.<\/p>\n<div>Les NOFC contenen els elements relacionats amb l&#8217;estructura organitzativa del\u00a0centre:<\/div>\n<div><\/div>\n<div><\/div>\n<div><\/div>\n<div>\n<div>1. Els criteris organitzatius dels centres p\u00fablics:<\/div>\n<div><\/div>\n<ul>\n<li>Estructura organitzativa de govern i de coordinaci\u00f3.<\/li>\n<li>El nombre d&#8217;\u00f2rgans unipersonals addicionals de direcci\u00f3.<\/li>\n<li>Criteris espec\u00edfics organitzatius.<\/li>\n<li>Les compet\u00e8ncies i la composici\u00f3 dels \u00f2rgans de govern i de coordinaci\u00f3.<\/li>\n<li>Les funcions de govern o de gesti\u00f3 del cap o de la cap d\u2019estudis, del secretari o de la secret\u00e0ria i dels \u00f2rgans unipersonals de direcci\u00f3 addicionals.<\/li>\n<li>Finalitats addicionals de la coordinaci\u00f3 docent.<\/li>\n<li>Formalitzaci\u00f3 dels enc\u00e0rrecs de funcions de la direcci\u00f3.<\/li>\n<\/ul>\n<div>2. Criteris i mecanismes pedag\u00f2gics:<\/div>\n<div><\/div>\n<ul>\n<li>Concreci\u00f3 de l&#8217;organitzaci\u00f3 pedag\u00f2gica.<\/li>\n<li>Concreci\u00f3 de l\u2019organitzaci\u00f3 del temps per a l&#8217;activitat lectiva i no lectiva i de coordinaci\u00f3 del professorat.<\/li>\n<li>Criteris per a l&#8217;organitzaci\u00f3 dels grups d&#8217;alumnes.<\/li>\n<li>Criteris per a la formaci\u00f3 dels equips docents.<\/li>\n<li>Criteris per a l&#8217;atenci\u00f3 a la diversitat.<\/li>\n<li>Criteris per a l&#8217;organitzaci\u00f3 d&#8217;activitats no lectives de suport o de lleure educatiu.<\/li>\n<li>Mecanismes de coordinaci\u00f3 docent.<\/li>\n<\/ul>\n<div><\/div>\n<\/div>\n","protected":false},"excerpt":{"rendered":"<p>L&#8217;escola disposa de les Normes d&#8217;organitzaci\u00f3 i funcionament del centre (NOFC)<br \/>\n<a href=\"https:\/\/drive.google.com\/file\/d\/1X5q9Cy1gXQHhtNJwSWS0lgXdZj4vnKIx\/view?usp=sharing\">Clica aqu\u00ed per descarregar-te la normativa de l&#8217;escola<\/a> ( actualitzada el curs 2020-21)<br \/>\nCorrespon al centre educatiu determinar l&#8217;estructura organitzativa pr\u00f2pia d&#8217;acord amb\u00a0els objectius i criteris del projecte educatiu de centre. L&#8217;organitzaci\u00f3 no \u00e9s una&hellip;  <a href=\"https:\/\/agora.xtec.cat\/escolalavilapalamos\/normes-d-organitzacio-i-funcionament-del-centre\/\" title=\"Read Normes d&#8217;Organitzaci\u00f3 i funcionament del centre (NOFC)\">Llegeix m\u00e9s\u00bb<\/a><\/p>\n","protected":false},"author":1,"featured_media":0,"parent":0,"menu_order":0,"comment_status":"closed","ping_status":"closed","template":"","meta":{"_bbp_topic_count":0,"_bbp_reply_count":0,"_bbp_total_topic_count":0,"_bbp_total_reply_count":0,"_bbp_voice_count":0,"_bbp_anonymous_reply_count":0,"_bbp_topic_count_hidden":0,"_bbp_reply_count_hidden":0,"_bbp_forum_subforum_count":0,"footnotes":""},"class_list":["post-348","page","type-page","status-publish","hentry"],"post_mailing_queue_ids":[],"_links":{"self":[{"href":"https:\/\/agora.xtec.cat\/escolalavilapalamos\/wp-json\/wp\/v2\/pages\/348","targetHints":{"allow":["GET"]}}],"collection":[{"href":"https:\/\/agora.xtec.cat\/escolalavilapalamos\/wp-json\/wp\/v2\/pages"}],"about":[{"href":"https:\/\/agora.xtec.cat\/escolalavilapalamos\/wp-json\/wp\/v2\/types\/page"}],"author":[{"embeddable":true,"href":"https:\/\/agora.xtec.cat\/escolalavilapalamos\/wp-json\/wp\/v2\/users\/1"}],"replies":[{"embeddable":true,"href":"https:\/\/agora.xtec.cat\/escolalavilapalamos\/wp-json\/wp\/v2\/comments?post=348"}],"version-history":[{"count":4,"href":"https:\/\/agora.xtec.cat\/escolalavilapalamos\/wp-json\/wp\/v2\/pages\/348\/revisions"}],"predecessor-version":[{"id":9810,"href":"https:\/\/agora.xtec.cat\/escolalavilapalamos\/wp-json\/wp\/v2\/pages\/348\/revisions\/9810"}],"wp:attachment":[{"href":"https:\/\/agora.xtec.cat\/escolalavilapalamos\/wp-json\/wp\/v2\/media?parent=348"}],"curies":[{"name":"wp","href":"https:\/\/api.w.org\/{rel}","templated":true}]}}

Normes d&#8217;Organització i funcionament del centre (NOFC)

<p><img loading="lazy" decoding="async" class="wp-image-4565 aligncenter" src="https://agora.xtec.cat/escolalavilapalamos/wp-content/uploads/usu897/2019/01/nofc.jpg" alt="" width="360" height="253" srcset="https://agora.xtec.cat/escolalavilapalamos/wp-content/uploads/usu897/2019/01/nofc.jpg 497w, https://agora.xtec.cat/escolalavilapalamos/wp-content/uploads/usu897/2019/01/nofc-300x211.jpg 300w" sizes="auto, (max-width: 360px) 100vw, 360px" /></p>
<p>L&#8217;escola disposa de les Normes d&#8217;organització i funcionament del centre (NOFC)</p>
<p><a href="https://drive.google.com/file/d/1X5q9Cy1gXQHhtNJwSWS0lgXdZj4vnKIx/view?usp=sharing">Clica aquí per descarregar-te la normativa de l&#8217;escola</a> ( actualitzada el curs 2020-21)</p>
<p>Correspon al centre educatiu determinar l&#8217;estructura organitzativa pròpia d&#8217;acord amb els objectius i criteris del projecte educatiu de centre. L&#8217;organització no és una finalitat en si mateixa, sinó un instrument per desenvolupar i fer possible el projecte educatiu i, en últim terme, assolir l&#8217;èxit educatiu.</p>
<p>Els centres educatius elaboren les <strong>Normes d&#8217;organització i funcionament (NOFC)</strong>, d&#8217;acord amb el que estableix el Decret 102/2010, d&#8217;autonomia dels centres educatius.</p>
<div>Les NOFC contenen els elements relacionats amb l&#8217;estructura organitzativa del centre:</div>
<div></div>
<div></div>
<div></div>
<div>
<div>1. Els criteris organitzatius dels centres públics:</div>
<div></div>
<ul>
<li>Estructura organitzativa de govern i de coordinació.</li>
<li>El nombre d&#8217;òrgans unipersonals addicionals de direcció.</li>
<li>Criteris específics organitzatius.</li>
<li>Les competències i la composició dels òrgans de govern i de coordinació.</li>
<li>Les funcions de govern o de gestió del cap o de la cap d’estudis, del secretari o de la secretària i dels òrgans unipersonals de direcció addicionals.</li>
<li>Finalitats addicionals de la coordinació docent.</li>
<li>Formalització dels encàrrecs de funcions de la direcció.</li>
</ul>
<div>2. Criteris i mecanismes pedagògics:</div>
<div></div>
<ul>
<li>Concreció de l&#8217;organització pedagògica.</li>
<li>Concreció de l’organització del temps per a l&#8217;activitat lectiva i no lectiva i de coordinació del professorat.</li>
<li>Criteris per a l&#8217;organització dels grups d&#8217;alumnes.</li>
<li>Criteris per a la formació dels equips docents.</li>
<li>Criteris per a l&#8217;atenció a la diversitat.</li>
<li>Criteris per a l&#8217;organització d&#8217;activitats no lectives de suport o de lleure educatiu.</li>
<li>Mecanismes de coordinació docent.</li>
</ul>
<div></div>
</div>

<p>L&#8217;escola disposa de les Normes d&#8217;organització i funcionament del centre (NOFC)<br />
<a href="https://drive.google.com/file/d/1X5q9Cy1gXQHhtNJwSWS0lgXdZj4vnKIx/view?usp=sharing">Clica aquí per descarregar-te la normativa de l&#8217;escola</a> ( actualitzada el curs 2020-21)<br />
Correspon al centre educatiu determinar l&#8217;estructura organitzativa pròpia d&#8217;acord amb els objectius i criteris del projecte educatiu de centre. L&#8217;organització no és una&hellip;  <a href="https://agora.xtec.cat/escolalavilapalamos/normes-d-organitzacio-i-funcionament-del-centre/" title="Read Normes d&#8217;Organització i funcionament del centre (NOFC)">Llegeix més»</a></p>
