{"id":26,"date":"2014-09-18T12:24:32","date_gmt":"2014-09-18T12:24:32","guid":{"rendered":"http:\/\/agora.xtec.cat\/escolalavilapalamos\/\/?page_id=26"},"modified":"2020-12-15T15:28:56","modified_gmt":"2020-12-15T14:28:56","slug":"historia","status":"publish","type":"page","link":"https:\/\/agora.xtec.cat\/escolalavilapalamos\/lescola\/historia\/","title":{"rendered":"Hist\u00f2ria"},"content":{"rendered":"<div style=\"margin-bottom: 5px;\">\n<p><iframe loading=\"lazy\" title=\"Ru\u00edz Gim\u00e9nez  75 anys d&#039;hist\u00f2ria.mpg\" width=\"500\" height=\"375\" src=\"https:\/\/www.youtube.com\/embed\/XYXEmwlmclA?feature=oembed\" frameborder=\"0\" allow=\"accelerometer; autoplay; clipboard-write; encrypted-media; gyroscope; picture-in-picture; web-share\" referrerpolicy=\"strict-origin-when-cross-origin\" allowfullscreen><\/iframe><\/p>\n<\/div>\n<div style=\"margin-bottom: 5px;\"><\/div>\n<p style=\"margin-bottom: 5px;\"><span style=\"color: #0000ff;\"><strong>L&#8217;Escola La Vila de Palam\u00f3s<\/strong><\/span> es va anomenar <span style=\"color: #3366ff;\">Escola Ruiz Gim\u00e9nez<\/span> en el per\u00edode 1963-2014. El gener del 2014 va recuperar el seu nom hist\u00f2ric, Escola La Vila. L&#8217;audiovisual es va realitzar a ra\u00f3 de l&#8217;exposici\u00f3 dels 75 anys de l&#8217;escola, la tardor del 2008.<\/p>\n<p style=\"margin-bottom: 5px;\">\n<p style=\"margin-bottom: 5px;\"><span style=\"font-family: arial,helvetica,sans-serif;\">Agra\u00efments a tota la <strong>Comissi\u00f3 del 75\u00e8 aniversari<\/strong> de l&#8217;escola i a l&#8217;<strong>Ajuntament de Palam\u00f3s<\/strong> per l&#8217;elaboraci\u00f3 d&#8217;aquest material hist\u00f2ric de la nostra escola.<\/span><\/p>\n<p style=\"margin-bottom: 5px;\">\n<p style=\"margin-bottom: 5px;\">\u00c9s un audiovisual realitzat per <em>Carla Riembau i Marc\u00f3<\/em> el 2008 dins el seu treball de recerca de 2n de batxillerat.<\/p>\n","protected":false},"excerpt":{"rendered":"<p>L&#8217;Escola La Vila de Palam\u00f3s es va anomenar Escola Ruiz Gim\u00e9nez en el per\u00edode 1963-2014. El gener del 2014 va recuperar el seu nom hist\u00f2ric, Escola La Vila. L&#8217;audiovisual es va realitzar a ra\u00f3 de l&#8217;exposici\u00f3 dels 75 anys de l&#8217;escola, la tardor del 2008.<\/p>\n<p>Agra\u00efments&hellip;  <a href=\"https:\/\/agora.xtec.cat\/escolalavilapalamos\/lescola\/historia\/\" title=\"Read Hist\u00f2ria\">Llegeix m\u00e9s\u00bb<\/a><\/p>\n","protected":false},"author":2,"featured_media":0,"parent":22,"menu_order":20,"comment_status":"closed","ping_status":"closed","template":"page-templates\/side-menu.php","meta":{"_bbp_topic_count":0,"_bbp_reply_count":0,"_bbp_total_topic_count":0,"_bbp_total_reply_count":0,"_bbp_voice_count":0,"_bbp_anonymous_reply_count":0,"_bbp_topic_count_hidden":0,"_bbp_reply_count_hidden":0,"_bbp_forum_subforum_count":0,"footnotes":""},"class_list":["post-26","page","type-page","status-publish","hentry"],"post_mailing_queue_ids":[],"_links":{"self":[{"href":"https:\/\/agora.xtec.cat\/escolalavilapalamos\/wp-json\/wp\/v2\/pages\/26","targetHints":{"allow":["GET"]}}],"collection":[{"href":"https:\/\/agora.xtec.cat\/escolalavilapalamos\/wp-json\/wp\/v2\/pages"}],"about":[{"href":"https:\/\/agora.xtec.cat\/escolalavilapalamos\/wp-json\/wp\/v2\/types\/page"}],"author":[{"embeddable":true,"href":"https:\/\/agora.xtec.cat\/escolalavilapalamos\/wp-json\/wp\/v2\/users\/2"}],"replies":[{"embeddable":true,"href":"https:\/\/agora.xtec.cat\/escolalavilapalamos\/wp-json\/wp\/v2\/comments?post=26"}],"version-history":[{"count":3,"href":"https:\/\/agora.xtec.cat\/escolalavilapalamos\/wp-json\/wp\/v2\/pages\/26\/revisions"}],"predecessor-version":[{"id":8752,"href":"https:\/\/agora.xtec.cat\/escolalavilapalamos\/wp-json\/wp\/v2\/pages\/26\/revisions\/8752"}],"up":[{"embeddable":true,"href":"https:\/\/agora.xtec.cat\/escolalavilapalamos\/wp-json\/wp\/v2\/pages\/22"}],"wp:attachment":[{"href":"https:\/\/agora.xtec.cat\/escolalavilapalamos\/wp-json\/wp\/v2\/media?parent=26"}],"curies":[{"name":"wp","href":"https:\/\/api.w.org\/{rel}","templated":true}]}}

Història

<div style="margin-bottom: 5px;">
<p><iframe loading="lazy" title="Ruíz Giménez  75 anys d&#039;història.mpg" width="500" height="375" src="https://www.youtube.com/embed/XYXEmwlmclA?feature=oembed" frameborder="0" allow="accelerometer; autoplay; clipboard-write; encrypted-media; gyroscope; picture-in-picture; web-share" referrerpolicy="strict-origin-when-cross-origin" allowfullscreen></iframe></p>
</div>
<div style="margin-bottom: 5px;"></div>
<p style="margin-bottom: 5px;"><span style="color: #0000ff;"><strong>L&#8217;Escola La Vila de Palamós</strong></span> es va anomenar <span style="color: #3366ff;">Escola Ruiz Giménez</span> en el període 1963-2014. El gener del 2014 va recuperar el seu nom històric, Escola La Vila. L&#8217;audiovisual es va realitzar a raó de l&#8217;exposició dels 75 anys de l&#8217;escola, la tardor del 2008.</p>
<p style="margin-bottom: 5px;">
<p style="margin-bottom: 5px;"><span style="font-family: arial,helvetica,sans-serif;">Agraïments a tota la <strong>Comissió del 75è aniversari</strong> de l&#8217;escola i a l&#8217;<strong>Ajuntament de Palamós</strong> per l&#8217;elaboració d&#8217;aquest material històric de la nostra escola.</span></p>
<p style="margin-bottom: 5px;">
<p style="margin-bottom: 5px;">És un audiovisual realitzat per <em>Carla Riembau i Marcó</em> el 2008 dins el seu treball de recerca de 2n de batxillerat.</p>

<p>L&#8217;Escola La Vila de Palamós es va anomenar Escola Ruiz Giménez en el període 1963-2014. El gener del 2014 va recuperar el seu nom històric, Escola La Vila. L&#8217;audiovisual es va realitzar a raó de l&#8217;exposició dels 75 anys de l&#8217;escola, la tardor del 2008.</p>
<p>Agraïments&hellip;  <a href="https://agora.xtec.cat/escolalavilapalamos/lescola/historia/" title="Read Història">Llegeix més»</a></p>
