{"id":245,"date":"2016-09-21T09:32:15","date_gmt":"2016-09-21T08:32:15","guid":{"rendered":"http:\/\/agora.xtec.cat\/escolalavilapalamos\/?page_id=245"},"modified":"2016-09-22T09:00:59","modified_gmt":"2016-09-22T08:00:59","slug":"abans-de-1931-lafany-de-construir-una-escola-publica","status":"publish","type":"page","link":"https:\/\/agora.xtec.cat\/escolalavilapalamos\/lescola\/historia\/abans-de-1931-lafany-de-construir-una-escola-publica\/","title":{"rendered":"ABANS DE 1931: L&#8217;AFANY DE CONSTRUIR UNA ESCOLA P\u00daBLICA"},"content":{"rendered":"<p><span style=\"font-family: arial,helvetica,sans-serif;\"><strong>MOMENT HIST\u00d2RIC <\/strong><\/span><\/p>\n<div class=\"content-paragraph\">\n<p align=\"justify\"><span style=\"font-family: arial,helvetica,sans-serif;\">A l\u2019Estat Espanyol el 1874 \u00e9s proclama rei d\u2019Espanya Alfons XII i el 1876 s\u2019aprova la nova Constituci\u00f3, en vigor fins el 1923. El 1885, la reina Maria Cristina assumeix el mandat fins el 1902, quan puja al tro Alfons XIII. Durant el seu regnat s\u2019instaura la Dictadura de Primo de Rivera (1923- 1930) i el 1931, amb la proclamaci\u00f3 de la segona rep\u00fablica i una nova constituci\u00f3, el rei es veu obligat a exiliar-se.<br \/>\n<\/span><\/p>\n<div align=\"justify\">\n<p align=\"justify\"><span style=\"font-family: arial,helvetica,sans-serif;\">A Palam\u00f3s s\u2019inaugura el Tren Petit el 1887, es construeix el Moll Nou el 1902 i el Passeig del Mar el 1914.<\/span><\/p>\n<p><span style=\"font-family: arial,helvetica,sans-serif;\"><strong>LEGISLACI\u00d3 I EDUCACI\u00d3 <\/strong><\/span><\/p>\n<\/div>\n<div align=\"justify\">\n<p><span style=\"font-family: arial,helvetica,sans-serif;\">Regeix la Llei educativa del 9 de setembre de 1857 que contempla que l\u2019ensenyament elemental sigui obligatori dels sis als nou anys. Segons l\u2019article 8 de la mateixa llei, \u201dlos que no cumplieren con este deber, ser\u00e1n castigados con la multa de 2 hasta 20 reales\u201d. Els continguts s\u00f3n: doctrina cristiana, hist\u00f2ria sagrada, lectura, escriptura, gram\u00e0tica i ortografia castellana, aritm\u00e8tica i sistema legal de mesures, peses i monedes. Pels nens: agricultura, ind\u00fastria i comer\u00e7, segons les caracter\u00edstiques del poble. Per les nenes: labors pr\u00f2pies del sexe, dibuix aplicat a les labors i nocions d\u2019higiene dom\u00e8stica.<\/span><\/p>\n<\/div>\n<p><span style=\"font-family: arial,helvetica,sans-serif;\"><br \/>\n<strong>COM S&#8217;APR\u00c8N I COM S&#8217;ENSENYA<\/strong><\/span><\/p>\n<p><span style=\"font-family: arial,helvetica,sans-serif;\">L\u2019aprenentatge utilitza b\u00e0sicament el llibre i la llibreta, per\u00f2 tamb\u00e9 ofereix diverses activitats com: visita a l\u2019Hospital de Palam\u00f3s, visites d\u2019escoles d\u2019altres pobles, exposicions de treballs dels alumnes, sortida al teatre Carme per veure la pel\u00b7l\u00edcula Maria de Magdala, revista escolar de l\u2019escola de nois, visita de l\u2019exposici\u00f3 universal de Barcelona (nom\u00e9s els nois) i celebraci\u00f3 de la festa de l\u2019arbre (nens i nenes). S\u2019ensenya catal\u00e0 i hist\u00f2ria de Catalunya.<\/span><\/p>\n<p><span style=\"font-family: arial,helvetica,sans-serif;\"><br \/>\n<strong>EDIFICI ESCOLAR<\/strong><\/span><\/p>\n<div align=\"justify\"><span style=\"font-family: arial,helvetica,sans-serif;\">A partir del 1700, el Consell de la Vila lloga cases per fer-les servir d\u2019estudi i com a vivenda de mestres. El 1772 es construeix un edifici per escola, darrere l\u2019esgl\u00e9sia. El setembre de 1920, davant de la necessitat d\u2019un nou edifici, es fa un m\u00edting al teatre Carmen. A l\u2019agost del 1922 es fa una crida per animar els palamosins a fer donacions pro escoles. Entre 1925 i 1930 es coneixen tres projectes arquitect\u00f2nics: un al camp de futbol vell, un altre al passeig i el darrer al carrer Foment, que ser\u00e0 el definitiu. El projecte s\u2019aprova amb un pressupost de 395.924\u201996 pessetes i l\u2019ajuntament posa en circulaci\u00f3 500 accions de 500 pessetes per aportar cabals per a la construcci\u00f3 de les escoles. L\u2019obra s\u2019inicia el 7 de juliol de 1931 i finalitza el 9 de juliol de 1933.<\/span><\/div>\n<\/div>\n<div align=\"justify\"><\/div>\n<div align=\"justify\"><\/div>\n<div class=\"content-slideshare\"><\/div>\n<p><iframe loading=\"lazy\" style=\"border: 1px solid #CCC; border-width: 1px; margin-bottom: 5px; max-width: 100%;\" src=\"\/\/www.slideshare.net\/slideshow\/embed_code\/key\/oCMQ3auAxlg207\" width=\"595\" height=\"485\" frameborder=\"0\" marginwidth=\"0\" marginheight=\"0\" scrolling=\"no\" allowfullscreen=\"allowfullscreen\"> <\/iframe><\/p>\n<div style=\"margin-bottom: 5px;\"><strong> <a title=\"L'escola abans de 1933\" href=\"\/\/www.slideshare.net\/EscolaRuizGimenezPalams\/lescola-abans-de-1933\" target=\"_blank\">L&#8217;escola abans de 1933<\/a><\/strong><\/div>\n","protected":false},"excerpt":{"rendered":"<p>MOMENT HIST\u00d2RIC <\/p>\n<p>A l\u2019Estat Espanyol el 1874 \u00e9s proclama rei d\u2019Espanya Alfons XII i el 1876 s\u2019aprova la nova Constituci\u00f3, en vigor fins el 1923. El 1885, la reina Maria Cristina assumeix el mandat fins el 1902, quan puja al tro Alfons XIII. Durant el&hellip;  <a href=\"https:\/\/agora.xtec.cat\/escolalavilapalamos\/lescola\/historia\/abans-de-1931-lafany-de-construir-una-escola-publica\/\" title=\"Read ABANS DE 1931: L&#8217;AFANY DE CONSTRUIR UNA ESCOLA P\u00daBLICA\">Llegeix m\u00e9s\u00bb<\/a><\/p>\n","protected":false},"author":1,"featured_media":0,"parent":26,"menu_order":21,"comment_status":"closed","ping_status":"closed","template":"page-templates\/side-menu.php","meta":{"_bbp_topic_count":0,"_bbp_reply_count":0,"_bbp_total_topic_count":0,"_bbp_total_reply_count":0,"_bbp_voice_count":0,"_bbp_anonymous_reply_count":0,"_bbp_topic_count_hidden":0,"_bbp_reply_count_hidden":0,"_bbp_forum_subforum_count":0,"footnotes":""},"class_list":["post-245","page","type-page","status-publish","hentry"],"post_mailing_queue_ids":[],"_links":{"self":[{"href":"https:\/\/agora.xtec.cat\/escolalavilapalamos\/wp-json\/wp\/v2\/pages\/245","targetHints":{"allow":["GET"]}}],"collection":[{"href":"https:\/\/agora.xtec.cat\/escolalavilapalamos\/wp-json\/wp\/v2\/pages"}],"about":[{"href":"https:\/\/agora.xtec.cat\/escolalavilapalamos\/wp-json\/wp\/v2\/types\/page"}],"author":[{"embeddable":true,"href":"https:\/\/agora.xtec.cat\/escolalavilapalamos\/wp-json\/wp\/v2\/users\/1"}],"replies":[{"embeddable":true,"href":"https:\/\/agora.xtec.cat\/escolalavilapalamos\/wp-json\/wp\/v2\/comments?post=245"}],"version-history":[{"count":3,"href":"https:\/\/agora.xtec.cat\/escolalavilapalamos\/wp-json\/wp\/v2\/pages\/245\/revisions"}],"predecessor-version":[{"id":252,"href":"https:\/\/agora.xtec.cat\/escolalavilapalamos\/wp-json\/wp\/v2\/pages\/245\/revisions\/252"}],"up":[{"embeddable":true,"href":"https:\/\/agora.xtec.cat\/escolalavilapalamos\/wp-json\/wp\/v2\/pages\/26"}],"wp:attachment":[{"href":"https:\/\/agora.xtec.cat\/escolalavilapalamos\/wp-json\/wp\/v2\/media?parent=245"}],"curies":[{"name":"wp","href":"https:\/\/api.w.org\/{rel}","templated":true}]}}

ABANS DE 1931: L&#8217;AFANY DE CONSTRUIR UNA ESCOLA PÚBLICA

<p><span style="font-family: arial,helvetica,sans-serif;"><strong>MOMENT HISTÒRIC </strong></span></p>
<div class="content-paragraph">
<p align="justify"><span style="font-family: arial,helvetica,sans-serif;">A l’Estat Espanyol el 1874 és proclama rei d’Espanya Alfons XII i el 1876 s’aprova la nova Constitució, en vigor fins el 1923. El 1885, la reina Maria Cristina assumeix el mandat fins el 1902, quan puja al tro Alfons XIII. Durant el seu regnat s’instaura la Dictadura de Primo de Rivera (1923- 1930) i el 1931, amb la proclamació de la segona república i una nova constitució, el rei es veu obligat a exiliar-se.<br />
</span></p>
<div align="justify">
<p align="justify"><span style="font-family: arial,helvetica,sans-serif;">A Palamós s’inaugura el Tren Petit el 1887, es construeix el Moll Nou el 1902 i el Passeig del Mar el 1914.</span></p>
<p><span style="font-family: arial,helvetica,sans-serif;"><strong>LEGISLACIÓ I EDUCACIÓ </strong></span></p>
</div>
<div align="justify">
<p><span style="font-family: arial,helvetica,sans-serif;">Regeix la Llei educativa del 9 de setembre de 1857 que contempla que l’ensenyament elemental sigui obligatori dels sis als nou anys. Segons l’article 8 de la mateixa llei, ”los que no cumplieren con este deber, serán castigados con la multa de 2 hasta 20 reales”. Els continguts són: doctrina cristiana, història sagrada, lectura, escriptura, gramàtica i ortografia castellana, aritmètica i sistema legal de mesures, peses i monedes. Pels nens: agricultura, indústria i comerç, segons les característiques del poble. Per les nenes: labors pròpies del sexe, dibuix aplicat a les labors i nocions d’higiene domèstica.</span></p>
</div>
<p><span style="font-family: arial,helvetica,sans-serif;"><br />
<strong>COM S&#8217;APRÈN I COM S&#8217;ENSENYA</strong></span></p>
<p><span style="font-family: arial,helvetica,sans-serif;">L’aprenentatge utilitza bàsicament el llibre i la llibreta, però també ofereix diverses activitats com: visita a l’Hospital de Palamós, visites d’escoles d’altres pobles, exposicions de treballs dels alumnes, sortida al teatre Carme per veure la pel·lícula Maria de Magdala, revista escolar de l’escola de nois, visita de l’exposició universal de Barcelona (només els nois) i celebració de la festa de l’arbre (nens i nenes). S’ensenya català i història de Catalunya.</span></p>
<p><span style="font-family: arial,helvetica,sans-serif;"><br />
<strong>EDIFICI ESCOLAR</strong></span></p>
<div align="justify"><span style="font-family: arial,helvetica,sans-serif;">A partir del 1700, el Consell de la Vila lloga cases per fer-les servir d’estudi i com a vivenda de mestres. El 1772 es construeix un edifici per escola, darrere l’església. El setembre de 1920, davant de la necessitat d’un nou edifici, es fa un míting al teatre Carmen. A l’agost del 1922 es fa una crida per animar els palamosins a fer donacions pro escoles. Entre 1925 i 1930 es coneixen tres projectes arquitectònics: un al camp de futbol vell, un altre al passeig i el darrer al carrer Foment, que serà el definitiu. El projecte s’aprova amb un pressupost de 395.924’96 pessetes i l’ajuntament posa en circulació 500 accions de 500 pessetes per aportar cabals per a la construcció de les escoles. L’obra s’inicia el 7 de juliol de 1931 i finalitza el 9 de juliol de 1933.</span></div>
</div>
<div align="justify"></div>
<div align="justify"></div>
<div class="content-slideshare"></div>
<p><iframe loading="lazy" style="border: 1px solid #CCC; border-width: 1px; margin-bottom: 5px; max-width: 100%;" src="//www.slideshare.net/slideshow/embed_code/key/oCMQ3auAxlg207" width="595" height="485" frameborder="0" marginwidth="0" marginheight="0" scrolling="no" allowfullscreen="allowfullscreen"> </iframe></p>
<div style="margin-bottom: 5px;"><strong> <a title="L'escola abans de 1933" href="//www.slideshare.net/EscolaRuizGimenezPalams/lescola-abans-de-1933" target="_blank">L&#8217;escola abans de 1933</a></strong></div>

<p>MOMENT HISTÒRIC </p>
<p>A l’Estat Espanyol el 1874 és proclama rei d’Espanya Alfons XII i el 1876 s’aprova la nova Constitució, en vigor fins el 1923. El 1885, la reina Maria Cristina assumeix el mandat fins el 1902, quan puja al tro Alfons XIII. Durant el&hellip;  <a href="https://agora.xtec.cat/escolalavilapalamos/lescola/historia/abans-de-1931-lafany-de-construir-una-escola-publica/" title="Read ABANS DE 1931: L&#8217;AFANY DE CONSTRUIR UNA ESCOLA PÚBLICA">Llegeix més»</a></p>
