{"id":22,"date":"2014-09-18T12:19:57","date_gmt":"2014-09-18T12:19:57","guid":{"rendered":"http:\/\/agora.xtec.cat\/escolalavilapalamos\/\/?page_id=22"},"modified":"2016-12-13T13:13:49","modified_gmt":"2016-12-13T12:13:49","slug":"lescola","status":"publish","type":"page","link":"https:\/\/agora.xtec.cat\/escolalavilapalamos\/lescola\/","title":{"rendered":"L&#8217;escola"},"content":{"rendered":"<p><img loading=\"lazy\" decoding=\"async\" class=\"alignright\" src=\"http:\/\/1.bp.blogspot.com\/-JXCE7K3n2vE\/Uz50b7sckFI\/AAAAAAAAHaU\/oDmijxzrQGM\/w1200-h630-p-nu\/escola+la+vila+palam%C3%B3s.jpg\" width=\"453\" height=\"238\" \/>Som una escola catalana de titularitat p\u00fablica del centre de la ciutat i amb una llarga tradici\u00f3 a la ciutat de Palam\u00f3s (inaugurada el 1933). Ens hem anat adaptant als canvis de la nostra societat i a partir del curs 2006-2007 gaudim d\u2019una escola amb tots els espais reformats. L\u2019edifici conserva la seva fa\u00e7ana i elements originals de l\u2019\u00e8poca i ha estat objecte de diferents remodelacions i ampliacions fins a convertir-se en el centre actual que \u00e9s de dues l\u00ednies. La nostra ubicaci\u00f3 ens permet gaudir de les activitats que ens ofereix la ciutat.<br \/>\nUn elevat percentatge de l\u2019alumnat prov\u00e9 de barris propers a l\u2019escola, per\u00f2 donada l\u2019extensi\u00f3 del municipi, tamb\u00e9 hi ha alumnat que ve de llocs m\u00e9s distants. El nivell socioecon\u00f2mic de les fam\u00edlies i les seves ocupacions s\u00f3n de car\u00e0cter divers.<\/p>\n<p>T\u00e9 entre 460 i 480 alumnes, des del grup de 3 anys fins als nens de 6\u00e8.<\/p>\n<p>La nostra escola \u00e9s:<\/p>\n<p>\u00b7 Escola catalana.<\/p>\n<p>\u00b7 Escola inclusiva. Educaci\u00f3 per a la diversitat.<\/p>\n<p>\u00b7 Escola democr\u00e0tica, dialogant i oberta a la participaci\u00f3.<\/p>\n<p>\u00b7 Escola aconfessional i pluralista.<\/p>\n<p>\u00b7 Escola coeducadora i no sexista.<\/p>\n<p>\u00b7 Educaci\u00f3 per a la pau, la cooperaci\u00f3 i la solidaritat.<\/p>\n<p>\u00b7 Educaci\u00f3 transversal per a l\u2019assoliment de les compet\u00e8ncies b\u00e0siques.<\/p>\n<p>\u00b7 Escola pluriling\u00fce.<\/p>\n<p>\u00b7 Escola oberta a les tecnologies de la informaci\u00f3 i de la comunicaci\u00f3.<\/p>\n<p>\u00b7 Educaci\u00f3 com a proc\u00e9s integral.<\/p>\n<p>\u00b7 Coher\u00e8ncia en el proc\u00e9s de l\u2019alumne.<\/p>\n<p>\u00b7 Educaci\u00f3 per a la socialitzaci\u00f3.<\/p>\n<p>\u00b7 Capacitat d\u2019innovaci\u00f3.<\/p>\n<p>\u00b7 Experimentaci\u00f3.<\/p>\n<p>&nbsp;<\/p>\n","protected":false},"excerpt":{"rendered":"<p>Som una escola catalana de titularitat p\u00fablica del centre de la ciutat i amb una llarga tradici\u00f3 a la ciutat de Palam\u00f3s (inaugurada el 1933). Ens hem anat adaptant als canvis de la nostra societat i a partir del curs 2006-2007 gaudim d\u2019una escola amb&hellip;  <a href=\"https:\/\/agora.xtec.cat\/escolalavilapalamos\/lescola\/\" title=\"Read L&#8217;escola\">Llegeix m\u00e9s\u00bb<\/a><\/p>\n","protected":false},"author":2,"featured_media":0,"parent":0,"menu_order":0,"comment_status":"closed","ping_status":"closed","template":"page-templates\/side-menu.php","meta":{"_bbp_topic_count":0,"_bbp_reply_count":0,"_bbp_total_topic_count":0,"_bbp_total_reply_count":0,"_bbp_voice_count":0,"_bbp_anonymous_reply_count":0,"_bbp_topic_count_hidden":0,"_bbp_reply_count_hidden":0,"_bbp_forum_subforum_count":0,"footnotes":""},"class_list":["post-22","page","type-page","status-publish","hentry"],"post_mailing_queue_ids":[],"_links":{"self":[{"href":"https:\/\/agora.xtec.cat\/escolalavilapalamos\/wp-json\/wp\/v2\/pages\/22","targetHints":{"allow":["GET"]}}],"collection":[{"href":"https:\/\/agora.xtec.cat\/escolalavilapalamos\/wp-json\/wp\/v2\/pages"}],"about":[{"href":"https:\/\/agora.xtec.cat\/escolalavilapalamos\/wp-json\/wp\/v2\/types\/page"}],"author":[{"embeddable":true,"href":"https:\/\/agora.xtec.cat\/escolalavilapalamos\/wp-json\/wp\/v2\/users\/2"}],"replies":[{"embeddable":true,"href":"https:\/\/agora.xtec.cat\/escolalavilapalamos\/wp-json\/wp\/v2\/comments?post=22"}],"version-history":[{"count":3,"href":"https:\/\/agora.xtec.cat\/escolalavilapalamos\/wp-json\/wp\/v2\/pages\/22\/revisions"}],"predecessor-version":[{"id":462,"href":"https:\/\/agora.xtec.cat\/escolalavilapalamos\/wp-json\/wp\/v2\/pages\/22\/revisions\/462"}],"wp:attachment":[{"href":"https:\/\/agora.xtec.cat\/escolalavilapalamos\/wp-json\/wp\/v2\/media?parent=22"}],"curies":[{"name":"wp","href":"https:\/\/api.w.org\/{rel}","templated":true}]}}

<p><img loading="lazy" decoding="async" class="alignright" src="http://1.bp.blogspot.com/-JXCE7K3n2vE/Uz50b7sckFI/AAAAAAAAHaU/oDmijxzrQGM/w1200-h630-p-nu/escola+la+vila+palam%C3%B3s.jpg" width="453" height="238" />Som una escola catalana de titularitat pública del centre de la ciutat i amb una llarga tradició a la ciutat de Palamós (inaugurada el 1933). Ens hem anat adaptant als canvis de la nostra societat i a partir del curs 2006-2007 gaudim d’una escola amb tots els espais reformats. L’edifici conserva la seva façana i elements originals de l’època i ha estat objecte de diferents remodelacions i ampliacions fins a convertir-se en el centre actual que és de dues línies. La nostra ubicació ens permet gaudir de les activitats que ens ofereix la ciutat.<br />
Un elevat percentatge de l’alumnat prové de barris propers a l’escola, però donada l’extensió del municipi, també hi ha alumnat que ve de llocs més distants. El nivell socioeconòmic de les famílies i les seves ocupacions són de caràcter divers.</p>
<p>Té entre 460 i 480 alumnes, des del grup de 3 anys fins als nens de 6è.</p>
<p>La nostra escola és:</p>
<p>· Escola catalana.</p>
<p>· Escola inclusiva. Educació per a la diversitat.</p>
<p>· Escola democràtica, dialogant i oberta a la participació.</p>
<p>· Escola aconfessional i pluralista.</p>
<p>· Escola coeducadora i no sexista.</p>
<p>· Educació per a la pau, la cooperació i la solidaritat.</p>
<p>· Educació transversal per a l’assoliment de les competències bàsiques.</p>
<p>· Escola plurilingüe.</p>
<p>· Escola oberta a les tecnologies de la informació i de la comunicació.</p>
<p>· Educació com a procés integral.</p>
<p>· Coherència en el procés de l’alumne.</p>
<p>· Educació per a la socialització.</p>
<p>· Capacitat d’innovació.</p>
<p>· Experimentació.</p>
<p>&nbsp;</p>

<p>Som una escola catalana de titularitat pública del centre de la ciutat i amb una llarga tradició a la ciutat de Palamós (inaugurada el 1933). Ens hem anat adaptant als canvis de la nostra societat i a partir del curs 2006-2007 gaudim d’una escola amb&hellip;  <a href="https://agora.xtec.cat/escolalavilapalamos/lescola/" title="Read L&#8217;escola">Llegeix més»</a></p>
