{"id":12571,"date":"2022-11-29T09:44:19","date_gmt":"2022-11-29T08:44:19","guid":{"rendered":"https:\/\/agora.xtec.cat\/escolalavilapalamos\/?page_id=12571"},"modified":"2026-01-26T15:19:21","modified_gmt":"2026-01-26T14:19:21","slug":"el-consell-dinfants","status":"publish","type":"page","link":"https:\/\/agora.xtec.cat\/escolalavilapalamos\/lescola\/el-consell-dinfants\/","title":{"rendered":"El Consell d&#8217;Infants de La Vila"},"content":{"rendered":"<blockquote><p><b><img loading=\"lazy\" decoding=\"async\" class=\"wp-image-12528 alignright\" src=\"https:\/\/agora.xtec.cat\/escolalavilapalamos\/wp-content\/uploads\/usu897\/2022\/11\/Consell-dinfants.jpg\" alt=\"\" width=\"538\" height=\"302\" srcset=\"https:\/\/agora.xtec.cat\/escolalavilapalamos\/wp-content\/uploads\/usu897\/2022\/11\/Consell-dinfants.jpg 1920w, https:\/\/agora.xtec.cat\/escolalavilapalamos\/wp-content\/uploads\/usu897\/2022\/11\/Consell-dinfants-300x169.jpg 300w, https:\/\/agora.xtec.cat\/escolalavilapalamos\/wp-content\/uploads\/usu897\/2022\/11\/Consell-dinfants-1024x576.jpg 1024w, https:\/\/agora.xtec.cat\/escolalavilapalamos\/wp-content\/uploads\/usu897\/2022\/11\/Consell-dinfants-768x432.jpg 768w, https:\/\/agora.xtec.cat\/escolalavilapalamos\/wp-content\/uploads\/usu897\/2022\/11\/Consell-dinfants-1536x864.jpg 1536w\" sizes=\"auto, (max-width: 538px) 100vw, 538px\" \/><\/b> <span style=\"font-family: inherit; font-size: 1em;\">A l&#8217;escola La Vila, el curs 22-23 vam iniciar el Consell d&#8217;Infants.\u00a0<\/span><\/p>\n<p><strong>El consell d&#8217;infants<\/strong> \u00e9s un \u00f2rgan consultiu de l\u2019 escola que ha de permetre la participaci\u00f3 dels infants a l\u2019hora d\u2019expressar les seves opinions i els seus interessos en tots aquells assumptes de l\u2019escola. La participaci\u00f3 dels alumnes en la pressa de decisions del centre es troba a la base de la din\u00e0mica democr\u00e0tica i de la governan\u00e7a.<\/p>\n<p>Es reivindica, aix\u00ed, la participaci\u00f3 dels infants en la vida p\u00fablica com una forma de millorar la seva qualitat de vida i la de la resta d\u2019alumnes, d\u2019una banda, i la democr\u00e0cia com a sistema pol\u00edtic, d\u2019una altra. <b>El Consell d\u2019infants<\/b> \u00e9s, fonamentalment, un espai de participaci\u00f3 pol\u00edtica dels infants, amb conseq\u00fc\u00e8ncies i efectes educatius, per\u00f2 que t\u00e9 per missi\u00f3 principal: <b>la presa de poder per expressar la seva opini\u00f3, les seves propostes i les seves demandes com a ciutadans-infants<\/b>.<\/p>\n<p>Una vegada al mes els delegats\/des i\/o representants de 6\u00e8 recullen les propostes de totes les assemblees d&#8217;aula que portaran al consell d&#8217;infants, preparen l&#8217;ordre del dia i organitzen el consell. Una vegada fet el consell d&#8217;infants aixequen una acta que comparteixen amb totes les aules.<\/p>\n<p>Avui en dia, el Consell d&#8217;Infants gaireb\u00e9 ha esdevingut un \u00f2rgan autogestionat pel propi alumnat, on les persones delegades de 6\u00e8 ja tenen consolidat el seu paper de gestors del Consell i, any rere any, esperen el seu moment de protagonisme dins la gesti\u00f3 real de l&#8217;escola.<\/p>\n<p><a href=\"https:\/\/drive.google.com\/file\/d\/1AVNPcmgkOyH14orUsQ_gX10ivNu90CwD\/view?usp=sharing\">M\u00e9s informaci\u00f3 del consell d&#8217;infants aqu\u00ed<\/a><\/p><\/blockquote>\n","protected":false},"excerpt":{"rendered":"<p> A l&#8217;escola La Vila, el curs 22-23 vam iniciar el Consell d&#8217;Infants.\u00a0<br \/>\nEl consell d&#8217;infants \u00e9s un \u00f2rgan consultiu de l\u2019 escola que ha de permetre la participaci\u00f3 dels infants a l\u2019hora d\u2019expressar les seves opinions i els seus interessos en tots aquells assumptes de&hellip;  <a href=\"https:\/\/agora.xtec.cat\/escolalavilapalamos\/lescola\/el-consell-dinfants\/\" title=\"Read El Consell d&#8217;Infants de La Vila\">Llegeix m\u00e9s\u00bb<\/a><\/p>\n","protected":false},"author":1,"featured_media":0,"parent":22,"menu_order":0,"comment_status":"closed","ping_status":"closed","template":"","meta":{"_bbp_topic_count":0,"_bbp_reply_count":0,"_bbp_total_topic_count":0,"_bbp_total_reply_count":0,"_bbp_voice_count":0,"_bbp_anonymous_reply_count":0,"_bbp_topic_count_hidden":0,"_bbp_reply_count_hidden":0,"_bbp_forum_subforum_count":0,"footnotes":""},"class_list":["post-12571","page","type-page","status-publish","hentry"],"post_mailing_queue_ids":[],"_links":{"self":[{"href":"https:\/\/agora.xtec.cat\/escolalavilapalamos\/wp-json\/wp\/v2\/pages\/12571","targetHints":{"allow":["GET"]}}],"collection":[{"href":"https:\/\/agora.xtec.cat\/escolalavilapalamos\/wp-json\/wp\/v2\/pages"}],"about":[{"href":"https:\/\/agora.xtec.cat\/escolalavilapalamos\/wp-json\/wp\/v2\/types\/page"}],"author":[{"embeddable":true,"href":"https:\/\/agora.xtec.cat\/escolalavilapalamos\/wp-json\/wp\/v2\/users\/1"}],"replies":[{"embeddable":true,"href":"https:\/\/agora.xtec.cat\/escolalavilapalamos\/wp-json\/wp\/v2\/comments?post=12571"}],"version-history":[{"count":6,"href":"https:\/\/agora.xtec.cat\/escolalavilapalamos\/wp-json\/wp\/v2\/pages\/12571\/revisions"}],"predecessor-version":[{"id":16338,"href":"https:\/\/agora.xtec.cat\/escolalavilapalamos\/wp-json\/wp\/v2\/pages\/12571\/revisions\/16338"}],"up":[{"embeddable":true,"href":"https:\/\/agora.xtec.cat\/escolalavilapalamos\/wp-json\/wp\/v2\/pages\/22"}],"wp:attachment":[{"href":"https:\/\/agora.xtec.cat\/escolalavilapalamos\/wp-json\/wp\/v2\/media?parent=12571"}],"curies":[{"name":"wp","href":"https:\/\/api.w.org\/{rel}","templated":true}]}}

<blockquote><p><b><img loading="lazy" decoding="async" class="wp-image-12528 alignright" src="https://agora.xtec.cat/escolalavilapalamos/wp-content/uploads/usu897/2022/11/Consell-dinfants.jpg" alt="" width="538" height="302" srcset="https://agora.xtec.cat/escolalavilapalamos/wp-content/uploads/usu897/2022/11/Consell-dinfants.jpg 1920w, https://agora.xtec.cat/escolalavilapalamos/wp-content/uploads/usu897/2022/11/Consell-dinfants-300x169.jpg 300w, https://agora.xtec.cat/escolalavilapalamos/wp-content/uploads/usu897/2022/11/Consell-dinfants-1024x576.jpg 1024w, https://agora.xtec.cat/escolalavilapalamos/wp-content/uploads/usu897/2022/11/Consell-dinfants-768x432.jpg 768w, https://agora.xtec.cat/escolalavilapalamos/wp-content/uploads/usu897/2022/11/Consell-dinfants-1536x864.jpg 1536w" sizes="auto, (max-width: 538px) 100vw, 538px" /></b> <span style="font-family: inherit; font-size: 1em;">A l&#8217;escola La Vila, el curs 22-23 vam iniciar el Consell d&#8217;Infants. </span></p>
<p><strong>El consell d&#8217;infants</strong> és un òrgan consultiu de l’ escola que ha de permetre la participació dels infants a l’hora d’expressar les seves opinions i els seus interessos en tots aquells assumptes de l’escola. La participació dels alumnes en la pressa de decisions del centre es troba a la base de la dinàmica democràtica i de la governança.</p>
<p>Es reivindica, així, la participació dels infants en la vida pública com una forma de millorar la seva qualitat de vida i la de la resta d’alumnes, d’una banda, i la democràcia com a sistema polític, d’una altra. <b>El Consell d’infants</b> és, fonamentalment, un espai de participació política dels infants, amb conseqüències i efectes educatius, però que té per missió principal: <b>la presa de poder per expressar la seva opinió, les seves propostes i les seves demandes com a ciutadans-infants</b>.</p>
<p>Una vegada al mes els delegats/des i/o representants de 6è recullen les propostes de totes les assemblees d&#8217;aula que portaran al consell d&#8217;infants, preparen l&#8217;ordre del dia i organitzen el consell. Una vegada fet el consell d&#8217;infants aixequen una acta que comparteixen amb totes les aules.</p>
<p>Avui en dia, el Consell d&#8217;Infants gairebé ha esdevingut un òrgan autogestionat pel propi alumnat, on les persones delegades de 6è ja tenen consolidat el seu paper de gestors del Consell i, any rere any, esperen el seu moment de protagonisme dins la gestió real de l&#8217;escola.</p>
<p><a href="https://drive.google.com/file/d/1AVNPcmgkOyH14orUsQ_gX10ivNu90CwD/view?usp=sharing">Més informació del consell d&#8217;infants aquí</a></p></blockquote>

<p> A l&#8217;escola La Vila, el curs 22-23 vam iniciar el Consell d&#8217;Infants. <br />
El consell d&#8217;infants és un òrgan consultiu de l’ escola que ha de permetre la participació dels infants a l’hora d’expressar les seves opinions i els seus interessos en tots aquells assumptes de&hellip;  <a href="https://agora.xtec.cat/escolalavilapalamos/lescola/el-consell-dinfants/" title="Read El Consell d&#8217;Infants de La Vila">Llegeix més»</a></p>
