{"id":12187,"date":"2022-10-05T15:03:34","date_gmt":"2022-10-05T13:03:34","guid":{"rendered":"https:\/\/agora.xtec.cat\/escolalavilapalamos\/?page_id=12187"},"modified":"2025-10-29T12:40:20","modified_gmt":"2025-10-29T11:40:20","slug":"atencio-a-les-families","status":"publish","type":"page","link":"https:\/\/agora.xtec.cat\/escolalavilapalamos\/lescola\/mestres\/atencio-a-les-families\/","title":{"rendered":"Atenci\u00f3 a les fam\u00edlies"},"content":{"rendered":"<ul>\n<li>L&#8217;horari d&#8217;atenci\u00f3 a les fam\u00edlies per part de <strong>tutories<\/strong>, per aquest curs 25-26, ser\u00e0, principalment, dilluns o divendres de 12h a 13h. Cal demanar entrevista amb la tutora o tutor amb antelaci\u00f3.<\/li>\n<li>L&#8217;horari d&#8217;atenci\u00f3 a <strong>Secretaria<\/strong> \u00e9s de dilluns a divendres, de 8.30h a 13h i de 14.30h a 16h.<\/li>\n<li>L&#8217;horari d&#8217;atenci\u00f3 a <strong>Direcci\u00f3<\/strong> \u00e9s de dilluns a divendres, de 8.30h a 9.50h.<\/li>\n<\/ul>\n","protected":false},"excerpt":{"rendered":"<ul>\n<li>L&#8217;horari d&#8217;atenci\u00f3 a les fam\u00edlies per part de tutories, per aquest curs 25-26, ser\u00e0, principalment, dilluns o divendres de 12h a 13h. Cal demanar entrevista amb la tutora o tutor amb antelaci\u00f3.<\/li>\n<li>L&#8217;horari d&#8217;atenci\u00f3 a Secretaria \u00e9s de dilluns a divendres, de 8.30h a 13h i&hellip;  <a href=\"https:\/\/agora.xtec.cat\/escolalavilapalamos\/lescola\/mestres\/atencio-a-les-families\/\" title=\"Read Atenci\u00f3 a les fam\u00edlies\">Llegeix m\u00e9s\u00bb<\/a><br \/>\n","protected":false},"author":1,"featured_media":0,"parent":435,"menu_order":0,"comment_status":"closed","ping_status":"closed","template":"","meta":{"_bbp_topic_count":0,"_bbp_reply_count":0,"_bbp_total_topic_count":0,"_bbp_total_reply_count":0,"_bbp_voice_count":0,"_bbp_anonymous_reply_count":0,"_bbp_topic_count_hidden":0,"_bbp_reply_count_hidden":0,"_bbp_forum_subforum_count":0,"footnotes":""},"class_list":["post-12187","page","type-page","status-publish","hentry"],"post_mailing_queue_ids":[],"_links":{"self":[{"href":"https:\/\/agora.xtec.cat\/escolalavilapalamos\/wp-json\/wp\/v2\/pages\/12187","targetHints":{"allow":["GET"]}}],"collection":[{"href":"https:\/\/agora.xtec.cat\/escolalavilapalamos\/wp-json\/wp\/v2\/pages"}],"about":[{"href":"https:\/\/agora.xtec.cat\/escolalavilapalamos\/wp-json\/wp\/v2\/types\/page"}],"author":[{"embeddable":true,"href":"https:\/\/agora.xtec.cat\/escolalavilapalamos\/wp-json\/wp\/v2\/users\/1"}],"replies":[{"embeddable":true,"href":"https:\/\/agora.xtec.cat\/escolalavilapalamos\/wp-json\/wp\/v2\/comments?post=12187"}],"version-history":[{"count":4,"href":"https:\/\/agora.xtec.cat\/escolalavilapalamos\/wp-json\/wp\/v2\/pages\/12187\/revisions"}],"predecessor-version":[{"id":16097,"href":"https:\/\/agora.xtec.cat\/escolalavilapalamos\/wp-json\/wp\/v2\/pages\/12187\/revisions\/16097"}],"up":[{"embeddable":true,"href":"https:\/\/agora.xtec.cat\/escolalavilapalamos\/wp-json\/wp\/v2\/pages\/435"}],"wp:attachment":[{"href":"https:\/\/agora.xtec.cat\/escolalavilapalamos\/wp-json\/wp\/v2\/media?parent=12187"}],"curies":[{"name":"wp","href":"https:\/\/api.w.org\/{rel}","templated":true}]}}

Atenció a les famílies

<ul>
<li>L&#8217;horari d&#8217;atenció a les famílies per part de <strong>tutories</strong>, per aquest curs 25-26, serà, principalment, dilluns o divendres de 12h a 13h. Cal demanar entrevista amb la tutora o tutor amb antelació.</li>
<li>L&#8217;horari d&#8217;atenció a <strong>Secretaria</strong> és de dilluns a divendres, de 8.30h a 13h i de 14.30h a 16h.</li>
<li>L&#8217;horari d&#8217;atenció a <strong>Direcció</strong> és de dilluns a divendres, de 8.30h a 9.50h.</li>
</ul>

<ul>
<li>L&#8217;horari d&#8217;atenció a les famílies per part de tutories, per aquest curs 25-26, serà, principalment, dilluns o divendres de 12h a 13h. Cal demanar entrevista amb la tutora o tutor amb antelació.</li>
<li>L&#8217;horari d&#8217;atenció a Secretaria és de dilluns a divendres, de 8.30h a 13h i&hellip;  <a href="https://agora.xtec.cat/escolalavilapalamos/lescola/mestres/atencio-a-les-families/" title="Read Atenció a les famílies">Llegeix més»</a><br />
