{"id":4557,"date":"2024-12-13T10:44:49","date_gmt":"2024-12-13T09:44:49","guid":{"rendered":"https:\/\/agora.xtec.cat\/escolalatrama\/?page_id=4557"},"modified":"2025-02-06T12:04:45","modified_gmt":"2025-02-06T11:04:45","slug":"festa-daniversaris","status":"publish","type":"page","link":"https:\/\/agora.xtec.cat\/escolalatrama\/festa-daniversaris\/","title":{"rendered":"Festa d&#8217;aniversaris"},"content":{"rendered":"\n<p>A l&#8217;escola, trimestralment celebrem els aniversaris d&#8217;una manera especial, fomentant el sentiment de comunitat i destacant la import\u00e0ncia de cada infant dins del grup. Per als alumnes d&#8217;educaci\u00f3 infantil, aquesta celebraci\u00f3 inclou la m\u00e0gica <strong>Volta al Sol<\/strong>, una experi\u00e8ncia significativa i plena de simbolisme, i per als alumnes d&#8217;educaci\u00f3 prim\u00e0ria un detall personalitzat.<\/p>\n\n\n\n<div class=\"wp-block-columns is-layout-flex wp-container-core-columns-is-layout-1 wp-block-columns-is-layout-flex\">\n<div class=\"wp-block-column is-layout-flow wp-block-column-is-layout-flow\" style=\"flex-basis:25%\"><\/div>\n\n\n\n<div class=\"wp-block-column is-layout-flow wp-block-column-is-layout-flow\" style=\"flex-basis:50%\">\n<figure class=\"wp-block-image size-full\"><a href=\"https:\/\/agora.xtec.cat\/escolalatrama\/wp-content\/uploads\/usu518\/2025\/02\/sdvfsdf.png\"><img loading=\"lazy\" decoding=\"async\" width=\"873\" height=\"634\" src=\"https:\/\/agora.xtec.cat\/escolalatrama\/wp-content\/uploads\/usu518\/2025\/02\/sdvfsdf.png\" alt=\"\" class=\"wp-image-4659\" srcset=\"https:\/\/agora.xtec.cat\/escolalatrama\/wp-content\/uploads\/usu518\/2025\/02\/sdvfsdf.png 873w, https:\/\/agora.xtec.cat\/escolalatrama\/wp-content\/uploads\/usu518\/2025\/02\/sdvfsdf-300x218.png 300w, https:\/\/agora.xtec.cat\/escolalatrama\/wp-content\/uploads\/usu518\/2025\/02\/sdvfsdf-768x558.png 768w\" sizes=\"auto, (max-width: 873px) 100vw, 873px\" \/><\/a><\/figure>\n<\/div>\n\n\n\n<div class=\"wp-block-column is-layout-flow wp-block-column-is-layout-flow\" style=\"flex-basis:25%\"><\/div>\n<\/div>\n","protected":false},"excerpt":{"rendered":"<p>A l&#8217;escola, trimestralment celebrem els aniversaris d&#8217;una manera especial, fomentant el sentiment de comunitat i destacant la import\u00e0ncia de cada infant dins del grup. Per als alumnes d&#8217;educaci\u00f3 infantil, aquesta celebraci\u00f3 inclou la m\u00e0gica Volta al Sol, una experi\u00e8ncia significativa i plena de simbolisme, i&hellip;  <a href=\"https:\/\/agora.xtec.cat\/escolalatrama\/festa-daniversaris\/\" title=\"Read Festa d&#8217;aniversaris\">Llegeix m\u00e9s\u00bb<\/a><\/p>\n","protected":false},"author":5,"featured_media":0,"parent":0,"menu_order":0,"comment_status":"closed","ping_status":"close","template":"","meta":{"_bbp_topic_count":0,"_bbp_reply_count":0,"_bbp_total_topic_count":0,"_bbp_total_reply_count":0,"_bbp_voice_count":0,"_bbp_anonymous_reply_count":0,"_bbp_topic_count_hidden":0,"_bbp_reply_count_hidden":0,"_bbp_forum_subforum_count":0,"footnotes":""},"class_list":["post-4557","page","type-page","status-publish","hentry"],"post_mailing_queue_ids":[],"_links":{"self":[{"href":"https:\/\/agora.xtec.cat\/escolalatrama\/wp-json\/wp\/v2\/pages\/4557","targetHints":{"allow":["GET"]}}],"collection":[{"href":"https:\/\/agora.xtec.cat\/escolalatrama\/wp-json\/wp\/v2\/pages"}],"about":[{"href":"https:\/\/agora.xtec.cat\/escolalatrama\/wp-json\/wp\/v2\/types\/page"}],"author":[{"embeddable":true,"href":"https:\/\/agora.xtec.cat\/escolalatrama\/wp-json\/wp\/v2\/users\/5"}],"replies":[{"embeddable":true,"href":"https:\/\/agora.xtec.cat\/escolalatrama\/wp-json\/wp\/v2\/comments?post=4557"}],"version-history":[{"count":3,"href":"https:\/\/agora.xtec.cat\/escolalatrama\/wp-json\/wp\/v2\/pages\/4557\/revisions"}],"predecessor-version":[{"id":4660,"href":"https:\/\/agora.xtec.cat\/escolalatrama\/wp-json\/wp\/v2\/pages\/4557\/revisions\/4660"}],"wp:attachment":[{"href":"https:\/\/agora.xtec.cat\/escolalatrama\/wp-json\/wp\/v2\/media?parent=4557"}],"curies":[{"name":"wp","href":"https:\/\/api.w.org\/{rel}","templated":true}]}}