{"id":4527,"date":"2024-12-12T12:08:07","date_gmt":"2024-12-12T11:08:07","guid":{"rendered":"https:\/\/agora.xtec.cat\/escolalatrama\/?page_id=4527"},"modified":"2025-01-09T12:17:58","modified_gmt":"2025-01-09T11:17:58","slug":"festa-gastronomica","status":"publish","type":"page","link":"https:\/\/agora.xtec.cat\/escolalatrama\/festa-gastronomica\/","title":{"rendered":"Festa gastron\u00f2mica"},"content":{"rendered":"\n<p>A la nostra escola \u00e9s una experi\u00e8ncia que combina aprenentatge, creativitat i diversi\u00f3 al voltant de les receptes amb els aliments propis de la Tardor, aix\u00ed com una ballada de danses.<\/p>\n\n\n\n<div class=\"wp-block-columns is-layout-flex wp-container-core-columns-is-layout-1 wp-block-columns-is-layout-flex\">\n<div class=\"wp-block-column is-layout-flow wp-block-column-is-layout-flow\"><div class=\"wp-block-image\">\n<figure class=\"aligncenter size-full is-resized\"><a href=\"https:\/\/agora.xtec.cat\/escolalatrama\/wp-content\/uploads\/usu518\/2025\/01\/Captura-de-pantalla-2025-01-09-121327.png\"><img loading=\"lazy\" decoding=\"async\" width=\"472\" height=\"504\" src=\"https:\/\/agora.xtec.cat\/escolalatrama\/wp-content\/uploads\/usu518\/2025\/01\/Captura-de-pantalla-2025-01-09-121327.png\" alt=\"\" class=\"wp-image-4568\" style=\"width:406px;height:auto\" srcset=\"https:\/\/agora.xtec.cat\/escolalatrama\/wp-content\/uploads\/usu518\/2025\/01\/Captura-de-pantalla-2025-01-09-121327.png 472w, https:\/\/agora.xtec.cat\/escolalatrama\/wp-content\/uploads\/usu518\/2025\/01\/Captura-de-pantalla-2025-01-09-121327-281x300.png 281w\" sizes=\"auto, (max-width: 472px) 100vw, 472px\" \/><\/a><\/figure><\/div><\/div>\n<\/div>\n","protected":false},"excerpt":{"rendered":"<p>A la nostra escola \u00e9s una experi\u00e8ncia que combina aprenentatge, creativitat i diversi\u00f3 al voltant de les receptes amb els aliments propis de la Tardor, aix\u00ed com una ballada de danses.<\/p>\n<p><a href=\"https:\/\/agora.xtec.cat\/escolalatrama\/wp-content\/uploads\/usu518\/2025\/01\/Captura-de-pantalla-2025-01-09-121327.png\"><\/a><\/p>\n","protected":false},"author":5,"featured_media":0,"parent":0,"menu_order":0,"comment_status":"closed","ping_status":"close","template":"","meta":{"_bbp_topic_count":0,"_bbp_reply_count":0,"_bbp_total_topic_count":0,"_bbp_total_reply_count":0,"_bbp_voice_count":0,"_bbp_anonymous_reply_count":0,"_bbp_topic_count_hidden":0,"_bbp_reply_count_hidden":0,"_bbp_forum_subforum_count":0,"footnotes":""},"class_list":["post-4527","page","type-page","status-publish","hentry"],"post_mailing_queue_ids":[],"_links":{"self":[{"href":"https:\/\/agora.xtec.cat\/escolalatrama\/wp-json\/wp\/v2\/pages\/4527","targetHints":{"allow":["GET"]}}],"collection":[{"href":"https:\/\/agora.xtec.cat\/escolalatrama\/wp-json\/wp\/v2\/pages"}],"about":[{"href":"https:\/\/agora.xtec.cat\/escolalatrama\/wp-json\/wp\/v2\/types\/page"}],"author":[{"embeddable":true,"href":"https:\/\/agora.xtec.cat\/escolalatrama\/wp-json\/wp\/v2\/users\/5"}],"replies":[{"embeddable":true,"href":"https:\/\/agora.xtec.cat\/escolalatrama\/wp-json\/wp\/v2\/comments?post=4527"}],"version-history":[{"count":3,"href":"https:\/\/agora.xtec.cat\/escolalatrama\/wp-json\/wp\/v2\/pages\/4527\/revisions"}],"predecessor-version":[{"id":4570,"href":"https:\/\/agora.xtec.cat\/escolalatrama\/wp-json\/wp\/v2\/pages\/4527\/revisions\/4570"}],"wp:attachment":[{"href":"https:\/\/agora.xtec.cat\/escolalatrama\/wp-json\/wp\/v2\/media?parent=4527"}],"curies":[{"name":"wp","href":"https:\/\/api.w.org\/{rel}","templated":true}]}}