{"id":4228,"date":"2024-10-31T11:43:45","date_gmt":"2024-10-31T10:43:45","guid":{"rendered":"https:\/\/agora.xtec.cat\/escolalatrama\/?page_id=4228"},"modified":"2024-11-29T11:24:38","modified_gmt":"2024-11-29T10:24:38","slug":"milcares","status":"publish","type":"page","link":"https:\/\/agora.xtec.cat\/escolalatrama\/milcares\/","title":{"rendered":"Milcares"},"content":{"rendered":"\n<p style=\"font-size:17px\">\u00c9s un espai de joc simb\u00f2lic ple de disfresses i complements diversos (barrets, perruques, sabates, capes, joies, maquillatges&#8230;) que conviden a inventar personatges, transformar-se en alg\u00fa altre, posar-se al seu lloc, jugar a ser alg\u00fa altre, inventar i representar hist\u00f2ries.<\/p>\n\n\n\n<div class=\"wp-block-getwid-images-slider has-arrows-inside has-dots-inside has-images-center has-fitted-images\"><div class=\"wp-block-getwid-images-slider__wrapper\" data-effect=\"slide\" data-slides-show=\"1\" data-slides-show-laptop=\"1\" data-slides-show-tablet=\"1\" data-slides-show-mobile=\"1\" data-slides-scroll=\"1\" data-autoplay=\"true\" data-pause-hover=\"false\" data-autoplay-speed=\"2000\" data-infinite=\"true\" data-animation-speed=\"800\" data-center-mode=\"false\" data-variable-width=\"false\" data-arrows=\"inside\" data-dots=\"inside\" data-spacing=\"none\"><div class=\"wp-block-getwid-images-slider__item\"><figure><img loading=\"lazy\" decoding=\"async\" width=\"350\" height=\"469\" src=\"https:\/\/agora.xtec.cat\/escolalatrama\/wp-content\/uploads\/usu518\/2024\/09\/Captura-de-pantalla-1677953907600.png\" data-id=\"3908\" data-link=\"https:\/\/agora.xtec.cat\/escolalatrama\/captura-de-pantalla-1677953907600\/\" data-original-link=\"https:\/\/agora.xtec.cat\/escolalatrama\/wp-content\/uploads\/usu518\/2024\/09\/Captura-de-pantalla-1677953907600.png\" class=\"wp-block-getwid-images-slider__image wp-image-3908\" srcset=\"https:\/\/agora.xtec.cat\/escolalatrama\/wp-content\/uploads\/usu518\/2024\/09\/Captura-de-pantalla-1677953907600.png 350w, https:\/\/agora.xtec.cat\/escolalatrama\/wp-content\/uploads\/usu518\/2024\/09\/Captura-de-pantalla-1677953907600-224x300.png 224w\" sizes=\"auto, (max-width: 350px) 100vw, 350px\" \/><\/figure><\/div><div class=\"wp-block-getwid-images-slider__item\"><figure><img loading=\"lazy\" decoding=\"async\" width=\"351\" height=\"467\" src=\"https:\/\/agora.xtec.cat\/escolalatrama\/wp-content\/uploads\/usu518\/2024\/09\/Captura-de-pantalla-1679610154152.png\" data-id=\"3907\" data-link=\"https:\/\/agora.xtec.cat\/escolalatrama\/captura-de-pantalla-1679610154152\/\" data-original-link=\"https:\/\/agora.xtec.cat\/escolalatrama\/wp-content\/uploads\/usu518\/2024\/09\/Captura-de-pantalla-1679610154152.png\" class=\"wp-block-getwid-images-slider__image wp-image-3907\" srcset=\"https:\/\/agora.xtec.cat\/escolalatrama\/wp-content\/uploads\/usu518\/2024\/09\/Captura-de-pantalla-1679610154152.png 351w, https:\/\/agora.xtec.cat\/escolalatrama\/wp-content\/uploads\/usu518\/2024\/09\/Captura-de-pantalla-1679610154152-225x300.png 225w\" sizes=\"auto, (max-width: 351px) 100vw, 351px\" \/><\/figure><\/div><div class=\"wp-block-getwid-images-slider__item\"><figure><img loading=\"lazy\" decoding=\"async\" width=\"627\" height=\"470\" src=\"https:\/\/agora.xtec.cat\/escolalatrama\/wp-content\/uploads\/usu518\/2024\/09\/Captura-de-pantalla-1679610154164.png\" data-id=\"3906\" data-link=\"https:\/\/agora.xtec.cat\/escolalatrama\/captura-de-pantalla-1679610154164\/\" data-original-link=\"https:\/\/agora.xtec.cat\/escolalatrama\/wp-content\/uploads\/usu518\/2024\/09\/Captura-de-pantalla-1679610154164.png\" class=\"wp-block-getwid-images-slider__image wp-image-3906\" srcset=\"https:\/\/agora.xtec.cat\/escolalatrama\/wp-content\/uploads\/usu518\/2024\/09\/Captura-de-pantalla-1679610154164.png 627w, https:\/\/agora.xtec.cat\/escolalatrama\/wp-content\/uploads\/usu518\/2024\/09\/Captura-de-pantalla-1679610154164-300x225.png 300w, https:\/\/agora.xtec.cat\/escolalatrama\/wp-content\/uploads\/usu518\/2024\/09\/Captura-de-pantalla-1679610154164-200x150.png 200w\" sizes=\"auto, (max-width: 627px) 100vw, 627px\" \/><\/figure><\/div><div class=\"wp-block-getwid-images-slider__item\"><figure><img loading=\"lazy\" decoding=\"async\" width=\"352\" height=\"469\" src=\"https:\/\/agora.xtec.cat\/escolalatrama\/wp-content\/uploads\/usu518\/2024\/09\/Captura-de-pantalla-1679610154188.png\" data-id=\"3905\" data-link=\"https:\/\/agora.xtec.cat\/escolalatrama\/captura-de-pantalla-1679610154188\/\" data-original-link=\"https:\/\/agora.xtec.cat\/escolalatrama\/wp-content\/uploads\/usu518\/2024\/09\/Captura-de-pantalla-1679610154188.png\" class=\"wp-block-getwid-images-slider__image wp-image-3905\" srcset=\"https:\/\/agora.xtec.cat\/escolalatrama\/wp-content\/uploads\/usu518\/2024\/09\/Captura-de-pantalla-1679610154188.png 352w, https:\/\/agora.xtec.cat\/escolalatrama\/wp-content\/uploads\/usu518\/2024\/09\/Captura-de-pantalla-1679610154188-225x300.png 225w\" sizes=\"auto, (max-width: 352px) 100vw, 352px\" \/><\/figure><\/div><\/div><\/div>\n","protected":false},"excerpt":{"rendered":"<p>\u00c9s un espai de joc simb\u00f2lic ple de disfresses i complements diversos (barrets, perruques, sabates, capes, joies, maquillatges&#8230;) que conviden a inventar personatges, transformar-se en alg\u00fa altre, posar-se al seu lloc, jugar a ser alg\u00fa altre, inventar i representar hist\u00f2ries.<\/p>\n","protected":false},"author":5,"featured_media":0,"parent":0,"menu_order":0,"comment_status":"closed","ping_status":"closed","template":"","meta":{"_bbp_topic_count":0,"_bbp_reply_count":0,"_bbp_total_topic_count":0,"_bbp_total_reply_count":0,"_bbp_voice_count":0,"_bbp_anonymous_reply_count":0,"_bbp_topic_count_hidden":0,"_bbp_reply_count_hidden":0,"_bbp_forum_subforum_count":0,"footnotes":""},"class_list":["post-4228","page","type-page","status-publish","hentry"],"post_mailing_queue_ids":[],"_links":{"self":[{"href":"https:\/\/agora.xtec.cat\/escolalatrama\/wp-json\/wp\/v2\/pages\/4228","targetHints":{"allow":["GET"]}}],"collection":[{"href":"https:\/\/agora.xtec.cat\/escolalatrama\/wp-json\/wp\/v2\/pages"}],"about":[{"href":"https:\/\/agora.xtec.cat\/escolalatrama\/wp-json\/wp\/v2\/types\/page"}],"author":[{"embeddable":true,"href":"https:\/\/agora.xtec.cat\/escolalatrama\/wp-json\/wp\/v2\/users\/5"}],"replies":[{"embeddable":true,"href":"https:\/\/agora.xtec.cat\/escolalatrama\/wp-json\/wp\/v2\/comments?post=4228"}],"version-history":[{"count":3,"href":"https:\/\/agora.xtec.cat\/escolalatrama\/wp-json\/wp\/v2\/pages\/4228\/revisions"}],"predecessor-version":[{"id":4512,"href":"https:\/\/agora.xtec.cat\/escolalatrama\/wp-json\/wp\/v2\/pages\/4228\/revisions\/4512"}],"wp:attachment":[{"href":"https:\/\/agora.xtec.cat\/escolalatrama\/wp-json\/wp\/v2\/media?parent=4228"}],"curies":[{"name":"wp","href":"https:\/\/api.w.org\/{rel}","templated":true}]}}