{"id":4203,"date":"2024-10-31T11:21:46","date_gmt":"2024-10-31T10:21:46","guid":{"rendered":"https:\/\/agora.xtec.cat\/escolalatrama\/?page_id=4203"},"modified":"2024-11-28T12:11:13","modified_gmt":"2024-11-28T11:11:13","slug":"emocions","status":"publish","type":"page","link":"https:\/\/agora.xtec.cat\/escolalatrama\/emocions\/","title":{"rendered":"Emocions"},"content":{"rendered":"\n<p style=\"font-size:17px\">Mitjan\u00e7ant jocs, activitats i din\u00e0miques, es treballa l&#8217;autoestima, l&#8217;empatia i les habilitats socials. Aqu\u00ed els infants aprenen a identificar com se senten, a posar paraules a les emocions i a comunicar-les de manera respetuosa. L&#8217;espai tamb\u00e9 serverix per resoldre conflictes de forma positiva i fomentar un clima de confian\u00e7a i benestar.<\/p>\n\n\n\n<div class=\"wp-block-getwid-images-slider has-arrows-inside has-dots-inside has-images-center has-fitted-images\"><div class=\"wp-block-getwid-images-slider__wrapper\" data-effect=\"slide\" data-slides-show=\"1\" data-slides-show-laptop=\"1\" data-slides-show-tablet=\"1\" data-slides-show-mobile=\"1\" data-slides-scroll=\"1\" data-autoplay=\"true\" data-pause-hover=\"false\" data-autoplay-speed=\"2000\" data-infinite=\"true\" data-animation-speed=\"800\" data-center-mode=\"false\" data-variable-width=\"false\" data-arrows=\"inside\" data-dots=\"inside\" data-spacing=\"none\"><div class=\"wp-block-getwid-images-slider__item\"><figure><img loading=\"lazy\" decoding=\"async\" width=\"664\" height=\"465\" src=\"https:\/\/agora.xtec.cat\/escolalatrama\/wp-content\/uploads\/usu518\/2024\/09\/Captura-de-pantalla-2024-04-24-130346.png\" data-id=\"3968\" data-link=\"https:\/\/agora.xtec.cat\/escolalatrama\/captura-de-pantalla-2024-04-24-130346\/\" data-original-link=\"https:\/\/agora.xtec.cat\/escolalatrama\/wp-content\/uploads\/usu518\/2024\/09\/Captura-de-pantalla-2024-04-24-130346.png\" class=\"wp-block-getwid-images-slider__image wp-image-3968\" srcset=\"https:\/\/agora.xtec.cat\/escolalatrama\/wp-content\/uploads\/usu518\/2024\/09\/Captura-de-pantalla-2024-04-24-130346.png 664w, https:\/\/agora.xtec.cat\/escolalatrama\/wp-content\/uploads\/usu518\/2024\/09\/Captura-de-pantalla-2024-04-24-130346-300x210.png 300w\" sizes=\"auto, (max-width: 664px) 100vw, 664px\" \/><\/figure><\/div><div class=\"wp-block-getwid-images-slider__item\"><figure><img loading=\"lazy\" decoding=\"async\" width=\"386\" height=\"465\" src=\"https:\/\/agora.xtec.cat\/escolalatrama\/wp-content\/uploads\/usu518\/2024\/09\/Captura-de-pantalla-2024-04-24-130539.png\" data-id=\"3967\" data-link=\"https:\/\/agora.xtec.cat\/escolalatrama\/captura-de-pantalla-2024-04-24-130539\/\" data-original-link=\"https:\/\/agora.xtec.cat\/escolalatrama\/wp-content\/uploads\/usu518\/2024\/09\/Captura-de-pantalla-2024-04-24-130539.png\" class=\"wp-block-getwid-images-slider__image wp-image-3967\" srcset=\"https:\/\/agora.xtec.cat\/escolalatrama\/wp-content\/uploads\/usu518\/2024\/09\/Captura-de-pantalla-2024-04-24-130539.png 386w, https:\/\/agora.xtec.cat\/escolalatrama\/wp-content\/uploads\/usu518\/2024\/09\/Captura-de-pantalla-2024-04-24-130539-249x300.png 249w\" sizes=\"auto, (max-width: 386px) 100vw, 386px\" \/><\/figure><\/div><div class=\"wp-block-getwid-images-slider__item\"><figure><img loading=\"lazy\" decoding=\"async\" width=\"419\" height=\"262\" src=\"https:\/\/agora.xtec.cat\/escolalatrama\/wp-content\/uploads\/usu518\/2024\/09\/Captura-de-pantalla-2024-04-24-131226.png\" data-id=\"3966\" data-link=\"https:\/\/agora.xtec.cat\/escolalatrama\/captura-de-pantalla-2024-04-24-131226\/\" data-original-link=\"https:\/\/agora.xtec.cat\/escolalatrama\/wp-content\/uploads\/usu518\/2024\/09\/Captura-de-pantalla-2024-04-24-131226.png\" class=\"wp-block-getwid-images-slider__image wp-image-3966\" srcset=\"https:\/\/agora.xtec.cat\/escolalatrama\/wp-content\/uploads\/usu518\/2024\/09\/Captura-de-pantalla-2024-04-24-131226.png 419w, https:\/\/agora.xtec.cat\/escolalatrama\/wp-content\/uploads\/usu518\/2024\/09\/Captura-de-pantalla-2024-04-24-131226-300x188.png 300w\" sizes=\"auto, (max-width: 419px) 100vw, 419px\" \/><\/figure><\/div><div class=\"wp-block-getwid-images-slider__item\"><figure><img loading=\"lazy\" decoding=\"async\" width=\"653\" height=\"421\" src=\"https:\/\/agora.xtec.cat\/escolalatrama\/wp-content\/uploads\/usu518\/2024\/09\/Captura-de-pantalla-2024-05-29-133750.png\" data-id=\"3965\" data-link=\"https:\/\/agora.xtec.cat\/escolalatrama\/captura-de-pantalla-2024-05-29-133750\/\" data-original-link=\"https:\/\/agora.xtec.cat\/escolalatrama\/wp-content\/uploads\/usu518\/2024\/09\/Captura-de-pantalla-2024-05-29-133750.png\" class=\"wp-block-getwid-images-slider__image wp-image-3965\" srcset=\"https:\/\/agora.xtec.cat\/escolalatrama\/wp-content\/uploads\/usu518\/2024\/09\/Captura-de-pantalla-2024-05-29-133750.png 653w, https:\/\/agora.xtec.cat\/escolalatrama\/wp-content\/uploads\/usu518\/2024\/09\/Captura-de-pantalla-2024-05-29-133750-300x193.png 300w\" sizes=\"auto, (max-width: 653px) 100vw, 653px\" \/><\/figure><\/div><\/div><\/div>\n","protected":false},"excerpt":{"rendered":"<p>Mitjan\u00e7ant jocs, activitats i din\u00e0miques, es treballa l&#8217;autoestima, l&#8217;empatia i les habilitats socials. Aqu\u00ed els infants aprenen a identificar com se senten, a posar paraules a les emocions i a comunicar-les de manera respetuosa. L&#8217;espai tamb\u00e9 serverix per resoldre conflictes de forma positiva i fomentar&hellip;  <a href=\"https:\/\/agora.xtec.cat\/escolalatrama\/emocions\/\" title=\"Read Emocions\">Llegeix m\u00e9s\u00bb<\/a><\/p>\n","protected":false},"author":5,"featured_media":0,"parent":0,"menu_order":0,"comment_status":"closed","ping_status":"closed","template":"","meta":{"_bbp_topic_count":0,"_bbp_reply_count":0,"_bbp_total_topic_count":0,"_bbp_total_reply_count":0,"_bbp_voice_count":0,"_bbp_anonymous_reply_count":0,"_bbp_topic_count_hidden":0,"_bbp_reply_count_hidden":0,"_bbp_forum_subforum_count":0,"footnotes":""},"class_list":["post-4203","page","type-page","status-publish","hentry"],"post_mailing_queue_ids":[],"_links":{"self":[{"href":"https:\/\/agora.xtec.cat\/escolalatrama\/wp-json\/wp\/v2\/pages\/4203","targetHints":{"allow":["GET"]}}],"collection":[{"href":"https:\/\/agora.xtec.cat\/escolalatrama\/wp-json\/wp\/v2\/pages"}],"about":[{"href":"https:\/\/agora.xtec.cat\/escolalatrama\/wp-json\/wp\/v2\/types\/page"}],"author":[{"embeddable":true,"href":"https:\/\/agora.xtec.cat\/escolalatrama\/wp-json\/wp\/v2\/users\/5"}],"replies":[{"embeddable":true,"href":"https:\/\/agora.xtec.cat\/escolalatrama\/wp-json\/wp\/v2\/comments?post=4203"}],"version-history":[{"count":3,"href":"https:\/\/agora.xtec.cat\/escolalatrama\/wp-json\/wp\/v2\/pages\/4203\/revisions"}],"predecessor-version":[{"id":4496,"href":"https:\/\/agora.xtec.cat\/escolalatrama\/wp-json\/wp\/v2\/pages\/4203\/revisions\/4496"}],"wp:attachment":[{"href":"https:\/\/agora.xtec.cat\/escolalatrama\/wp-json\/wp\/v2\/media?parent=4203"}],"curies":[{"name":"wp","href":"https:\/\/api.w.org\/{rel}","templated":true}]}}