{"id":3648,"date":"2024-04-12T10:10:40","date_gmt":"2024-04-12T08:10:40","guid":{"rendered":"https:\/\/agora.xtec.cat\/escolalatrama\/?page_id=3648"},"modified":"2025-07-09T22:43:06","modified_gmt":"2025-07-09T20:43:06","slug":"petits","status":"publish","type":"page","link":"https:\/\/agora.xtec.cat\/escolalatrama\/agrupacions\/petits\/","title":{"rendered":"Petits"},"content":{"rendered":"\n<h3 class=\"wp-block-heading\">Espais de l\u2019Agrupaci\u00f3 de Petits (1r i 2n)<\/h3>\n\n\n\n<p>Els infants de 1r i 2n participen dos cops per setmana en una proposta d\u2019<strong>Espais<\/strong>, dissenyats per afavorir l\u2019aprenentatge significatiu, la motivaci\u00f3 i l\u2019autonomia. Cada espai ofereix <strong>reptes, materials i situacions obertes<\/strong> que estimulen la curiositat, la creativitat i el pensament cr\u00edtic. El treball per espais permet la barreja de grups i edats, promou les relacions i potencia la responsabilitat personal i la capacitat de triar.<\/p>\n\n\n\n<p><strong>Espais de l\u2019agrupaci\u00f3 de Petits:<\/strong><\/p>\n\n\n\n<ul class=\"wp-block-list\">\n<li><strong>Art<\/strong><br>Un espai per crear, experimentar i expressar-se lliurement a trav\u00e9s dels colors, les textures i els materials art\u00edstics. Aqu\u00ed es dona valor al proc\u00e9s creatiu per sobre del resultat.<\/li>\n\n\n\n<li><strong>Descobreix<\/strong><br>Espai d\u2019exploraci\u00f3 i investigaci\u00f3 on es desperta la mirada cient\u00edfica: es plantegen hip\u00f2tesis, s\u2019observa, es manipula i s\u2019experimenta amb materials i fen\u00f2mens diversos.<\/li>\n\n\n\n<li><strong>Escenari<\/strong><br>Joc simb\u00f2lic i expressi\u00f3 dram\u00e0tica a partir de la creaci\u00f3 de personatges, situacions i escenografies. Un espai per imaginar, representar i comunicar.<\/li>\n\n\n\n<li><strong>Estrat\u00e8gia<\/strong><br>Espai de joc mental i l\u00f2gic: jocs de taula, escacs, reptes matem\u00e0tics, rob\u00f2tica\u2026 Aqu\u00ed es desenvolupen el pensament estrat\u00e8gic, la concentraci\u00f3 i les habilitats socials.<\/li>\n\n\n\n<li><strong>Mou-te<\/strong><br>Propostes de moviment, equilibri i consci\u00e8ncia corporal. Un espai per explorar el cos, descarregar energia, afavorir el benestar i la connexi\u00f3 amb un mateix.<\/li>\n<\/ul>\n\n\n\n<div class=\"wp-block-columns is-layout-flex wp-container-core-columns-is-layout-1 wp-block-columns-is-layout-flex\">\n<div class=\"wp-block-column is-layout-flow wp-block-column-is-layout-flow\">\n<figure class=\"wp-block-image size-full\"><a href=\"https:\/\/agora.xtec.cat\/escolalatrama\/art-2\/\"><img loading=\"lazy\" decoding=\"async\" width=\"380\" height=\"368\" src=\"https:\/\/agora.xtec.cat\/escolalatrama\/wp-content\/uploads\/usu518\/2024\/10\/Sin-titulo-500-x-500-px-7-e1731053105886.png\" alt=\"\" class=\"wp-image-4109\" srcset=\"https:\/\/agora.xtec.cat\/escolalatrama\/wp-content\/uploads\/usu518\/2024\/10\/Sin-titulo-500-x-500-px-7-e1731053105886.png 380w, https:\/\/agora.xtec.cat\/escolalatrama\/wp-content\/uploads\/usu518\/2024\/10\/Sin-titulo-500-x-500-px-7-e1731053105886-300x291.png 300w\" sizes=\"auto, (max-width: 380px) 100vw, 380px\" \/><\/a><\/figure>\n\n\n\n<p class=\"has-text-align-center has-text-color has-link-color has-medium-font-size wp-elements-51893489845639af0b7cd6f1be7ea6d3\" style=\"color:#b00707\"><strong>Art<\/strong><\/p>\n<\/div>\n\n\n\n<div class=\"wp-block-column is-layout-flow wp-block-column-is-layout-flow\">\n<figure class=\"wp-block-image size-full\"><a href=\"https:\/\/agora.xtec.cat\/escolalatrama\/descobreix\/\"><img loading=\"lazy\" decoding=\"async\" width=\"379\" height=\"369\" src=\"https:\/\/agora.xtec.cat\/escolalatrama\/wp-content\/uploads\/usu518\/2024\/10\/Sin-titulo-500-x-500-px-8-e1731053143777.png\" alt=\"\" class=\"wp-image-4108\" srcset=\"https:\/\/agora.xtec.cat\/escolalatrama\/wp-content\/uploads\/usu518\/2024\/10\/Sin-titulo-500-x-500-px-8-e1731053143777.png 379w, https:\/\/agora.xtec.cat\/escolalatrama\/wp-content\/uploads\/usu518\/2024\/10\/Sin-titulo-500-x-500-px-8-e1731053143777-300x292.png 300w\" sizes=\"auto, (max-width: 379px) 100vw, 379px\" \/><\/a><\/figure>\n\n\n\n<p class=\"has-text-align-center has-text-color has-link-color has-medium-font-size wp-elements-f41aace6b5e912a7f805f8d91732af67\" style=\"color:#b00707\"><strong>Descobreix<\/strong><\/p>\n<\/div>\n\n\n\n<div class=\"wp-block-column is-layout-flow wp-block-column-is-layout-flow\">\n<figure class=\"wp-block-image size-full\"><a href=\"https:\/\/agora.xtec.cat\/escolalatrama\/escenari\/\"><img loading=\"lazy\" decoding=\"async\" width=\"378\" height=\"369\" src=\"https:\/\/agora.xtec.cat\/escolalatrama\/wp-content\/uploads\/usu518\/2024\/10\/Sin-titulo-500-x-500-px-9-e1731053184157.png\" alt=\"\" class=\"wp-image-4107\" srcset=\"https:\/\/agora.xtec.cat\/escolalatrama\/wp-content\/uploads\/usu518\/2024\/10\/Sin-titulo-500-x-500-px-9-e1731053184157.png 378w, https:\/\/agora.xtec.cat\/escolalatrama\/wp-content\/uploads\/usu518\/2024\/10\/Sin-titulo-500-x-500-px-9-e1731053184157-300x293.png 300w\" sizes=\"auto, (max-width: 378px) 100vw, 378px\" \/><\/a><\/figure>\n\n\n\n<p class=\"has-text-align-center has-text-color has-link-color has-medium-font-size wp-elements-e656530bb02d5d7521f09af7fe79faf5\" style=\"color:#b00707\"><strong>Escenari<\/strong><\/p>\n<\/div>\n\n\n\n<div class=\"wp-block-column is-layout-flow wp-block-column-is-layout-flow\"><\/div>\n<\/div>\n\n\n\n<div class=\"wp-block-columns is-layout-flex wp-container-core-columns-is-layout-2 wp-block-columns-is-layout-flex\">\n<div class=\"wp-block-column is-layout-flow wp-block-column-is-layout-flow\">\n<figure class=\"wp-block-image size-full\"><a href=\"https:\/\/agora.xtec.cat\/escolalatrama\/estrategia\/\"><img loading=\"lazy\" decoding=\"async\" width=\"378\" height=\"368\" src=\"https:\/\/agora.xtec.cat\/escolalatrama\/wp-content\/uploads\/usu518\/2024\/10\/Sin-titulo-500-x-500-px-10-e1731053207228.png\" alt=\"\" class=\"wp-image-4106\" style=\"object-fit:cover\" srcset=\"https:\/\/agora.xtec.cat\/escolalatrama\/wp-content\/uploads\/usu518\/2024\/10\/Sin-titulo-500-x-500-px-10-e1731053207228.png 378w, https:\/\/agora.xtec.cat\/escolalatrama\/wp-content\/uploads\/usu518\/2024\/10\/Sin-titulo-500-x-500-px-10-e1731053207228-300x292.png 300w\" sizes=\"auto, (max-width: 378px) 100vw, 378px\" \/><\/a><\/figure>\n\n\n\n<p class=\"has-text-align-center has-text-color has-link-color has-medium-font-size wp-elements-8774f88bbc2b1e9e43977430cc94fbb4\" style=\"color:#b00707\"><strong>Estrat\u00e8gia<\/strong><\/p>\n<\/div>\n\n\n\n<div class=\"wp-block-column is-layout-flow wp-block-column-is-layout-flow\">\n<figure class=\"wp-block-image size-full\"><a href=\"https:\/\/agora.xtec.cat\/escolalatrama\/mou-te-2\/\"><img loading=\"lazy\" decoding=\"async\" width=\"380\" height=\"368\" src=\"https:\/\/agora.xtec.cat\/escolalatrama\/wp-content\/uploads\/usu518\/2024\/10\/Sin-titulo-500-x-500-px-11-e1731053239934.png\" alt=\"\" class=\"wp-image-4105\" style=\"object-fit:cover\" srcset=\"https:\/\/agora.xtec.cat\/escolalatrama\/wp-content\/uploads\/usu518\/2024\/10\/Sin-titulo-500-x-500-px-11-e1731053239934.png 380w, https:\/\/agora.xtec.cat\/escolalatrama\/wp-content\/uploads\/usu518\/2024\/10\/Sin-titulo-500-x-500-px-11-e1731053239934-300x291.png 300w\" sizes=\"auto, (max-width: 380px) 100vw, 380px\" \/><\/a><\/figure>\n\n\n\n<p class=\"has-text-align-center has-text-color has-link-color has-medium-font-size wp-elements-05b51cd6f08537e9e1fc109aac2c9c65\" style=\"color:#b00707\"><strong>Mou-te<\/strong><\/p>\n<\/div>\n\n\n\n<div class=\"wp-block-column is-layout-flow wp-block-column-is-layout-flow\">\n<figure class=\"wp-block-image size-full\"><a href=\"https:\/\/agora.xtec.cat\/escolalatrama\/wp-content\/uploads\/usu518\/2024\/11\/fons-blanc.png\"><img loading=\"lazy\" decoding=\"async\" width=\"168\" height=\"286\" src=\"https:\/\/agora.xtec.cat\/escolalatrama\/wp-content\/uploads\/usu518\/2024\/11\/fons-blanc.png\" alt=\"\" class=\"wp-image-4326\"\/><\/a><\/figure>\n<\/div>\n\n\n\n<div class=\"wp-block-column is-layout-flow wp-block-column-is-layout-flow\"><\/div>\n<\/div>\n","protected":false},"excerpt":{"rendered":"<p>Espais de l\u2019Agrupaci\u00f3 de Petits (1r i 2n)<\/p>\n<p>Els infants de 1r i 2n participen dos cops per setmana en una proposta d\u2019Espais, dissenyats per afavorir l\u2019aprenentatge significatiu, la motivaci\u00f3 i l\u2019autonomia. Cada espai ofereix reptes, materials i situacions obertes que estimulen la curiositat, la creativitat&hellip;  <a href=\"https:\/\/agora.xtec.cat\/escolalatrama\/agrupacions\/petits\/\" title=\"Read Petits\">Llegeix m\u00e9s\u00bb<\/a><\/p>\n","protected":false},"author":5,"featured_media":0,"parent":3641,"menu_order":2,"comment_status":"closed","ping_status":"closed","template":"","meta":{"_bbp_topic_count":0,"_bbp_reply_count":0,"_bbp_total_topic_count":0,"_bbp_total_reply_count":0,"_bbp_voice_count":0,"_bbp_anonymous_reply_count":0,"_bbp_topic_count_hidden":0,"_bbp_reply_count_hidden":0,"_bbp_forum_subforum_count":0,"footnotes":""},"class_list":["post-3648","page","type-page","status-publish","hentry"],"post_mailing_queue_ids":[],"_links":{"self":[{"href":"https:\/\/agora.xtec.cat\/escolalatrama\/wp-json\/wp\/v2\/pages\/3648","targetHints":{"allow":["GET"]}}],"collection":[{"href":"https:\/\/agora.xtec.cat\/escolalatrama\/wp-json\/wp\/v2\/pages"}],"about":[{"href":"https:\/\/agora.xtec.cat\/escolalatrama\/wp-json\/wp\/v2\/types\/page"}],"author":[{"embeddable":true,"href":"https:\/\/agora.xtec.cat\/escolalatrama\/wp-json\/wp\/v2\/users\/5"}],"replies":[{"embeddable":true,"href":"https:\/\/agora.xtec.cat\/escolalatrama\/wp-json\/wp\/v2\/comments?post=3648"}],"version-history":[{"count":6,"href":"https:\/\/agora.xtec.cat\/escolalatrama\/wp-json\/wp\/v2\/pages\/3648\/revisions"}],"predecessor-version":[{"id":4785,"href":"https:\/\/agora.xtec.cat\/escolalatrama\/wp-json\/wp\/v2\/pages\/3648\/revisions\/4785"}],"up":[{"embeddable":true,"href":"https:\/\/agora.xtec.cat\/escolalatrama\/wp-json\/wp\/v2\/pages\/3641"}],"wp:attachment":[{"href":"https:\/\/agora.xtec.cat\/escolalatrama\/wp-json\/wp\/v2\/media?parent=3648"}],"curies":[{"name":"wp","href":"https:\/\/api.w.org\/{rel}","templated":true}]}}