{"id":3646,"date":"2024-04-12T10:10:25","date_gmt":"2024-04-12T08:10:25","guid":{"rendered":"https:\/\/agora.xtec.cat\/escolalatrama\/?page_id=3646"},"modified":"2025-07-09T22:36:42","modified_gmt":"2025-07-09T20:36:42","slug":"menuts","status":"publish","type":"page","link":"https:\/\/agora.xtec.cat\/escolalatrama\/agrupacions\/menuts\/","title":{"rendered":"Menuts"},"content":{"rendered":"\n<h3 class=\"wp-block-heading\">Espais de l\u2019Agrupaci\u00f3 de Menuts<\/h3>\n\n\n\n<p>A l\u2019escola La Trama, els infants de l\u2019Agrupaci\u00f3 de Menuts (I3, I4 i I5) gaudeixen d\u2019una proposta rica i variada d\u2019espais d\u2019aprenentatge que fomenten la descoberta, la creativitat, el moviment i la relaci\u00f3 amb els altres. A trav\u00e9s dels <strong>Espais<\/strong>, cada infant pot triar on vol jugar, explorar i aprendre, segons els seus interessos i necessitats del moment. Aquests ambients estan pensats per afavorir l\u2019autonomia, l\u2019expressi\u00f3 i el joc significatiu. <\/p>\n\n\n\n<p>Aquestes s\u00f3n les propostes que oferim:<\/p>\n\n\n\n<ul class=\"wp-block-list\">\n<li><strong>Coloraines<\/strong>: experimentaci\u00f3 amb materials art\u00edstics i pl\u00e0stics, potenciant la creativitat i la motricitat fina.<\/li>\n\n\n\n<li><strong>Imaginari<\/strong>: joc simb\u00f2lic i de representaci\u00f3 per explorar rols, emocions i relacions socials.<\/li>\n\n\n\n<li><strong>Llumijocs<\/strong>: espai de llum i ombres que convida a jugar amb colors, formes i projeccions des de la mirada cient\u00edfica i est\u00e8tica.<\/li>\n\n\n\n<li><strong>Milcares<\/strong>: m\u00f3n de titelles, contes i expressi\u00f3 oral, on la paraula i la fantasia prenen vida.<\/li>\n\n\n\n<li><strong>Construccions<\/strong>: espai per crear, apilar, dissenyar i reconstruir, treballant l\u2019equilibri, la l\u00f2gica i la cooperaci\u00f3.<\/li>\n\n\n\n<li><strong>Mou-te<\/strong>: moviment lliure i coordinaci\u00f3 motriu a trav\u00e9s del joc corporal i l\u2019exploraci\u00f3 del propi cos.<\/li>\n\n\n\n<li><strong>Natur\u00e0lia<\/strong>: observaci\u00f3 i experimentaci\u00f3 amb elements naturals i propostes sensorials per connectar amb la ci\u00e8ncia i la natura.<\/li>\n\n\n\n<li><strong>Patinem<\/strong>: joc amb aigua, fang i terra per experimentar textures i processos, afavorint la descoberta a trav\u00e9s dels sentits.<\/li>\n<\/ul>\n\n\n\n<div class=\"wp-block-columns is-layout-flex wp-container-core-columns-is-layout-1 wp-block-columns-is-layout-flex\">\n<div class=\"wp-block-column is-layout-flow wp-block-column-is-layout-flow\">\n<figure class=\"wp-block-image size-full\"><a href=\"https:\/\/agora.xtec.cat\/escolalatrama\/coloraines\/\"><img loading=\"lazy\" decoding=\"async\" width=\"366\" height=\"367\" src=\"https:\/\/agora.xtec.cat\/escolalatrama\/wp-content\/uploads\/usu518\/2024\/10\/Sin-titulo-500-x-500-px-e1731053529467.png\" alt=\"\" class=\"wp-image-4085\" style=\"object-fit:cover\" srcset=\"https:\/\/agora.xtec.cat\/escolalatrama\/wp-content\/uploads\/usu518\/2024\/10\/Sin-titulo-500-x-500-px-e1731053529467.png 366w, https:\/\/agora.xtec.cat\/escolalatrama\/wp-content\/uploads\/usu518\/2024\/10\/Sin-titulo-500-x-500-px-e1731053529467-300x300.png 300w, https:\/\/agora.xtec.cat\/escolalatrama\/wp-content\/uploads\/usu518\/2024\/10\/Sin-titulo-500-x-500-px-e1731053529467-150x150.png 150w\" sizes=\"auto, (max-width: 366px) 100vw, 366px\" \/><\/a><\/figure>\n\n\n\n<p class=\"has-text-align-center has-text-color has-link-color has-medium-font-size wp-elements-9a16563239f53239519fc989c4c0de52\" style=\"color:#b00707\"><strong>Coloraines<\/strong><\/p>\n<\/div>\n\n\n\n<div class=\"wp-block-column is-layout-flow wp-block-column-is-layout-flow\">\n<figure class=\"wp-block-image size-full\"><a href=\"https:\/\/agora.xtec.cat\/escolalatrama\/imaginari\/\"><img loading=\"lazy\" decoding=\"async\" width=\"380\" height=\"367\" src=\"https:\/\/agora.xtec.cat\/escolalatrama\/wp-content\/uploads\/usu518\/2024\/10\/Sin-titulo-500-x-500-px-1-1-e1731053296597.png\" alt=\"\" class=\"wp-image-4097\" style=\"object-fit:cover\" srcset=\"https:\/\/agora.xtec.cat\/escolalatrama\/wp-content\/uploads\/usu518\/2024\/10\/Sin-titulo-500-x-500-px-1-1-e1731053296597.png 380w, https:\/\/agora.xtec.cat\/escolalatrama\/wp-content\/uploads\/usu518\/2024\/10\/Sin-titulo-500-x-500-px-1-1-e1731053296597-300x290.png 300w\" sizes=\"auto, (max-width: 380px) 100vw, 380px\" \/><\/a><\/figure>\n\n\n\n<p class=\"has-text-align-center has-text-color has-link-color has-medium-font-size wp-elements-3dba89f912d8fa032a340958ba70b931\" style=\"color:#b00707\"><strong>Imaginari<\/strong><\/p>\n<\/div>\n\n\n\n<div class=\"wp-block-column is-layout-flow wp-block-column-is-layout-flow\">\n<figure class=\"wp-block-image size-full\"><a href=\"https:\/\/agora.xtec.cat\/escolalatrama\/llumijocs\/\"><img loading=\"lazy\" decoding=\"async\" width=\"379\" height=\"368\" src=\"https:\/\/agora.xtec.cat\/escolalatrama\/wp-content\/uploads\/usu518\/2024\/10\/Sin-titulo-500-x-500-px-2-e1731053326111.png\" alt=\"\" class=\"wp-image-4096\" style=\"object-fit:cover\" srcset=\"https:\/\/agora.xtec.cat\/escolalatrama\/wp-content\/uploads\/usu518\/2024\/10\/Sin-titulo-500-x-500-px-2-e1731053326111.png 379w, https:\/\/agora.xtec.cat\/escolalatrama\/wp-content\/uploads\/usu518\/2024\/10\/Sin-titulo-500-x-500-px-2-e1731053326111-300x291.png 300w\" sizes=\"auto, (max-width: 379px) 100vw, 379px\" \/><\/a><\/figure>\n\n\n\n<p class=\"has-text-align-center has-text-color has-link-color has-medium-font-size wp-elements-0225fe03aea7ffdfe4d5caeb7e300628\" style=\"color:#b00707\"><strong>Llumijocs<\/strong><\/p>\n<\/div>\n\n\n\n<div class=\"wp-block-column is-layout-flow wp-block-column-is-layout-flow\">\n<figure class=\"wp-block-image size-full\"><a href=\"https:\/\/agora.xtec.cat\/escolalatrama\/milcares\/\"><img loading=\"lazy\" decoding=\"async\" width=\"380\" height=\"367\" src=\"https:\/\/agora.xtec.cat\/escolalatrama\/wp-content\/uploads\/usu518\/2024\/10\/Sin-titulo-500-x-500-px-3-e1731053351354.png\" alt=\"\" class=\"wp-image-4095\" style=\"object-fit:cover\" srcset=\"https:\/\/agora.xtec.cat\/escolalatrama\/wp-content\/uploads\/usu518\/2024\/10\/Sin-titulo-500-x-500-px-3-e1731053351354.png 380w, https:\/\/agora.xtec.cat\/escolalatrama\/wp-content\/uploads\/usu518\/2024\/10\/Sin-titulo-500-x-500-px-3-e1731053351354-300x290.png 300w\" sizes=\"auto, (max-width: 380px) 100vw, 380px\" \/><\/a><\/figure>\n\n\n\n<p class=\"has-text-align-center has-text-color has-link-color has-medium-font-size wp-elements-6a36a5d825f12de447968b7450acd46e\" style=\"color:#b00707\"><strong>Milcares<\/strong><\/p>\n<\/div>\n<\/div>\n\n\n\n<div class=\"wp-block-columns is-layout-flex wp-container-core-columns-is-layout-2 wp-block-columns-is-layout-flex\">\n<div class=\"wp-block-column is-layout-flow wp-block-column-is-layout-flow\">\n<figure class=\"wp-block-image size-full\"><a href=\"https:\/\/agora.xtec.cat\/escolalatrama\/construccions\"><img loading=\"lazy\" decoding=\"async\" width=\"378\" height=\"366\" src=\"https:\/\/agora.xtec.cat\/escolalatrama\/wp-content\/uploads\/usu518\/2024\/10\/Sin-titulo-500-x-500-px-12-e1731053272697.png\" alt=\"\" class=\"wp-image-4103\" style=\"object-fit:cover\" srcset=\"https:\/\/agora.xtec.cat\/escolalatrama\/wp-content\/uploads\/usu518\/2024\/10\/Sin-titulo-500-x-500-px-12-e1731053272697.png 378w, https:\/\/agora.xtec.cat\/escolalatrama\/wp-content\/uploads\/usu518\/2024\/10\/Sin-titulo-500-x-500-px-12-e1731053272697-300x290.png 300w\" sizes=\"auto, (max-width: 378px) 100vw, 378px\" \/><\/a><\/figure>\n\n\n\n<p class=\"has-text-align-center has-text-color has-link-color has-medium-font-size wp-elements-4b9142d82fb67069d9665290710acf02\" style=\"color:#b00707\"><strong>Construccions<\/strong><\/p>\n<\/div>\n\n\n\n<div class=\"wp-block-column is-layout-flow wp-block-column-is-layout-flow\">\n<figure class=\"wp-block-image size-full\"><a href=\"https:\/\/agora.xtec.cat\/escolalatrama\/mou-te\/\"><img loading=\"lazy\" decoding=\"async\" width=\"378\" height=\"369\" src=\"https:\/\/agora.xtec.cat\/escolalatrama\/wp-content\/uploads\/usu518\/2024\/10\/Sin-titulo-500-x-500-px-4-e1731053403758.png\" alt=\"\" class=\"wp-image-4094\" srcset=\"https:\/\/agora.xtec.cat\/escolalatrama\/wp-content\/uploads\/usu518\/2024\/10\/Sin-titulo-500-x-500-px-4-e1731053403758.png 378w, https:\/\/agora.xtec.cat\/escolalatrama\/wp-content\/uploads\/usu518\/2024\/10\/Sin-titulo-500-x-500-px-4-e1731053403758-300x293.png 300w\" sizes=\"auto, (max-width: 378px) 100vw, 378px\" \/><\/a><\/figure>\n\n\n\n<p class=\"has-text-align-center has-text-color has-link-color has-medium-font-size wp-elements-05b51cd6f08537e9e1fc109aac2c9c65\" style=\"color:#b00707\"><strong>Mou-te<\/strong><\/p>\n<\/div>\n\n\n\n<div class=\"wp-block-column is-layout-flow wp-block-column-is-layout-flow\">\n<figure class=\"wp-block-image size-full\"><a href=\"https:\/\/agora.xtec.cat\/escolalatrama\/naturalia\/\"><img loading=\"lazy\" decoding=\"async\" width=\"379\" height=\"368\" src=\"https:\/\/agora.xtec.cat\/escolalatrama\/wp-content\/uploads\/usu518\/2024\/10\/Sin-titulo-500-x-500-px-6-e1731053476624.png\" alt=\"\" class=\"wp-image-4092\" srcset=\"https:\/\/agora.xtec.cat\/escolalatrama\/wp-content\/uploads\/usu518\/2024\/10\/Sin-titulo-500-x-500-px-6-e1731053476624.png 379w, https:\/\/agora.xtec.cat\/escolalatrama\/wp-content\/uploads\/usu518\/2024\/10\/Sin-titulo-500-x-500-px-6-e1731053476624-300x291.png 300w\" sizes=\"auto, (max-width: 379px) 100vw, 379px\" \/><\/a><\/figure>\n\n\n\n<p class=\"has-text-align-center has-text-color has-link-color has-medium-font-size wp-elements-24aeb220e135507878f927765b2040c7\" style=\"color:#b00707\"><strong>Natur\u00e0lia<\/strong><\/p>\n<\/div>\n\n\n\n<div class=\"wp-block-column is-layout-flow wp-block-column-is-layout-flow\">\n<figure class=\"wp-block-image size-full\"><a href=\"https:\/\/agora.xtec.cat\/escolalatrama\/patinem\/\"><img loading=\"lazy\" decoding=\"async\" width=\"379\" height=\"367\" src=\"https:\/\/agora.xtec.cat\/escolalatrama\/wp-content\/uploads\/usu518\/2024\/10\/Sin-titulo-500-x-500-px-5-e1731053446903.png\" alt=\"\" class=\"wp-image-4093\" srcset=\"https:\/\/agora.xtec.cat\/escolalatrama\/wp-content\/uploads\/usu518\/2024\/10\/Sin-titulo-500-x-500-px-5-e1731053446903.png 379w, https:\/\/agora.xtec.cat\/escolalatrama\/wp-content\/uploads\/usu518\/2024\/10\/Sin-titulo-500-x-500-px-5-e1731053446903-300x291.png 300w\" sizes=\"auto, (max-width: 379px) 100vw, 379px\" \/><\/a><\/figure>\n\n\n\n<p class=\"has-text-align-center has-text-color has-link-color has-medium-font-size wp-elements-81795a1e6c5746a49485e0d60fe315e0\" style=\"color:#b00707\"><strong>Patinem<\/strong><\/p>\n<\/div>\n<\/div>\n","protected":false},"excerpt":{"rendered":"<p>Espais de l\u2019Agrupaci\u00f3 de Menuts<\/p>\n<p>A l\u2019escola La Trama, els infants de l\u2019Agrupaci\u00f3 de Menuts (I3, I4 i I5) gaudeixen d\u2019una proposta rica i variada d\u2019espais d\u2019aprenentatge que fomenten la descoberta, la creativitat, el moviment i la relaci\u00f3 amb els altres. A trav\u00e9s dels Espais, cada&hellip;  <a href=\"https:\/\/agora.xtec.cat\/escolalatrama\/agrupacions\/menuts\/\" title=\"Read Menuts\">Llegeix m\u00e9s\u00bb<\/a><\/p>\n","protected":false},"author":5,"featured_media":0,"parent":3641,"menu_order":1,"comment_status":"closed","ping_status":"closed","template":"","meta":{"_bbp_topic_count":0,"_bbp_reply_count":0,"_bbp_total_topic_count":0,"_bbp_total_reply_count":0,"_bbp_voice_count":0,"_bbp_anonymous_reply_count":0,"_bbp_topic_count_hidden":0,"_bbp_reply_count_hidden":0,"_bbp_forum_subforum_count":0,"footnotes":""},"class_list":["post-3646","page","type-page","status-publish","hentry"],"post_mailing_queue_ids":[],"_links":{"self":[{"href":"https:\/\/agora.xtec.cat\/escolalatrama\/wp-json\/wp\/v2\/pages\/3646","targetHints":{"allow":["GET"]}}],"collection":[{"href":"https:\/\/agora.xtec.cat\/escolalatrama\/wp-json\/wp\/v2\/pages"}],"about":[{"href":"https:\/\/agora.xtec.cat\/escolalatrama\/wp-json\/wp\/v2\/types\/page"}],"author":[{"embeddable":true,"href":"https:\/\/agora.xtec.cat\/escolalatrama\/wp-json\/wp\/v2\/users\/5"}],"replies":[{"embeddable":true,"href":"https:\/\/agora.xtec.cat\/escolalatrama\/wp-json\/wp\/v2\/comments?post=3646"}],"version-history":[{"count":6,"href":"https:\/\/agora.xtec.cat\/escolalatrama\/wp-json\/wp\/v2\/pages\/3646\/revisions"}],"predecessor-version":[{"id":4784,"href":"https:\/\/agora.xtec.cat\/escolalatrama\/wp-json\/wp\/v2\/pages\/3646\/revisions\/4784"}],"up":[{"embeddable":true,"href":"https:\/\/agora.xtec.cat\/escolalatrama\/wp-json\/wp\/v2\/pages\/3641"}],"wp:attachment":[{"href":"https:\/\/agora.xtec.cat\/escolalatrama\/wp-json\/wp\/v2\/media?parent=3646"}],"curies":[{"name":"wp","href":"https:\/\/api.w.org\/{rel}","templated":true}]}}