{"id":2959,"date":"2022-12-05T12:13:55","date_gmt":"2022-12-05T11:13:55","guid":{"rendered":"https:\/\/agora.xtec.cat\/escolalatrama\/?page_id=2959"},"modified":"2026-02-16T12:45:28","modified_gmt":"2026-02-16T11:45:28","slug":"pla-anual","status":"publish","type":"page","link":"https:\/\/agora.xtec.cat\/escolalatrama\/lescola\/pla-anual\/","title":{"rendered":"Programaci\u00f3 general anual"},"content":{"rendered":"<h2 id=\"h24\">Programaci\u00f3 general anual (PGA)<\/h2>\n<p>La <a href=\"https:\/\/drive.google.com\/file\/d\/1bQ4S52ArEd_uV4o4q7OILdCugaWSDIYj\/view?usp=sharing\" target=\"_blank\" rel=\"noopener\"><span style=\"text-decoration: underline;\"><strong><span style=\"color: #993300;\">programaci\u00f3 general anual del curs 25-26<\/span><\/strong><\/span><\/a> recull la concreci\u00f3 de les prioritats, de les activitats i del funcionament del centre per al curs escolar corresponent. Inclou programes i projectes en qu\u00e8 participa el centre i els seus diferents \u00e0mbits d&#8217;autonomia, d&#8217;acord amb el projecte educatiu i, d&#8217;acord amb el projecte de direcci\u00f3 vigent.<\/p>\n<p>En aquest enlla\u00e7 podeu accedir a la <span style=\"color: #993300;\"><strong><span style=\"text-decoration: underline;\"><a style=\"text-decoration: underline; color: #993300;\" href=\"https:\/\/drive.google.com\/file\/d\/1OmgBtUH8rh7jrUU-fBA8Hdm8c1bXepMX\/view?usp=drive_link\" target=\"_blank\" rel=\"noopener\">programaci\u00f3 general anual del curs 24-25<\/a><\/span><\/strong><\/span>\u00a0 i del <span style=\"color: #993300;\"><strong><a style=\"color: #993300;\" href=\"https:\/\/drive.google.com\/file\/d\/1ASrsvI-tvWwsiQSN0sWaDlGeDnJYVZr4\/view?usp=drive_link\" target=\"_blank\" rel=\"noopener\">curs 23-24.<\/a>\u00a0<\/strong><\/span><\/p>\n\n\n<p><\/p>\n","protected":false},"excerpt":{"rendered":"<p>Programaci\u00f3 general anual (PGA)<br \/>\nLa <a href=\"https:\/\/drive.google.com\/file\/d\/1bQ4S52ArEd_uV4o4q7OILdCugaWSDIYj\/view?usp=sharing\" target=\"_blank\" rel=\"noopener\">programaci\u00f3 general anual del curs 25-26<\/a> recull la concreci\u00f3 de les prioritats, de les activitats i del funcionament del centre per al curs escolar corresponent. Inclou programes i projectes en qu\u00e8 participa el centre i els seus diferents&hellip;  <a href=\"https:\/\/agora.xtec.cat\/escolalatrama\/lescola\/pla-anual\/\" title=\"Read Programaci\u00f3 general anual\">Llegeix m\u00e9s\u00bb<\/a><\/p>\n","protected":false},"author":4,"featured_media":0,"parent":22,"menu_order":5,"comment_status":"closed","ping_status":"closed","template":"","meta":{"_bbp_topic_count":0,"_bbp_reply_count":0,"_bbp_total_topic_count":0,"_bbp_total_reply_count":0,"_bbp_voice_count":0,"_bbp_anonymous_reply_count":0,"_bbp_topic_count_hidden":0,"_bbp_reply_count_hidden":0,"_bbp_forum_subforum_count":0,"footnotes":""},"class_list":["post-2959","page","type-page","status-publish","hentry"],"post_mailing_queue_ids":[],"_links":{"self":[{"href":"https:\/\/agora.xtec.cat\/escolalatrama\/wp-json\/wp\/v2\/pages\/2959","targetHints":{"allow":["GET"]}}],"collection":[{"href":"https:\/\/agora.xtec.cat\/escolalatrama\/wp-json\/wp\/v2\/pages"}],"about":[{"href":"https:\/\/agora.xtec.cat\/escolalatrama\/wp-json\/wp\/v2\/types\/page"}],"author":[{"embeddable":true,"href":"https:\/\/agora.xtec.cat\/escolalatrama\/wp-json\/wp\/v2\/users\/4"}],"replies":[{"embeddable":true,"href":"https:\/\/agora.xtec.cat\/escolalatrama\/wp-json\/wp\/v2\/comments?post=2959"}],"version-history":[{"count":6,"href":"https:\/\/agora.xtec.cat\/escolalatrama\/wp-json\/wp\/v2\/pages\/2959\/revisions"}],"predecessor-version":[{"id":4876,"href":"https:\/\/agora.xtec.cat\/escolalatrama\/wp-json\/wp\/v2\/pages\/2959\/revisions\/4876"}],"up":[{"embeddable":true,"href":"https:\/\/agora.xtec.cat\/escolalatrama\/wp-json\/wp\/v2\/pages\/22"}],"wp:attachment":[{"href":"https:\/\/agora.xtec.cat\/escolalatrama\/wp-json\/wp\/v2\/media?parent=2959"}],"curies":[{"name":"wp","href":"https:\/\/api.w.org\/{rel}","templated":true}]}}