{"id":26,"date":"2014-09-18T12:24:32","date_gmt":"2014-09-18T11:24:32","guid":{"rendered":"http:\/\/agora.xtec.cat\/escolalatrama\/?page_id=26"},"modified":"2023-01-23T16:08:15","modified_gmt":"2023-01-23T15:08:15","slug":"els-inicis","status":"publish","type":"page","link":"https:\/\/agora.xtec.cat\/escolalatrama\/lescola\/els-inicis\/","title":{"rendered":"Els inicis"},"content":{"rendered":"<p>Benvinguts a l&#8217;escola La Trama.<\/p>\n<p>L\u2019any 2007, un grup de cinc mestres van iniciar el projecte de La Trama sobre els pilars de la seva il\u00b7lusi\u00f3, de l\u2019empenta de crear una nova manera de fer,\u00a0 sustentada en l\u2019experi\u00e8ncia i en all\u00f2 que el pas dels anys els havia ensenyat, del que havien experimentat i de la seva passi\u00f3 pel fet d\u2019ensenyar i de fer cr\u00e9ixer\u00a0generacions d\u2019infants.<\/p>\n<p>Des de l&#8217;inici, l&#8217;objectiu no ha estat pas diferent al de les altres escoles: que els nens i les nenes aprenguin. Per\u00f2 amb una identitat pr\u00f2pia. Van transmetre aquesta identitat que caracteritzaria l\u2019escola i que ens continua definint:<\/p>\n<ul>\n<li style=\"list-style-type: none;\">\n<ul>\n<li>Qualsevol cosa s\u2019apr\u00e8n o es soluciona amb m\u00e9s<a style=\"color: #2795b6;\" href=\"https:\/\/agora.xtec.cat\/escolalatrama\/wp-content\/uploads\/usu518\/2023\/01\/Screenshot_5.png\"><img loading=\"lazy\" decoding=\"async\" class=\" wp-image-2988 alignright\" src=\"https:\/\/agora.xtec.cat\/escolalatrama\/wp-content\/uploads\/usu518\/2023\/01\/Screenshot_5.png\" alt=\"\" width=\"315\" height=\"441\" srcset=\"https:\/\/agora.xtec.cat\/escolalatrama\/wp-content\/uploads\/usu518\/2023\/01\/Screenshot_5.png 464w, https:\/\/agora.xtec.cat\/escolalatrama\/wp-content\/uploads\/usu518\/2023\/01\/Screenshot_5-214x300.png 214w\" sizes=\"auto, (max-width: 315px) 100vw, 315px\" \/><\/a> facilitat si un mateix i l\u2019entorn en qu\u00e8 es troba \u00e9s tranquil i harm\u00f2nic. Aconseguir aquest ambient i aquest desenvolupament personal, emocional i afectiu serien punts importants del projecte.<\/li>\n<li>L\u2019aprenentatge ha de ser excel\u00b7lent i equitatiu, en qu\u00e8 tothom pugui desplegar al m\u00e0xim les seves capacitats. Fer a la classe el mateix tots i de la mateixa manera fa patir a uns i avorrir els altres. La intenci\u00f3 \u00e9s proposar activitats en qu\u00e8 tothom pugui oferir i en qu\u00e8 a tothom se li exigeixi l\u2019esfor\u00e7 adequat.<\/li>\n<li>L\u2019inter\u00e8s i la il\u00b7lusi\u00f3 per aprendre \u00e9s una actitud de vida, que no s\u2019ha de perdre, ja que el nostre m\u00f3n \u00e9s canviant i no ens podem quedar amb el que hem apr\u00e8s a l\u2019escola. Necessitem persones amb curiositat i amb ganes de saber, per poder opinar i posicionar-se davant dels nous reptes que la societat imposa.<\/li>\n<li>Afavorir que els nens i nenes es preguntin coses, valorar el que ja saben i que puguin contrastar-ho amb la realitat, que les activitats que facin a l\u2019escola siguin diverses i riques, i aix\u00ed poder aplicar els nous aprenentatges en altres situacions, dins i fora de l\u2019escola.<\/li>\n<li>Estimular les ganes de llegir, d\u2019escoltar els altres, de parlar de manera enraonada i d\u2019escriure de manera estructurada. Que el pensament tingui un ordre i un sentit. En la construcci\u00f3 d\u2019aquests nous aprenentatges han de tenir-hi un paper clau els aspectes art\u00edstics i tecnol\u00f2gics.<\/li>\n<li>Aprendre a esperar, que hi ha coses que no es poden tenir al moment, per aix\u00ed entendre el valor del\u00a0temps i de la il\u00b7lusi\u00f3.<\/li>\n<li>Transmetre el que vol dir la responsabilitat, \u00e9s a dir, preveure i valorar les conseq\u00fc\u00e8ncies de les nostres actuacions.<\/li>\n<\/ul>\n<\/li>\n<\/ul>\n<p>Aquest projecte singular s\u2019ha anat portant a terme en una ubicaci\u00f3 tamb\u00e9 singular: l\u2019edifici d\u2019una antiga f\u00e0brica t\u00e8xtil, la casa Bracons, que forma part del patrimoni de la ciutat.<\/p>\n<p><a href=\"https:\/\/agora.xtec.cat\/escolalatrama\/wp-content\/uploads\/usu518\/2023\/01\/Screenshot_6.png\"><img loading=\"lazy\" decoding=\"async\" class=\" wp-image-2989 alignleft\" src=\"https:\/\/agora.xtec.cat\/escolalatrama\/wp-content\/uploads\/usu518\/2023\/01\/Screenshot_6.png\" alt=\"\" width=\"346\" height=\"259\" srcset=\"https:\/\/agora.xtec.cat\/escolalatrama\/wp-content\/uploads\/usu518\/2023\/01\/Screenshot_6.png 357w, https:\/\/agora.xtec.cat\/escolalatrama\/wp-content\/uploads\/usu518\/2023\/01\/Screenshot_6-300x224.png 300w, https:\/\/agora.xtec.cat\/escolalatrama\/wp-content\/uploads\/usu518\/2023\/01\/Screenshot_6-200x150.png 200w\" sizes=\"auto, (max-width: 346px) 100vw, 346px\" \/><\/a>De fet, el nom del centre queda ben connectat amb aquesta hist\u00f2ria, ja que en el m\u00f3n t\u00e8xtil la \u2018trama\u2019 \u00e9s un conjunt de fils que creuats amb l\u2019ordit formen el teixit. Una gran met\u00e0fora per explicar que entre tothom: mestres, infants i fam\u00edlies fem teixit i constru\u00efm totes juntes aquesta escola.<\/p>\n<ul>\n<li style=\"list-style-type: none;\"><span style=\"font-family: inherit; font-size: 1em;\">A partir d\u2019aquesta declaraci\u00f3 de principis, l\u2019escola ha anat ampliant el seu potencial hum\u00e0, tant amb mestres com amb alumnes i fam\u00edlies, intentant transmetre i impregnar tot el que s\u2019hi fa d\u2019aquesta mirada, d\u2019aquesta manera d\u2019entendre l&#8217;eduacaci\u00f3.<\/span><\/li>\n<\/ul>\n","protected":false},"excerpt":{"rendered":"<p>Benvinguts a l&#8217;escola La Trama.<br \/>\nL\u2019any 2007, un grup de cinc mestres van iniciar el projecte de La Trama sobre els pilars de la seva il\u00b7lusi\u00f3, de l\u2019empenta de crear una nova manera de fer,\u00a0 sustentada en l\u2019experi\u00e8ncia i en all\u00f2 que el pas dels anys&hellip;  <a href=\"https:\/\/agora.xtec.cat\/escolalatrama\/lescola\/els-inicis\/\" title=\"Read Els inicis\">Llegeix m\u00e9s\u00bb<\/a><\/p>\n","protected":false},"author":2,"featured_media":0,"parent":22,"menu_order":1,"comment_status":"closed","ping_status":"closed","template":"page-templates\/side-menu.php","meta":{"_bbp_topic_count":0,"_bbp_reply_count":0,"_bbp_total_topic_count":0,"_bbp_total_reply_count":0,"_bbp_voice_count":0,"_bbp_anonymous_reply_count":0,"_bbp_topic_count_hidden":0,"_bbp_reply_count_hidden":0,"_bbp_forum_subforum_count":0,"footnotes":""},"class_list":["post-26","page","type-page","status-publish","hentry"],"post_mailing_queue_ids":[],"_links":{"self":[{"href":"https:\/\/agora.xtec.cat\/escolalatrama\/wp-json\/wp\/v2\/pages\/26","targetHints":{"allow":["GET"]}}],"collection":[{"href":"https:\/\/agora.xtec.cat\/escolalatrama\/wp-json\/wp\/v2\/pages"}],"about":[{"href":"https:\/\/agora.xtec.cat\/escolalatrama\/wp-json\/wp\/v2\/types\/page"}],"author":[{"embeddable":true,"href":"https:\/\/agora.xtec.cat\/escolalatrama\/wp-json\/wp\/v2\/users\/2"}],"replies":[{"embeddable":true,"href":"https:\/\/agora.xtec.cat\/escolalatrama\/wp-json\/wp\/v2\/comments?post=26"}],"version-history":[{"count":4,"href":"https:\/\/agora.xtec.cat\/escolalatrama\/wp-json\/wp\/v2\/pages\/26\/revisions"}],"predecessor-version":[{"id":2996,"href":"https:\/\/agora.xtec.cat\/escolalatrama\/wp-json\/wp\/v2\/pages\/26\/revisions\/2996"}],"up":[{"embeddable":true,"href":"https:\/\/agora.xtec.cat\/escolalatrama\/wp-json\/wp\/v2\/pages\/22"}],"wp:attachment":[{"href":"https:\/\/agora.xtec.cat\/escolalatrama\/wp-json\/wp\/v2\/media?parent=26"}],"curies":[{"name":"wp","href":"https:\/\/api.w.org\/{rel}","templated":true}]}}