{"id":2180,"date":"2019-01-11T15:40:03","date_gmt":"2019-01-11T14:40:03","guid":{"rendered":"http:\/\/agora.xtec.cat\/escolalatrama\/?page_id=2180"},"modified":"2024-09-11T21:28:40","modified_gmt":"2024-09-11T19:28:40","slug":"carta-de-compromis","status":"publish","type":"page","link":"https:\/\/agora.xtec.cat\/escolalatrama\/curs-actual\/carta-de-compromis\/","title":{"rendered":"Carta de comprom\u00eds"},"content":{"rendered":"<p><span style=\"color: #993300;\">La carta de comprom\u00eds educatiu \u00e9s un document que t\u00e9 com a finalitat potenciar la comunicaci\u00f3, la participaci\u00f3, la implicaci\u00f3, el comprom\u00eds i la corresponsabilitat entre el centre i les fam\u00edlies en l&#8217;educaci\u00f3 dels infants.<\/span><\/p>\n<p><span style=\"color: #993300;\">Aqu\u00ed teniu la nostra\u00a0<a href=\"https:\/\/drive.google.com\/file\/d\/1MG2RSCT52OS4H50P4GL7XaJlaoNNDhOC\/view?usp=drive_link\" target=\"_blank\" rel=\"noopener\"><strong>carta de comprom\u00eds educatiu.<\/strong><\/a><\/span><\/p>\n","protected":false},"excerpt":{"rendered":"<p>La carta de comprom\u00eds educatiu \u00e9s un document que t\u00e9 com a finalitat potenciar la comunicaci\u00f3, la participaci\u00f3, la implicaci\u00f3, el comprom\u00eds i la corresponsabilitat entre el centre i les fam\u00edlies en l&#8217;educaci\u00f3 dels infants.<br \/>\nAqu\u00ed teniu la nostra\u00a0<a href=\"https:\/\/drive.google.com\/file\/d\/1MG2RSCT52OS4H50P4GL7XaJlaoNNDhOC\/view?usp=drive_link\" target=\"_blank\" rel=\"noopener\">carta de comprom\u00eds educatiu.<\/a><\/p>\n","protected":false},"author":4,"featured_media":0,"parent":66,"menu_order":5,"comment_status":"closed","ping_status":"closed","template":"","meta":{"_bbp_topic_count":0,"_bbp_reply_count":0,"_bbp_total_topic_count":0,"_bbp_total_reply_count":0,"_bbp_voice_count":0,"_bbp_anonymous_reply_count":0,"_bbp_topic_count_hidden":0,"_bbp_reply_count_hidden":0,"_bbp_forum_subforum_count":0,"footnotes":""},"class_list":["post-2180","page","type-page","status-publish","hentry"],"post_mailing_queue_ids":[],"_links":{"self":[{"href":"https:\/\/agora.xtec.cat\/escolalatrama\/wp-json\/wp\/v2\/pages\/2180","targetHints":{"allow":["GET"]}}],"collection":[{"href":"https:\/\/agora.xtec.cat\/escolalatrama\/wp-json\/wp\/v2\/pages"}],"about":[{"href":"https:\/\/agora.xtec.cat\/escolalatrama\/wp-json\/wp\/v2\/types\/page"}],"author":[{"embeddable":true,"href":"https:\/\/agora.xtec.cat\/escolalatrama\/wp-json\/wp\/v2\/users\/4"}],"replies":[{"embeddable":true,"href":"https:\/\/agora.xtec.cat\/escolalatrama\/wp-json\/wp\/v2\/comments?post=2180"}],"version-history":[{"count":4,"href":"https:\/\/agora.xtec.cat\/escolalatrama\/wp-json\/wp\/v2\/pages\/2180\/revisions"}],"predecessor-version":[{"id":3832,"href":"https:\/\/agora.xtec.cat\/escolalatrama\/wp-json\/wp\/v2\/pages\/2180\/revisions\/3832"}],"up":[{"embeddable":true,"href":"https:\/\/agora.xtec.cat\/escolalatrama\/wp-json\/wp\/v2\/pages\/66"}],"wp:attachment":[{"href":"https:\/\/agora.xtec.cat\/escolalatrama\/wp-json\/wp\/v2\/media?parent=2180"}],"curies":[{"name":"wp","href":"https:\/\/api.w.org\/{rel}","templated":true}]}}