{"id":80,"date":"2020-11-02T22:09:48","date_gmt":"2020-11-02T21:09:48","guid":{"rendered":"http:\/\/agora.xtec.cat\/escolalaserretaalella\/?page_id=80"},"modified":"2025-10-01T15:49:24","modified_gmt":"2025-10-01T13:49:24","slug":"extraescolars","status":"publish","type":"page","link":"https:\/\/agora.xtec.cat\/escolalaserretaalella\/serveis\/extraescolars\/","title":{"rendered":"Activitats extraescolars"},"content":{"rendered":"<p style=\"color: #666666;\">A La Serreta hi ha una consagrada traject\u00f2ria d&#8217;activitats extraescolars gestionades per l&#8217;<a href=\"https:\/\/afalaserreta.wordpress.com\/\">AFA del centre<\/a>.<\/p>\n<p>De fet, hi ha activitats que es desenvolupen en el nostre centre i formen part de la seva identitat com s\u00f3n el projecte musical En-cantada i els <a href=\"https:\/\/photos.google.com\/share\/AF1QipP4XNG2yZfMawrKfq9Dxu1qdXvaz7U4k2kk_kYAope8zdf6k5hMeNdvc7uo7ybZ4w?key=YUw1Q0tzclNQanJTbmVZTXl5QW5JRjdvV29tMVJn\">Timbalers<\/a>. L&#8217;escola s&#8217;omple de m\u00fasica amb aquestes dues activitats i amb les sessions d&#8217;instruments.<\/p>\n<p>Altres propostes arrelades s\u00f3n el Kids and us, teatre, escacs&#8230;<\/p>\n<p>Des de l&#8217;AFA ja s&#8217;est\u00e0 fent una proposta d&#8217;activitats a les fam\u00edlies que s&#8217;ubicaran en les franges del migdia (una hora dins de l&#8217;horari de menjador) i de tarda: 16:30 a 18h.<\/p>\n<p>Al <a href=\"https:\/\/afalaserreta.wordpress.com\/extraescolars\/\" target=\"_blank\" rel=\"noopener\">blog de l&#8217;AFA<\/a> podreu trobar tota la informaci\u00f3 referent a les activitats que la pr\u00f2pia associaci\u00f3 dinamitza, coordina i organitza.<\/p>\n<p><a href=\"https:\/\/afalaserreta.wordpress.com\/extraescolars\/\" target=\"_blank\" rel=\"noopener\"><img loading=\"lazy\" decoding=\"async\" class=\"wp-image-596 aligncenter\" src=\"https:\/\/agora.xtec.cat\/escolalaserretaalella\/wp-content\/uploads\/usu2234\/2020\/11\/Extraescolars-1024x309.png\" alt=\"\" width=\"1310\" height=\"395\" srcset=\"https:\/\/agora.xtec.cat\/escolalaserretaalella\/wp-content\/uploads\/usu2234\/2020\/11\/Extraescolars-1024x309.png 1024w, https:\/\/agora.xtec.cat\/escolalaserretaalella\/wp-content\/uploads\/usu2234\/2020\/11\/Extraescolars-300x91.png 300w, https:\/\/agora.xtec.cat\/escolalaserretaalella\/wp-content\/uploads\/usu2234\/2020\/11\/Extraescolars-768x232.png 768w, https:\/\/agora.xtec.cat\/escolalaserretaalella\/wp-content\/uploads\/usu2234\/2020\/11\/Extraescolars.png 1754w\" sizes=\"auto, (max-width: 1310px) 100vw, 1310px\" \/><\/a><\/p>\n<p>&nbsp;<\/p>\n<p>&nbsp;<\/p>\n","protected":false},"excerpt":{"rendered":"<p>A La Serreta hi ha una consagrada traject\u00f2ria d&#8217;activitats extraescolars gestionades per l&#8217;AFA del centre. De fet, hi ha activitats que es desenvolupen en el nostre centre i formen part de la seva identitat com s\u00f3n el projecte musical En-cantada i els Timbalers. L&#8217;escola s&#8217;omple de m\u00fasica amb aquestes dues activitats i amb les sessions [&hellip;]<\/p>\n","protected":false},"author":1,"featured_media":0,"parent":66,"menu_order":30,"comment_status":"closed","ping_status":"closed","template":"","meta":{"_bbp_topic_count":0,"_bbp_reply_count":0,"_bbp_total_topic_count":0,"_bbp_total_reply_count":0,"_bbp_voice_count":0,"_bbp_anonymous_reply_count":0,"_bbp_topic_count_hidden":0,"_bbp_reply_count_hidden":0,"_bbp_forum_subforum_count":0,"site-sidebar-layout":"default","site-content-layout":"","ast-site-content-layout":"default","site-content-style":"default","site-sidebar-style":"default","ast-global-header-display":"","ast-banner-title-visibility":"","ast-main-header-display":"","ast-hfb-above-header-display":"","ast-hfb-below-header-display":"","ast-hfb-mobile-header-display":"","site-post-title":"","ast-breadcrumbs-content":"","ast-featured-img":"","footer-sml-layout":"","theme-transparent-header-meta":"default","adv-header-id-meta":"","stick-header-meta":"","header-above-stick-meta":"","header-main-stick-meta":"","header-below-stick-meta":"","astra-migrate-meta-layouts":"set","ast-page-background-enabled":"default","ast-page-background-meta":{"desktop":{"background-color":"var(--ast-global-color-5)","background-image":"","background-repeat":"repeat","background-position":"center center","background-size":"auto","background-attachment":"scroll","background-type":"","background-media":"","overlay-type":"","overlay-color":"","overlay-opacity":"","overlay-gradient":""},"tablet":{"background-color":"","background-image":"","background-repeat":"repeat","background-position":"center center","background-size":"auto","background-attachment":"scroll","background-type":"","background-media":"","overlay-type":"","overlay-color":"","overlay-opacity":"","overlay-gradient":""},"mobile":{"background-color":"","background-image":"","background-repeat":"repeat","background-position":"center center","background-size":"auto","background-attachment":"scroll","background-type":"","background-media":"","overlay-type":"","overlay-color":"","overlay-opacity":"","overlay-gradient":""}},"ast-content-background-meta":{"desktop":{"background-color":"var(--ast-global-color-4)","background-image":"","background-repeat":"repeat","background-position":"center center","background-size":"auto","background-attachment":"scroll","background-type":"","background-media":"","overlay-type":"","overlay-color":"","overlay-opacity":"","overlay-gradient":""},"tablet":{"background-color":"var(--ast-global-color-4)","background-image":"","background-repeat":"repeat","background-position":"center center","background-size":"auto","background-attachment":"scroll","background-type":"","background-media":"","overlay-type":"","overlay-color":"","overlay-opacity":"","overlay-gradient":""},"mobile":{"background-color":"var(--ast-global-color-4)","background-image":"","background-repeat":"repeat","background-position":"center center","background-size":"auto","background-attachment":"scroll","background-type":"","background-media":"","overlay-type":"","overlay-color":"","overlay-opacity":"","overlay-gradient":""}},"footnotes":""},"class_list":["post-80","page","type-page","status-publish","hentry"],"post_mailing_queue_ids":[],"_links":{"self":[{"href":"https:\/\/agora.xtec.cat\/escolalaserretaalella\/wp-json\/wp\/v2\/pages\/80","targetHints":{"allow":["GET"]}}],"collection":[{"href":"https:\/\/agora.xtec.cat\/escolalaserretaalella\/wp-json\/wp\/v2\/pages"}],"about":[{"href":"https:\/\/agora.xtec.cat\/escolalaserretaalella\/wp-json\/wp\/v2\/types\/page"}],"author":[{"embeddable":true,"href":"https:\/\/agora.xtec.cat\/escolalaserretaalella\/wp-json\/wp\/v2\/users\/1"}],"replies":[{"embeddable":true,"href":"https:\/\/agora.xtec.cat\/escolalaserretaalella\/wp-json\/wp\/v2\/comments?post=80"}],"version-history":[{"count":5,"href":"https:\/\/agora.xtec.cat\/escolalaserretaalella\/wp-json\/wp\/v2\/pages\/80\/revisions"}],"predecessor-version":[{"id":3875,"href":"https:\/\/agora.xtec.cat\/escolalaserretaalella\/wp-json\/wp\/v2\/pages\/80\/revisions\/3875"}],"up":[{"embeddable":true,"href":"https:\/\/agora.xtec.cat\/escolalaserretaalella\/wp-json\/wp\/v2\/pages\/66"}],"wp:attachment":[{"href":"https:\/\/agora.xtec.cat\/escolalaserretaalella\/wp-json\/wp\/v2\/media?parent=80"}],"curies":[{"name":"wp","href":"https:\/\/api.w.org\/{rel}","templated":true}]}}