{"id":77,"date":"2020-11-02T21:05:08","date_gmt":"2020-11-02T20:05:08","guid":{"rendered":"http:\/\/agora.xtec.cat\/escolalaserretaalella\/?page_id=77"},"modified":"2026-03-26T17:05:03","modified_gmt":"2026-03-26T16:05:03","slug":"menjador","status":"publish","type":"page","link":"https:\/\/agora.xtec.cat\/escolalaserretaalella\/serveis\/menjador\/","title":{"rendered":"Servei de menjador &#8211; Som Valors"},"content":{"rendered":"<p><img loading=\"lazy\" decoding=\"async\" class=\"wp-image-2519 alignleft\" src=\"https:\/\/agora.xtec.cat\/escolalaserretaalella\/wp-content\/uploads\/usu2234\/2023\/01\/IMG_20220912_141223a.jpg\" alt=\"\" width=\"427\" height=\"224\" srcset=\"https:\/\/agora.xtec.cat\/escolalaserretaalella\/wp-content\/uploads\/usu2234\/2023\/01\/IMG_20220912_141223a.jpg 1024w, https:\/\/agora.xtec.cat\/escolalaserretaalella\/wp-content\/uploads\/usu2234\/2023\/01\/IMG_20220912_141223a-300x158.jpg 300w, https:\/\/agora.xtec.cat\/escolalaserretaalella\/wp-content\/uploads\/usu2234\/2023\/01\/IMG_20220912_141223a-768x404.jpg 768w\" sizes=\"auto, (max-width: 427px) 100vw, 427px\" \/><\/p>\n<p><strong>Vols dinar amb els teus amics i amigues de l\u2019escola?<\/strong><\/p>\n<p>L\u2019espai del migdia \u00e9s concebut com un espai de lleure educatiu i comunitari, que promou el pensament cr\u00edtic i el desenvolupament dels infants i joves des d\u2019una perspectiva hol\u00edstica, tenint en compte l\u2019\u00e0mbit educatiu, social i de lleure.<\/p>\n<p>El projecte de migdia de Som Valors treballar\u00e0 per garantir que aquest espai sigui un entorn educatiu integral, inclusiu i participatiu, que vagi m\u00e9s enll\u00e0 de l\u2019acte d\u2019alimentar-se o fins i tot dels bons h\u00e0bits que hi coexisteixen. El lleure educatiu hi t\u00e9 un pes espec\u00edfic important perqu\u00e8 confiem en la inclusi\u00f3 del migdia com un espai amb contingut pedag\u00f2gic, que formi part de l\u2019educaci\u00f3 transversal d\u2019unes futures generacions cr\u00edtiques, sensibles, emp\u00e0tiques, solid\u00e0ries i respectuoses.<\/p>\n<p>La visi\u00f3 de Som Valors \u00e9s molt clara: des de cada escola volen contribuir a construir un m\u00f3n millor, m\u00e9s just, sostenible, respectu\u00f3s i cr\u00edtic, posant a l\u2019infant al centre del proc\u00e9s, convertint-lo en el principal protagonista i en un agent actiu del proc\u00e9s d\u2019aprenentatge.<br \/>\nExisteix una clara voluntat d\u2019aterrar el projecte de Valors a l\u2019Escola La Serreta, per tal d\u2019alinear-lo amb un projecte d\u2019escola que ja \u00e9s conegut i compartit. Som Valors vol formar part d&#8217;aquesta comunitat educativa i per fer-ho interessa construir imaginaris pedag\u00f2gics compartits. Perqu\u00e8 treballem junts i juntes per pujar el llist\u00f3 del temps de migdia i per extensi\u00f3 de l\u2019educaci\u00f3 dels infants al centre.<\/p>\n<p><strong>\u2013 Tel\u00e8fon coordinadora &#8211; Jeni<\/strong>: 669402731\u00a0<br \/>\n<strong>\u2013 Correu electr\u00f2nic<\/strong>: laserreta<span class=\"\">@somvalors.com<br \/>\n<\/span>&#8211;\u00a0<strong>Horari de contacte:\u00a0<\/strong>de 9 a 15 h.<\/p>\n<p><strong>P\u00edcnics en dia d&#8217;excursi\u00f3: <\/strong>contacteu amb la coordinadora.<\/p>\n<ul>\n<li><a href=\"https:\/\/drive.google.com\/file\/d\/14AvUDTu0v0xW-mRGKKVAfAi1vVac4289\/view?usp=drive_link\" target=\"_blank\" rel=\"noopener\">Carta de presentaci\u00f3 de Som Valors<\/a><\/li>\n<li><a href=\"https:\/\/drive.google.com\/file\/d\/1zRbUyIllufkoVPQZiKHqGG-DoUAZBA0b\/view?usp=sharing\" target=\"_blank\" rel=\"noopener\">Informaci\u00f3 del servei de menjador a La Serreta<\/a><\/li>\n<li><a href=\"https:\/\/drive.google.com\/file\/d\/1iQjRY63SiTQcOfup2sFY3mkBuMgpXiex\/view?usp=sharing\" target=\"_blank\" rel=\"noopener\">Men\u00fa setembre<\/a><\/li>\n<li><a href=\"https:\/\/drive.google.com\/file\/d\/1D-BFY4V9O9VZnORmyBwKKKsDboXY34DK\/view?usp=sharing\" target=\"_blank\" rel=\"noopener\">Men\u00fa octubre<\/a><\/li>\n<li><a href=\"https:\/\/drive.google.com\/file\/d\/16WsoCncVFuTU29jOmVJsYQZ-80H_glPk\/view?usp=sharing\" target=\"_blank\" rel=\"noopener\">Men\u00fa novembre<\/a><\/li>\n<li><a href=\"https:\/\/drive.google.com\/file\/d\/1dM21vUdgCRJJW-4_SPnyOSDv1WoisxPM\/view?usp=drive_link\" target=\"_blank\" rel=\"noopener\">Men\u00fa desembre<\/a><\/li>\n<li><a href=\"https:\/\/drive.google.com\/file\/d\/1tOSvzU2V42AVlGkAaP7ARQSVUZUQYPAa\/view?usp=sharing\" target=\"_blank\" rel=\"noopener\">Men\u00fa gener<\/a><\/li>\n<li><a href=\"https:\/\/drive.google.com\/file\/d\/1IXe-7OrzZbXf8f6fHhm7UWKwIKBs_NxL\/view?usp=drive_link\">Men\u00fa febrer<\/a><\/li>\n<li><a href=\"https:\/\/drive.google.com\/file\/d\/1zif7N4aL6EHOgXGTxLKm-XitTGdM53yh\/view?usp=drive_link\" target=\"_blank\" rel=\"noopener\">Men\u00fa mar\u00e7<\/a><\/li>\n<li><a href=\"https:\/\/drive.google.com\/file\/d\/1OfJI4kj1zus4tvzboh8-bY8LCApc17Ov\/view?usp=drive_link\" target=\"_blank\" rel=\"noopener\">Men\u00fa abril<\/a><\/li>\n<\/ul>\n","protected":false},"excerpt":{"rendered":"<p>Vols dinar amb els teus amics i amigues de l\u2019escola? L\u2019espai del migdia \u00e9s concebut com un espai de lleure educatiu i comunitari, que promou el pensament cr\u00edtic i el desenvolupament dels infants i joves des d\u2019una perspectiva hol\u00edstica, tenint en compte l\u2019\u00e0mbit educatiu, social i de lleure. El projecte de migdia de Som Valors [&hellip;]<\/p>\n","protected":false},"author":1,"featured_media":0,"parent":66,"menu_order":20,"comment_status":"closed","ping_status":"closed","template":"","meta":{"_bbp_topic_count":0,"_bbp_reply_count":0,"_bbp_total_topic_count":0,"_bbp_total_reply_count":0,"_bbp_voice_count":0,"_bbp_anonymous_reply_count":0,"_bbp_topic_count_hidden":0,"_bbp_reply_count_hidden":0,"_bbp_forum_subforum_count":0,"site-sidebar-layout":"default","site-content-layout":"","ast-site-content-layout":"default","site-content-style":"default","site-sidebar-style":"default","ast-global-header-display":"","ast-banner-title-visibility":"","ast-main-header-display":"","ast-hfb-above-header-display":"","ast-hfb-below-header-display":"","ast-hfb-mobile-header-display":"","site-post-title":"","ast-breadcrumbs-content":"","ast-featured-img":"","footer-sml-layout":"","theme-transparent-header-meta":"default","adv-header-id-meta":"","stick-header-meta":"","header-above-stick-meta":"","header-main-stick-meta":"","header-below-stick-meta":"","astra-migrate-meta-layouts":"set","ast-page-background-enabled":"default","ast-page-background-meta":{"desktop":{"background-color":"var(--ast-global-color-5)","background-image":"","background-repeat":"repeat","background-position":"center center","background-size":"auto","background-attachment":"scroll","background-type":"","background-media":"","overlay-type":"","overlay-color":"","overlay-opacity":"","overlay-gradient":""},"tablet":{"background-color":"","background-image":"","background-repeat":"repeat","background-position":"center center","background-size":"auto","background-attachment":"scroll","background-type":"","background-media":"","overlay-type":"","overlay-color":"","overlay-opacity":"","overlay-gradient":""},"mobile":{"background-color":"","background-image":"","background-repeat":"repeat","background-position":"center center","background-size":"auto","background-attachment":"scroll","background-type":"","background-media":"","overlay-type":"","overlay-color":"","overlay-opacity":"","overlay-gradient":""}},"ast-content-background-meta":{"desktop":{"background-color":"var(--ast-global-color-4)","background-image":"","background-repeat":"repeat","background-position":"center center","background-size":"auto","background-attachment":"scroll","background-type":"","background-media":"","overlay-type":"","overlay-color":"","overlay-opacity":"","overlay-gradient":""},"tablet":{"background-color":"var(--ast-global-color-4)","background-image":"","background-repeat":"repeat","background-position":"center center","background-size":"auto","background-attachment":"scroll","background-type":"","background-media":"","overlay-type":"","overlay-color":"","overlay-opacity":"","overlay-gradient":""},"mobile":{"background-color":"var(--ast-global-color-4)","background-image":"","background-repeat":"repeat","background-position":"center center","background-size":"auto","background-attachment":"scroll","background-type":"","background-media":"","overlay-type":"","overlay-color":"","overlay-opacity":"","overlay-gradient":""}},"footnotes":""},"class_list":["post-77","page","type-page","status-publish","hentry"],"post_mailing_queue_ids":[],"_links":{"self":[{"href":"https:\/\/agora.xtec.cat\/escolalaserretaalella\/wp-json\/wp\/v2\/pages\/77","targetHints":{"allow":["GET"]}}],"collection":[{"href":"https:\/\/agora.xtec.cat\/escolalaserretaalella\/wp-json\/wp\/v2\/pages"}],"about":[{"href":"https:\/\/agora.xtec.cat\/escolalaserretaalella\/wp-json\/wp\/v2\/types\/page"}],"author":[{"embeddable":true,"href":"https:\/\/agora.xtec.cat\/escolalaserretaalella\/wp-json\/wp\/v2\/users\/1"}],"replies":[{"embeddable":true,"href":"https:\/\/agora.xtec.cat\/escolalaserretaalella\/wp-json\/wp\/v2\/comments?post=77"}],"version-history":[{"count":6,"href":"https:\/\/agora.xtec.cat\/escolalaserretaalella\/wp-json\/wp\/v2\/pages\/77\/revisions"}],"predecessor-version":[{"id":4215,"href":"https:\/\/agora.xtec.cat\/escolalaserretaalella\/wp-json\/wp\/v2\/pages\/77\/revisions\/4215"}],"up":[{"embeddable":true,"href":"https:\/\/agora.xtec.cat\/escolalaserretaalella\/wp-json\/wp\/v2\/pages\/66"}],"wp:attachment":[{"href":"https:\/\/agora.xtec.cat\/escolalaserretaalella\/wp-json\/wp\/v2\/media?parent=77"}],"curies":[{"name":"wp","href":"https:\/\/api.w.org\/{rel}","templated":true}]}}