{"id":28,"date":"2021-07-16T12:29:35","date_gmt":"2021-07-16T10:29:35","guid":{"rendered":"http:\/\/agora.xtec.cat\/escolalaserretaalella\/?page_id=28"},"modified":"2026-03-04T18:48:59","modified_gmt":"2026-03-04T17:48:59","slug":"consell-escolar","status":"publish","type":"page","link":"https:\/\/agora.xtec.cat\/escolalaserretaalella\/lescola\/consell-escolar\/","title":{"rendered":"Consell escolar"},"content":{"rendered":"<p>La <a title=\"Ves al portal jur\u00eddic\" href=\"https:\/\/portaljuridic.gencat.cat\/ca\/pjur_ocults\/pjur_resultats_fitxa\/?action=fitxa&amp;mode=single&amp;documentId=627338&amp;language=ca_ES\" target=\"_blank\" rel=\"noopener noreferrer\">Llei org\u00e0nica 2\/2006<\/a>, de 3 de maig, d&#8217;educaci\u00f3, en el seu <a title=\"Ves al Portal jur\u00eddic\" href=\"https:\/\/portaljuridic.gencat.cat\/ca\/pjur_ocults\/pjur_resultats_fitxa\/?action=fitxa&amp;mode=single&amp;documentId=627338&amp;language=ca_ES#fragment-1250056\" target=\"_blank\" rel=\"noopener noreferrer\">Article 126. Composici\u00f3 del consell escolar<\/a> especifica quins representants de cada sector de la comunitat educativa han de formar part del consell escolar de cada instituci\u00f3 educativa. Recordem que aquest \u00e9s uns dels \u00f2rgans col\u00b7legiats de control i govern del centres educatius.<\/p>\n<p style=\"color: #444444;\">En el cas de La Serreta, i despr\u00e9s de les eleccions del novembre de 2023, el nostre consell escolar est\u00e0 composat per:<\/p>\n<table style=\"height: 87px; width: 88.3727%; border-style: dashed; border-color: #0c5707; background-color: #b9e8a9;\">\n<tbody>\n<tr style=\"height: 32px;\">\n<td style=\"width: 28.418%; height: 32px; text-align: center; border-style: solid; border-color: #665d5d;\"><strong>Direcci\u00f3 (president)<\/strong><\/td>\n<td style=\"width: 20.7031%; height: 32px; text-align: center; border-style: solid; border-color: #665d5d;\"><strong>Cap d&#8217;estudis<\/strong><\/td>\n<td style=\"width: 17.2852%; height: 32px; text-align: center; border-style: solid; border-color: #665d5d;\"><strong>Secret\u00e0ria<\/strong><\/td>\n<td style=\"width: 32.7148%; height: 32px; text-align: center; border-style: solid; border-color: #665d5d;\"><strong>Representant Ajuntament<\/strong><\/td>\n<\/tr>\n<tr style=\"height: 32px;\">\n<td style=\"width: 28.418%; text-align: center; height: 10px; background-color: #ffffff; border-style: solid; border-color: #665d5d;\">Gustavo Rebollo<\/td>\n<td style=\"width: 20.7031%; text-align: center; height: 10px; background-color: #ffffff; border-style: solid; border-color: #665d5d;\">Carlota Escuer<\/td>\n<td style=\"width: 17.2852%; text-align: center; height: 10px; background-color: #ffffff; border-style: solid; border-color: #665d5d;\">Andrea L\u00f3pez<\/td>\n<td style=\"width: 32.7148%; text-align: center; height: 10px; background-color: #ffffff; border-style: solid; border-color: #665d5d;\">Gemma Grau (regidora)<\/td>\n<\/tr>\n<tr style=\"height: 32px;\">\n<td style=\"width: 28.418%; text-align: center; height: 32px; border-style: solid; border-color: #665d5d;\"><strong>Sector mestres<\/strong><\/td>\n<td style=\"width: 37.9883%; text-align: center; height: 32px; border-style: solid; border-color: #665d5d;\" colspan=\"2\"><strong>Sector fam\u00edlies<\/strong><\/td>\n<td style=\"width: 32.7148%; text-align: center; height: 32px; border-style: solid; border-color: #665d5d;\"><strong>Personal Administraci\u00f3 i Serveis<\/strong><\/td>\n<\/tr>\n<tr style=\"height: 73px;\">\n<td style=\"width: 28.418%; text-align: center; height: 13px; background-color: #ffffff; border-style: solid; border-color: #665d5d;\">Merc\u00e8 Badia \/ Juan Jos\u00e9 Ruiz\u00a0 \/ <span style=\"text-decoration: underline;\">Laura Barn\u00e9s \/ Meritxell Font \/ Encarnaci\u00f3n Gimeno<\/span><\/td>\n<td style=\"width: 37.9883%; text-align: center; height: 13px; background-color: #ffffff; border-style: solid; border-color: #665d5d;\" colspan=\"2\"><span style=\"text-decoration: underline;\">Carolina Cort\u00e9s \/ Teresa Arag\u00f3<\/span> \/ Gabriel Prat (AFA) \/ Elena Amigo \/ Ester Diaz<\/td>\n<td style=\"width: 32.7148%; text-align: center; height: 13px; background-color: #ffffff; border-style: solid; border-color: #665d5d;\"><span style=\"text-decoration: underline;\">Marcos Alonso<\/span><\/td>\n<\/tr>\n<\/tbody>\n<\/table>\n<p>Cada dos anys i durant el mes de novembre, es duen a terme\u00a0 les <strong>eleccions per a la renovaci\u00f3 dels consells escolars<\/strong>. Les persones subratllades han estat escollides en la darrera renovaci\u00f3 del mes de novembre de 2025.<\/p>\n<p><img loading=\"lazy\" decoding=\"async\" class=\"alignnone size-full wp-image-687\" src=\"https:\/\/agora.xtec.cat\/escolalaserretaalella\/wp-content\/uploads\/usu2234\/2020\/11\/ELECCIONS-CONSELL1.png\" alt=\"\" width=\"1782\" height=\"1065\" srcset=\"https:\/\/agora.xtec.cat\/escolalaserretaalella\/wp-content\/uploads\/usu2234\/2020\/11\/ELECCIONS-CONSELL1.png 1782w, https:\/\/agora.xtec.cat\/escolalaserretaalella\/wp-content\/uploads\/usu2234\/2020\/11\/ELECCIONS-CONSELL1-300x179.png 300w, https:\/\/agora.xtec.cat\/escolalaserretaalella\/wp-content\/uploads\/usu2234\/2020\/11\/ELECCIONS-CONSELL1-768x459.png 768w, https:\/\/agora.xtec.cat\/escolalaserretaalella\/wp-content\/uploads\/usu2234\/2020\/11\/ELECCIONS-CONSELL1-1024x612.png 1024w\" sizes=\"auto, (max-width: 1782px) 100vw, 1782px\" \/><\/p>\n<p><strong>Acords del Consell escolar<\/strong><\/p>\n<p><span style=\"text-decoration: underline;\">Curs 2025-26<\/span><\/p>\n<ul>\n<li style=\"font-size: 16px;\"><span style=\"font-size: 14px; color: #339966;\"><a style=\"transition-property: all; color: #339966;\" href=\"https:\/\/drive.google.com\/file\/d\/1dkOXaAYmNp6Dsbnvt2wm28pEm12HqNrO\/view?usp=drive_link\" target=\"_blank\" rel=\"noopener\">5 de novembre de 2025<\/a><\/span><\/li>\n<li style=\"font-size: 16px;\"><span style=\"font-size: 14px; color: #339966;\"><a style=\"transition-property: all; color: #339966;\" href=\"https:\/\/drive.google.com\/file\/d\/1KX14-sMm6FxA5xDXd5YpI1y6mMEDw3w5\/view?usp=drive_link\" target=\"_blank\" rel=\"noopener\">10 de desembre de 2025<\/a><\/span><\/li>\n<li style=\"font-size: 16px;\"><span style=\"font-size: 14px; color: #339966;\"><a style=\"transition-property: all; color: #339966;\" href=\"https:\/\/drive.google.com\/file\/d\/1g4lC_4huUV_H9yo9x1cnJTpFj1al2CSx\/view?usp=drive_link\" target=\"_blank\" rel=\"noopener\">28 de gener de 2026<\/a><\/span><\/li>\n<li><span style=\"font-size: 14px;\"><a href=\"https:\/\/drive.google.com\/file\/d\/1Oybp7MNwH5K7XQbMZb12374QY-Y37Lua\/view?usp=drive_link\" target=\"_blank\" rel=\"noopener\">4 de mar\u00e7 de 2026<\/a><\/span><\/li>\n<\/ul>\n<p><span style=\"text-decoration: underline;\">Curs 2024-25<\/span><\/p>\n<ul style=\"font-size: 16px; font-style: normal; font-weight: 400;\">\n<li style=\"font-size: 16px;\"><span style=\"font-size: 14px; color: #339966;\"><a style=\"font-size: 14px; transition-property: all; color: #339966;\" href=\"https:\/\/drive.google.com\/file\/d\/1okEBbluqzbo5VpbcFBhuU_3-zWKjcb21\/view?usp=sharing\" target=\"_blank\" rel=\"noopener\">27 de novembre de 2024<\/a><\/span><\/li>\n<li style=\"font-size: 16px;\"><span style=\"font-size: 14px; color: #339966;\"><a style=\"font-size: 14px; transition-property: all; color: #339966;\" href=\"https:\/\/drive.google.com\/file\/d\/12gmyHHxESwSk5w3p9ukrexuMgOGR7aGX\/view?usp=drive_link\" target=\"_blank\" rel=\"noopener\">29 de gener de 2025<\/a><\/span><\/li>\n<li style=\"font-size: 16px;\"><span style=\"font-size: 14px; color: #339966;\"><a style=\"font-size: 14px; transition-property: all; color: #339966;\" href=\"https:\/\/drive.google.com\/file\/d\/18RBpQgHSUJvMAp3x_DWS_siKyPyQYQtU\/view?usp=drive_link\" target=\"_blank\" rel=\"noopener\">19 de mar\u00e7 de 2025<\/a><\/span><\/li>\n<li style=\"font-size: 16px;\"><span style=\"font-size: 14px; color: #339966;\"><a style=\"font-size: 14px; transition-property: all; color: #339966;\" href=\"https:\/\/drive.google.com\/file\/d\/1tSjEJwsoPzwT0fip09-8Flfdp-fuh4m-\/view?usp=drive_link\" target=\"_blank\" rel=\"noopener\">25 de juny de 2025<\/a><\/span><\/li>\n<\/ul>\n<p><span style=\"text-decoration: underline;\">Curs 2023-24<\/span><\/p>\n<ul style=\"font-size: 16px; font-style: normal; font-weight: 400;\">\n<li style=\"font-size: 16px;\"><span style=\"font-size: 14px; color: #339966;\"><a style=\"font-size: 14px; transition-property: all; color: #339966;\" href=\"https:\/\/drive.google.com\/file\/d\/1s-_8qsRv7QTUxcq36aoVsnyacUTV7veF\/view?usp=drive_link\">27 de setembre de 2023<\/a><\/span><\/li>\n<li style=\"font-size: 16px;\"><span style=\"font-size: 14px; color: #339966;\"><a style=\"font-size: 14px; transition-property: all; color: #339966;\" href=\"https:\/\/drive.google.com\/file\/d\/1nbK3jfBqhw6Dgup00Zjh0bu4JBUVy1Ro\/view?usp=drive_link\" target=\"_blank\" rel=\"noopener\">02 de novembre de 2023<\/a><\/span><\/li>\n<li style=\"font-size: 16px;\"><span style=\"font-size: 14px; color: #339966;\"><a style=\"font-size: 14px; transition-property: all; color: #339966;\" href=\"https:\/\/drive.google.com\/file\/d\/15K7mZwUcx90YRHzXjRrvL8nu_B81Q_KV\/view?usp=sharing\" target=\"_blank\" rel=\"noopener\">13 de desembre de 2023<\/a><\/span><\/li>\n<li style=\"font-size: 16px;\"><span style=\"font-size: 14px; color: #339966;\"><a style=\"font-size: 14px; transition-property: all; color: #339966;\" href=\"https:\/\/drive.google.com\/file\/d\/1GIrJibmX9M8hiieAQ-PjHsNCnDvD3KQD\/view?usp=sharing\" target=\"_blank\" rel=\"noopener\">24 de gener de 2024<\/a><\/span><\/li>\n<li style=\"font-size: 16px;\"><span style=\"font-size: 14px; color: #339966;\"><a style=\"font-size: 14px; transition-property: all; color: #339966;\" href=\"https:\/\/drive.google.com\/file\/d\/1f9GNDJX2ROMeCOhXIEjH02EL-NKSIcpQ\/view?usp=sharing\" target=\"_blank\" rel=\"noopener\">13 de mar\u00e7 de 2024<\/a><\/span><\/li>\n<li style=\"font-size: 16px;\"><span style=\"font-size: 14px; color: #339966;\"><a style=\"font-size: 14px; transition-property: all; color: #339966;\" href=\"https:\/\/drive.google.com\/file\/d\/1_6CPgG8d0FCdMdxMZjGXmcIXZhBDYHgn\/view?usp=sharing\" target=\"_blank\" rel=\"noopener\">26 de juny de 2024<\/a><\/span><\/li>\n<\/ul>\n<p><span style=\"text-decoration: underline;\">Curs 2022-23<\/span><\/p>\n<ul style=\"font-size: 16px; font-family: 'Helvetica Neue', Helvetica, Helvetica, Arial, sans-serif;\">\n<li style=\"font-size: 16px;\"><span style=\"font-size: 14px; color: #339966;\"><a style=\"color: #339966;\" href=\"https:\/\/drive.google.com\/file\/d\/1f02odZHOCOiCifU1tCphPqp_6PkOyGVU\/view?usp=share_link\" target=\"_blank\" rel=\"noopener\">14 de setembre de 2022<\/a><\/span><\/li>\n<li style=\"font-size: 16px;\"><span style=\"font-size: 14px; color: #339966;\"><a style=\"font-size: 14px; transition-property: all; color: #339966;\" href=\"https:\/\/drive.google.com\/file\/d\/1fH-rmkf4scfoqP9uRmYMZ5nqHS1U_KK3\/view?usp=share_link\" target=\"_blank\" rel=\"noopener\">29 de setembre de 2022<\/a><\/span><\/li>\n<li style=\"font-size: 16px;\"><span style=\"font-size: 14px; color: #339966;\"><a style=\"font-size: 14px; transition-property: all; color: #339966;\" href=\"https:\/\/drive.google.com\/file\/d\/1fLLEWiSc517WAiZ3vSzcRtax_nD8vXfZ\/view?usp=share_link\" target=\"_blank\" rel=\"noopener\">20 d&#8217;octubre de 2022<\/a><\/span><\/li>\n<li style=\"font-size: 16px;\"><span style=\"font-size: 14px; color: #339966;\"><a style=\"font-size: 14px; transition-property: all; color: #339966;\" href=\"https:\/\/drive.google.com\/file\/d\/1NR_gO6lK5A5fqSk17ChBskv1WPdUaTnS\/view?usp=share_link\" target=\"_blank\" rel=\"noopener\">30 de gener de 2023<\/a><\/span><\/li>\n<li style=\"font-size: 16px;\"><span style=\"font-size: 14px;\"><a style=\"font-size: 14px; transition-property: all;\" href=\"https:\/\/drive.google.com\/file\/d\/1vNtQkXrucdkwGrR_Xv9CvQ3IGOOQHU9M\/view?usp=share_link\" target=\"_blank\" rel=\"noopener\"><span style=\"color: #339966;\">15 de mar\u00e7 de 2023<\/span><\/a><\/span><\/li>\n<\/ul>\n","protected":false},"excerpt":{"rendered":"<p>La Llei org\u00e0nica 2\/2006, de 3 de maig, d&#8217;educaci\u00f3, en el seu Article 126. Composici\u00f3 del consell escolar especifica quins representants de cada sector de la comunitat educativa han de formar part del consell escolar de cada instituci\u00f3 educativa. Recordem que aquest \u00e9s uns dels \u00f2rgans col\u00b7legiats de control i govern del centres educatius. En [&hellip;]<\/p>\n","protected":false},"author":1,"featured_media":0,"parent":22,"menu_order":30,"comment_status":"closed","ping_status":"closed","template":"","meta":{"_bbp_topic_count":0,"_bbp_reply_count":0,"_bbp_total_topic_count":0,"_bbp_total_reply_count":0,"_bbp_voice_count":0,"_bbp_anonymous_reply_count":0,"_bbp_topic_count_hidden":0,"_bbp_reply_count_hidden":0,"_bbp_forum_subforum_count":0,"site-sidebar-layout":"default","site-content-layout":"","ast-site-content-layout":"default","site-content-style":"default","site-sidebar-style":"default","ast-global-header-display":"","ast-banner-title-visibility":"","ast-main-header-display":"","ast-hfb-above-header-display":"","ast-hfb-below-header-display":"","ast-hfb-mobile-header-display":"","site-post-title":"","ast-breadcrumbs-content":"","ast-featured-img":"","footer-sml-layout":"","theme-transparent-header-meta":"default","adv-header-id-meta":"","stick-header-meta":"","header-above-stick-meta":"","header-main-stick-meta":"","header-below-stick-meta":"","astra-migrate-meta-layouts":"set","ast-page-background-enabled":"default","ast-page-background-meta":{"desktop":{"background-color":"var(--ast-global-color-5)","background-image":"","background-repeat":"repeat","background-position":"center center","background-size":"auto","background-attachment":"scroll","background-type":"","background-media":"","overlay-type":"","overlay-color":"","overlay-opacity":"","overlay-gradient":""},"tablet":{"background-color":"","background-image":"","background-repeat":"repeat","background-position":"center center","background-size":"auto","background-attachment":"scroll","background-type":"","background-media":"","overlay-type":"","overlay-color":"","overlay-opacity":"","overlay-gradient":""},"mobile":{"background-color":"","background-image":"","background-repeat":"repeat","background-position":"center center","background-size":"auto","background-attachment":"scroll","background-type":"","background-media":"","overlay-type":"","overlay-color":"","overlay-opacity":"","overlay-gradient":""}},"ast-content-background-meta":{"desktop":{"background-color":"var(--ast-global-color-4)","background-image":"","background-repeat":"repeat","background-position":"center center","background-size":"auto","background-attachment":"scroll","background-type":"","background-media":"","overlay-type":"","overlay-color":"","overlay-opacity":"","overlay-gradient":""},"tablet":{"background-color":"var(--ast-global-color-4)","background-image":"","background-repeat":"repeat","background-position":"center center","background-size":"auto","background-attachment":"scroll","background-type":"","background-media":"","overlay-type":"","overlay-color":"","overlay-opacity":"","overlay-gradient":""},"mobile":{"background-color":"var(--ast-global-color-4)","background-image":"","background-repeat":"repeat","background-position":"center center","background-size":"auto","background-attachment":"scroll","background-type":"","background-media":"","overlay-type":"","overlay-color":"","overlay-opacity":"","overlay-gradient":""}},"footnotes":""},"class_list":["post-28","page","type-page","status-publish","hentry"],"post_mailing_queue_ids":[],"_links":{"self":[{"href":"https:\/\/agora.xtec.cat\/escolalaserretaalella\/wp-json\/wp\/v2\/pages\/28","targetHints":{"allow":["GET"]}}],"collection":[{"href":"https:\/\/agora.xtec.cat\/escolalaserretaalella\/wp-json\/wp\/v2\/pages"}],"about":[{"href":"https:\/\/agora.xtec.cat\/escolalaserretaalella\/wp-json\/wp\/v2\/types\/page"}],"author":[{"embeddable":true,"href":"https:\/\/agora.xtec.cat\/escolalaserretaalella\/wp-json\/wp\/v2\/users\/1"}],"replies":[{"embeddable":true,"href":"https:\/\/agora.xtec.cat\/escolalaserretaalella\/wp-json\/wp\/v2\/comments?post=28"}],"version-history":[{"count":6,"href":"https:\/\/agora.xtec.cat\/escolalaserretaalella\/wp-json\/wp\/v2\/pages\/28\/revisions"}],"predecessor-version":[{"id":4211,"href":"https:\/\/agora.xtec.cat\/escolalaserretaalella\/wp-json\/wp\/v2\/pages\/28\/revisions\/4211"}],"up":[{"embeddable":true,"href":"https:\/\/agora.xtec.cat\/escolalaserretaalella\/wp-json\/wp\/v2\/pages\/22"}],"wp:attachment":[{"href":"https:\/\/agora.xtec.cat\/escolalaserretaalella\/wp-json\/wp\/v2\/media?parent=28"}],"curies":[{"name":"wp","href":"https:\/\/api.w.org\/{rel}","templated":true}]}}