{"id":4651,"date":"2020-10-25T23:42:49","date_gmt":"2020-10-25T22:42:49","guid":{"rendered":"http:\/\/agora.xtec.cat\/escolalasequia\/?page_id=4651"},"modified":"2022-06-29T23:35:00","modified_gmt":"2022-06-29T21:35:00","slug":"avis-legal","status":"publish","type":"page","link":"https:\/\/agora.xtec.cat\/escolalasequia\/afa\/presentacio\/avis-legal\/","title":{"rendered":"AFA > Av\u00eds legal"},"content":{"rendered":"<div class=\"entry-content\">\n<p align=\"justify\">Aquest espai web \u00e9s propietat de AFA ESCOLA LA S\u00c8QUIA amb nif G64087257 i domicili al Cam\u00ed Vell de Santpedor 36-38, 08243 Manresa. Per a qualsevol consulta o proposta, podeu contactar-nos a afalasequia@gmail.com.<br \/>\nAquesta p\u00e0gina web es regeix per la normativa exclusivament aplicable a Espanya, quedant sotmesa a ella, tant a nacionals com a estrangers que utilitzin aquesta web.<br \/>\nL\u2019acc\u00e9s a la nostra p\u00e0gina web per part de l\u2019usuari \u00e9s gratu\u00eft i est\u00e0 condicionat a la pr\u00e8via lectura i acceptaci\u00f3 \u00edntegra, expressa i sense reserves de les presents condicions generals d\u2019\u00fas vigents en el moment de l\u2019acc\u00e9s, que preguem que llegeixi detingudament. L\u2019usuari, des del moment en qu\u00e8 utilitza el nostre portal, els seus continguts o serveis, accepta i es sotmet expressament a les condicions generals d\u2019\u00fas del mateix. Si l\u2019usuari no estigu\u00e9s d\u2019acord amb les presents condicions d\u2019\u00fas, haur\u00e0 d\u2019abstenir-se d\u2019utilitzar aquest portal i d\u2019operar per mitj\u00e0 del mateix.<br \/>\nEn qualsevol moment podrem modificar la presentaci\u00f3 i configuraci\u00f3 de la nostra web, ampliar o reduir serveis i, fins i tot, suprimir-la de la xarxa, aix\u00ed com els serveis i continguts prestats, tot aix\u00f2 de forma unilateral i sense previ av\u00eds.<\/p>\n<ol>\n<li>\n<p align=\"justify\"><strong>Propietat intel.lectual<\/strong><br \/>\nTots els continguts, textos, imatges, marques i codis font s\u00f3n de la nostra propietat o de tercers als quals s\u2019han adquirit els seus drets d\u2019explotaci\u00f3, i estan protegits pels drets de propietat intel\u00b7lectual i industrial.<br \/>\nL\u2019usuari \u00fanicament t\u00e9 dret a un \u00fas privat dels mateixos, sense \u00e0nim de lucre, i necessita autoritzaci\u00f3 expressa per modificar-los, reproduir-los, explotar-los, distribuir-los o exercir qualsevol dret pertanyent al seu titular.<\/p>\n<\/li>\n<li>\n<p align=\"justify\"><strong>Condicions d\u2019acc\u00e9s<\/strong><br \/>\nL\u2019acc\u00e9s a la nostra p\u00e0gina web \u00e9s gratu\u00eft i no requereix subscripci\u00f3 pr\u00e8via ni registre. L\u2019enviament de dades personals implica l\u2019acceptaci\u00f3 expressa per part de l\u2019usuari de la nostra pol\u00edtica de privadesa. L\u2019usuari ha d\u2019accedir a la nostra p\u00e0gina web conforme a la bona fe, les normes d\u2019ordre p\u00fablic i a les presents condicions generals d\u2019\u00fas. L\u2019acc\u00e9s al nostre lloc web es realitza sota la pr\u00f2pia i exclusiva responsabilitat de l\u2019usuari, que respondr\u00e0 en tot cas dels danys i perjudicis que pugui causar a tercers o a nosaltres mateixos.<br \/>\nTenint en compte la impossibilitat de control respecte a la informaci\u00f3, continguts i serveis que continguin altres p\u00e0gines web als quals es pugui accedir a trav\u00e9s dels enlla\u00e7os que la nostra p\u00e0gina web pugui posar a la seva disposici\u00f3, li comuniquem que quedem exempts i eximits de qualsevol responsabilitat pels danys i perjudicis de tota classe que poguessin derivar per la utilitzaci\u00f3 d\u2019aquestes p\u00e0gines web, alienes a la nostra empresa, per part de l\u2019usuari.<\/p>\n<\/li>\n<li>\n<p align=\"justify\"><strong>Pol\u00edtica de privacitat<\/strong><br \/>\nLa confidencialitat i la seguretat s\u00f3n valors primordials de l\u2019AFA ESCOLA LA S\u00c8QUIA i, en conseq\u00fc\u00e8ncia, assumim el comprom\u00eds de garantir la privadesa de l\u2019usuari a tot moment i de no recaptar informaci\u00f3 innecess\u00e0ria. A continuaci\u00f3, li proporcionem tota la informaci\u00f3 necess\u00e0ria sobre la nostra pol\u00edtica de privacitat en relaci\u00f3 amb les dades personals que recaptem:<\/p>\n<ul>\n<li>\n<p align=\"justify\">Responsable: veure dades a l\u2019encap\u00e7alament d\u2019aquesta p\u00e0gina.<\/p>\n<\/li>\n<li>\n<p align=\"justify\">Tractament de les dades enviades a trav\u00e9s del formulari de contacte:<\/p>\n<ul>\n<li>\n<p align=\"justify\">Finalitat: facilitar-li un mitj\u00e0 perqu\u00e8 pugui posar-se en contacte amb nosaltres i contestar a les seves sol\u00b7licituds d\u2019informaci\u00f3, aix\u00ed com enviar-li comunicacions dels nostres productes, serveis i activitats, inclusivament per mitjans electr\u00f2nics (correu electr\u00f2nic, tel\u00e8fon m\u00f2bil, etc.), si marca la casella d\u2019acceptaci\u00f3.<\/p>\n<\/li>\n<li>\n<p align=\"justify\">Legitimaci\u00f3: el consentiment de l\u2019usuari en sol\u00b7licitar-nos informaci\u00f3 a trav\u00e9s del nostre formulari de contactes i en marcar la casella d\u2019acceptaci\u00f3 d\u2019enviament d\u2019informaci\u00f3.<\/p>\n<\/li>\n<li>\n<p align=\"justify\">Conservaci\u00f3: una vegada resolta la seva sol\u00b7licitud per mitj\u00e0 del nostre formulari o contestada per correu electr\u00f2nic, si no ha generat un nou tractament, i en cas d\u2019haver acceptat rebre enviaments comercials, fins que sol\u00b7liciti la baixa dels mateixos.<\/p>\n<\/li>\n<\/ul>\n<\/li>\n<li>\n<p align=\"justify\">Tractament de les dades enviades a trav\u00e9s de correus electr\u00f2nics<\/p>\n<ul>\n<li>\n<p align=\"justify\">Finalitat: contestar a les seves sol\u00b7licituds d\u2019informaci\u00f3, atendre les seves peticions i respondre les seves consultes o dubtes. En cas de rebre el seu curr\u00edculum vitae, les seves dades i CV podran ser incorporats a les nostres bases de dades per participar en els nostres processos de selecci\u00f3 presents i\/o futurs<\/p>\n<\/li>\n<li>\n<p align=\"justify\">Legitimaci\u00f3: el consentiment de l\u2019usuari en sol\u00b7licitar-nos informaci\u00f3 a trav\u00e9s de l\u2019adre\u00e7a de correu electr\u00f2nic o enviar-nos el CV.<\/p>\n<\/li>\n<li>\n<p align=\"justify\">Conservaci\u00f3: una vegada resulta contestada la seva petici\u00f3 per correu electr\u00f2nic, si no ha generat un nou tractament. En cas de rebre el seu CV, les seves dades es podran conservar durant 1 any m\u00e0xim per a futurs processos de selecci\u00f3.<\/p>\n<\/li>\n<\/ul>\n<\/li>\n<li>\n<p align=\"justify\">Destinataris als que es comuniquen les seves dades: les seves dades s\u00f3n confidencials i no es cediran a tercers, excepte que existeixi obligaci\u00f3 legal.<\/p>\n<\/li>\n<li>\n<p align=\"justify\">Obligaci\u00f3 de facilitar-nos les seves dades personals i conseq\u00fc\u00e8ncies de no fer-ho: el subministrament de dades personals requereix una edat m\u00ednima de 14 anys, o si s\u2019escau, disposar de capacitat jur\u00eddica suficient per contractar. Les dades personals sol\u00b7licitades s\u00f3n necessaris per gestionar les seves sol\u00b7licituds, donar-lo d\u2019alta com a usuari i\/o prestar-li els serveis que pugui contractar, per la qual cosa, si no ens les facilita, no podrem atendre\u2019l correctament ni prestar-li el servei que ha sol\u00b7licitat.<br \/>\nEn tot cas, ens reservem el dret a decidir sobre la incorporaci\u00f3 o no de les seves dades i dem\u00e9s informaci\u00f3 a les nostres bases de dades.<\/p>\n<\/li>\n<li>\n<p align=\"justify\">Drets en relaci\u00f3 a les seves dades personals: qualsevol persona pot retirar el seu consentiment en qualsevol moment, quan el mateix s\u2019hagi atorgat per al tractament de les seves dades. En cap cas, la retirada d\u2019aquest consentiment condiciona l\u2019execuci\u00f3 del contracte de subscripci\u00f3 o les relacions generades amb anterioritat.<br \/>\nIgualment, pot exercir els seg\u00fcents drets:<\/p>\n<ul>\n<li>\n<p align=\"justify\">Sol\u00b7licitar l\u2019acc\u00e9s a les seves dades personals o la seva rectificaci\u00f3 quan siguin inexactes.<\/p>\n<\/li>\n<li>\n<p align=\"justify\">Sol\u00b7licitar la seva supressi\u00f3 quan, entre altres motius, les dades ja no siguin necess\u00e0ries per a les finalitats pels quals van ser recollides.<\/p>\n<\/li>\n<li>\n<p align=\"justify\">Sol\u00b7licitar la limitaci\u00f3 del seu tractament en determinades circumst\u00e0ncies.<\/p>\n<\/li>\n<li>\n<p align=\"justify\">Sol\u00b7licitar l\u2019oposici\u00f3 al tractament de les seves dades per motius relacionats amb la seva situaci\u00f3 particular.<\/p>\n<\/li>\n<li>\n<p align=\"justify\">Sol\u00b7licitar la portabilitat de les dades en els casos previstos a la normativa.<\/p>\n<\/li>\n<li>\n<p align=\"justify\">Altres drets reconeguts a les normatives aplicables.<\/p>\n<\/li>\n<\/ul>\n<p align=\"justify\">Per a l\u2019exercici d\u2019aquests drets cal adre\u00e7ar un escrit dirigit al responsable, a la seva adre\u00e7a postal o electr\u00f2nica (indicades a l\u2019encap\u00e7alament d\u2019aquesta p\u00e0gina), indicant la refer\u00e8ncia \u201cDades Personals\u201d, especificant el dret que es vol exercir i respecte a quines dades personals. En cas de diverg\u00e8ncies amb l\u2019empresa en relaci\u00f3 al tractament de les seves dades personals, pot presentar una reclamaci\u00f3 davant l\u2019Ag\u00e8ncia de Protecci\u00f3 de Dades (www.agpd.es).<\/p>\n<\/li>\n<li>\n<p align=\"justify\">Actualitzaci\u00f3: per poder mantenir actualitzades les seves dades personals \u00e9s necessari que ens informi de qualsevol canvi que es pugui produir. En cas contrari, no podem fer-nos responsables de les possibles conseq\u00fc\u00e8ncies.<\/p>\n<\/li>\n<\/ul>\n<\/li>\n<li>\n<p align=\"justify\"><strong>Cookies<\/strong><br \/>\nAquesta p\u00e0gina web pot utilitzar cookies, per\u00f2 en cap cas tracten dades de car\u00e0cter personal, capten h\u00e0bits de navegaci\u00f3 de l\u2019usuari ni s\u00f3n utilitzades amb finalitats publicit\u00e0ries, i que per tant queden exceptuades del compliment de les obligacions establertes en l\u2019article 22 de la Llei de Serveis de la Societat de la Informaci\u00f3. No obstant aix\u00f2, l\u2019usuari consent l\u2019\u00fas de les cookies que ens permetin la comunicaci\u00f3 entre l\u2019equip de l\u2019usuari i la xarxa, prestar un servei expressament sol\u00b7licitat per l\u2019usuari, l\u2019autenticaci\u00f3 o identificaci\u00f3 d\u2019usuari (\u00fanicament de sessi\u00f3), donar seguretat a l\u2019usuari, sessions de reproductor multim\u00e8dia, sessions per a equilibrar la c\u00e0rrega, la personalitzaci\u00f3 de la interf\u00edcie d\u2019usuari i de complements (plug-in) i intercanviar continguts socials. De totes maneres, l\u2019usuari si ho desitja pot desactivar i\/o eliminar aquestes cookies seguint les instruccions del seu navegador d\u2019internet.<\/p>\n<\/li>\n<li>\n<p align=\"justify\"><strong>Responsabilitat<\/strong><br \/>\nEn posar a disposici\u00f3 de l\u2019usuari aquesta p\u00e0gina web volem oferir-li un servei de qualitat, utilitzant la m\u00e0xima dilig\u00e8ncia en la prestaci\u00f3 del mateix, aix\u00ed com en els mitjans tecnol\u00f2gics utilitzats. No obstant aix\u00f2, no respondrem de la pres\u00e8ncia de virus i altres elements que d\u2019alguna manera puguin danyar el sistema inform\u00e0tic de l\u2019usuari.<br \/>\nAmb l\u2019objectiu de salvaguardar la seguretat de les seves dades personals, l\u2019informem que hem adoptat totes les mesures t\u00e8cniques i organitzatives necess\u00e0ries per garantir la seguretat de les dades personals subministrades, per evitar la seva alteraci\u00f3, p\u00e8rdua i tractaments o accessos no autoritzats.<br \/>\nNo garantim que la disponibilitat del servei sigui cont\u00ednua i ininterrompuda.<br \/>\nL\u2019usuari t\u00e9 prohibit qualsevol tipus d\u2019acci\u00f3 sobre el nostre portal que origini una excessiva sobrec\u00e0rrega de funcionament als nostres sistemes inform\u00e0tics, aix\u00ed com la introducci\u00f3 de virus, o instal\u00b7laci\u00f3 de robots o programari que alteri el normal funcionament de la nostra web, o en definitiva pugui causar danys als nostres sistemes inform\u00e0tics.<br \/>\nL\u2019usuari assumeix tota la responsabilitat derivada de l\u2019\u00fas de la nostra p\u00e0gina web.<br \/>\nNo podem fer-nos responsables de la pol\u00edtica de privadesa respecte a les dades personals que pugui facilitar a tercers per mitj\u00e0 dels enlla\u00e7os disponibles a la nostra p\u00e0gina web.<br \/>\nL\u2019usuari reconeix que ha ent\u00e8s tota la informaci\u00f3 respecte a les condicions d\u2019\u00fas del nostre portal, i reconeix que s\u00f3n suficients per a l\u2019exclusi\u00f3 de l\u2019error en les mateixes, i per tant, les accepta integra i expressament.<\/p>\n<\/li>\n<\/ol>\n<p align=\"justify\">La present Pol\u00edtica de Privadesa ha estat editada per \u00faltima vegada el 31\/03\/2020, i pot ser modificada per adaptar-la als canvis que es produeixin a la nostra web, aix\u00ed com modificacions legislatives o jurisprudencials sobre dades personals que vagin apareixent, per la qual cosa s\u2019exigeix la seva lectura, cada vegada que ens faciliti les seves dades a trav\u00e9s d\u2019aquesta web.<\/p>\n<\/div>\n","protected":false},"excerpt":{"rendered":"<p>Aquest espai web \u00e9s propietat de AFA ESCOLA LA S\u00c8QUIA amb nif G64087257 i domicili al Cam\u00ed Vell de Santpedor 36-38, 08243 Manresa. Per a qualsevol consulta o proposta, podeu contactar-nos a afalasequia@gmail.com. Aquesta p\u00e0gina web es regeix per la normativa exclusivament aplicable a Espanya, quedant sotmesa a ella, tant a nacionals com a estrangers [&hellip;]<\/p>\n","protected":false},"author":40,"featured_media":0,"parent":4644,"menu_order":0,"comment_status":"closed","ping_status":"closed","template":"","meta":{"_bbp_topic_count":0,"_bbp_reply_count":0,"_bbp_total_topic_count":0,"_bbp_total_reply_count":0,"_bbp_voice_count":0,"_bbp_anonymous_reply_count":0,"_bbp_topic_count_hidden":0,"_bbp_reply_count_hidden":0,"_bbp_forum_subforum_count":0,"site-sidebar-layout":"default","site-content-layout":"","ast-site-content-layout":"","site-content-style":"default","site-sidebar-style":"default","ast-global-header-display":"","ast-banner-title-visibility":"","ast-main-header-display":"","ast-hfb-above-header-display":"","ast-hfb-below-header-display":"","ast-hfb-mobile-header-display":"","site-post-title":"","ast-breadcrumbs-content":"","ast-featured-img":"","footer-sml-layout":"","theme-transparent-header-meta":"","adv-header-id-meta":"","stick-header-meta":"","header-above-stick-meta":"","header-main-stick-meta":"","header-below-stick-meta":"","astra-migrate-meta-layouts":"default","ast-page-background-enabled":"default","ast-page-background-meta":{"desktop":{"background-color":"var(--ast-global-color-4)","background-image":"","background-repeat":"repeat","background-position":"center center","background-size":"auto","background-attachment":"scroll","background-type":"","background-media":"","overlay-type":"","overlay-color":"","overlay-opacity":"","overlay-gradient":""},"tablet":{"background-color":"","background-image":"","background-repeat":"repeat","background-position":"center center","background-size":"auto","background-attachment":"scroll","background-type":"","background-media":"","overlay-type":"","overlay-color":"","overlay-opacity":"","overlay-gradient":""},"mobile":{"background-color":"","background-image":"","background-repeat":"repeat","background-position":"center center","background-size":"auto","background-attachment":"scroll","background-type":"","background-media":"","overlay-type":"","overlay-color":"","overlay-opacity":"","overlay-gradient":""}},"ast-content-background-meta":{"desktop":{"background-color":"var(--ast-global-color-5)","background-image":"","background-repeat":"repeat","background-position":"center center","background-size":"auto","background-attachment":"scroll","background-type":"","background-media":"","overlay-type":"","overlay-color":"","overlay-opacity":"","overlay-gradient":""},"tablet":{"background-color":"var(--ast-global-color-5)","background-image":"","background-repeat":"repeat","background-position":"center center","background-size":"auto","background-attachment":"scroll","background-type":"","background-media":"","overlay-type":"","overlay-color":"","overlay-opacity":"","overlay-gradient":""},"mobile":{"background-color":"var(--ast-global-color-5)","background-image":"","background-repeat":"repeat","background-position":"center center","background-size":"auto","background-attachment":"scroll","background-type":"","background-media":"","overlay-type":"","overlay-color":"","overlay-opacity":"","overlay-gradient":""}},"footnotes":""},"class_list":["post-4651","page","type-page","status-publish","hentry"],"post_mailing_queue_ids":[],"_links":{"self":[{"href":"https:\/\/agora.xtec.cat\/escolalasequia\/wp-json\/wp\/v2\/pages\/4651","targetHints":{"allow":["GET"]}}],"collection":[{"href":"https:\/\/agora.xtec.cat\/escolalasequia\/wp-json\/wp\/v2\/pages"}],"about":[{"href":"https:\/\/agora.xtec.cat\/escolalasequia\/wp-json\/wp\/v2\/types\/page"}],"author":[{"embeddable":true,"href":"https:\/\/agora.xtec.cat\/escolalasequia\/wp-json\/wp\/v2\/users\/40"}],"replies":[{"embeddable":true,"href":"https:\/\/agora.xtec.cat\/escolalasequia\/wp-json\/wp\/v2\/comments?post=4651"}],"version-history":[{"count":3,"href":"https:\/\/agora.xtec.cat\/escolalasequia\/wp-json\/wp\/v2\/pages\/4651\/revisions"}],"predecessor-version":[{"id":7261,"href":"https:\/\/agora.xtec.cat\/escolalasequia\/wp-json\/wp\/v2\/pages\/4651\/revisions\/7261"}],"up":[{"embeddable":true,"href":"https:\/\/agora.xtec.cat\/escolalasequia\/wp-json\/wp\/v2\/pages\/4644"}],"wp:attachment":[{"href":"https:\/\/agora.xtec.cat\/escolalasequia\/wp-json\/wp\/v2\/media?parent=4651"}],"curies":[{"name":"wp","href":"https:\/\/api.w.org\/{rel}","templated":true}]}}