{"id":64,"date":"2014-09-18T12:39:08","date_gmt":"2014-09-18T11:39:08","guid":{"rendered":"http:\/\/agora.xtec.cat\/escolalaroureda\/?page_id=64"},"modified":"2025-07-09T19:59:01","modified_gmt":"2025-07-09T17:59:01","slug":"projectes-escola","status":"publish","type":"page","link":"https:\/\/agora.xtec.cat\/escolalaroureda\/lescola\/projectes-escola\/","title":{"rendered":"Projectes en qu\u00e8 participem"},"content":{"rendered":"<p>Els projectes d\u2019 escola que portarem a terme aquest curs 2019-20 i als que donem continu\u00eftat s\u00f3n:<\/p>\n<ul>\n<li><u>Sharing to learn:<\/u> amb l\u2019objectiu principal d\u2019afavorir l\u2019intercanvi entre alumnat de l\u2019institut de St. Esteve, Montserrat Colomer (els alumnes de 4t d\u2019ESO) i l\u2019escola per donar suport a la millora de l\u2019expressi\u00f3 oral en llengua anglesa. Durant aquest curs escolar es beneficiaran d\u2019aquest projecte els alumnes de 3r i 4t de prim\u00e0ria.<br \/>\nEls dies en que es porta a terme el projecte s\u00f3n dimecres i dijous de 15h a 16,30h.<\/li>\n<li><u>Pla de consum de fruita a les escoles de la Generalitat de Catalunya<\/u>: per a la millora d\u2019h\u00e0bits d\u2019alimentaci\u00f3 saludables.<\/li>\n<li><u>Escola de pr\u00e0ctiques:<\/u> alumnes universitaris en pr\u00e0ctiques.<\/li>\n<li><u>Projecte vincles<\/u><strong>: <\/strong>conveni entre el Departament d\u2019Ensenyament i Ajuntament per a l\u2019atenci\u00f3 educativa a la diversitat de l\u2019alumnat d\u2019educaci\u00f3 secund\u00e0ria de l\u2019actual Institut Montserrat Colomer.<\/li>\n<li><u>Projecte de serveis comunitaris :<\/u> projecte en el que els alumnes de l\u00b4institut realitzen serveis comunitaris als centres escolars del municipi aix\u00ed com a altres entitats locals.<\/li>\n<li><u>Projecte Escoles Verdes:<\/u> per a donar continu\u00eftat a les accions que ja tenim engegades entre les quals destaquem:<\/li>\n<\/ul>\n<ul>\n<li style=\"list-style-type: none;\">\n<ul>\n<li><u>Reutilitzaci\u00f3 de llibres<\/u>: amb la finalitat de reduir la despesa de les fam\u00edlies en el cost dels llibres de text, reutilitzar i reciclar el material curricular i sensibilitzar l\u2019alumnat i les fam\u00edlies sobre la necessitat d\u2019un consum responsable i compartit. Durant aquest curs, continuarem incidint en les fam\u00edlies sobre la import\u00e0ncia de participar del projecte. Se\u2019n beneficien els alumnes de primer fins a sis\u00e8.<\/li>\n<li><u>Reciclatge d\u00b4oli (Claki)<\/u>: promou la recollida i el reciclatge d\u00b4oli des de l\u00b4escola.<\/li>\n<li><u><u>Apilo : promou la recollida i reciclatge de piles usades.<\/u><\/u><\/li>\n<li><u>Hort Escolar :<\/u> El projecte es va engegar el curs anterior i aquest es consolidar\u00e0 amb l\u00b4objectiu de conscienciar als alumnes en el respecte pel medi ambient i en el desenvolupament de les compet\u00e8ncies relacionades amb el medi natural i l\u00b4aprendre a aprendre i emprenedoria.<\/li>\n<\/ul>\n<\/li>\n<li><u>Projecte Nept\u00fa de Nataci\u00f3 Escolar :<\/u> Iniciat al curs 2016-17. Des de l\u00b4\u00e0rea d\u00b4esports i educaci\u00f3 de l\u00b4Ajuntament de St. Esteve s\u00b4ofereix als alumnes de 1r i 3r la possibilitat de fer nataci\u00f3 escolar. Aquest projecte s\u2019emmarca dins de l\u00b4\u00e0rea d\u00b4educaci\u00f3 f\u00edsica i s\u00b4hi dedica una sessi\u00f3 setmanal d\u00b4una hora durant el curs escolar. El cost de l\u00b4activitat \u00e9s a c\u00e0rrec de les fam\u00edlies.<\/li>\n<li><u>Projecte Biblioteca Escolar:<\/u> Aquest curs es pret\u00e9n engegar el pr\u00e9stec de llibres amb l\u00b4objectiu del foment del gust i el gaudi per la lectura i l\u00b4impuls a la compet\u00e8ncia liter\u00e0ria en totes les seves dimensions.<\/li>\n<\/ul>\n","protected":false},"excerpt":{"rendered":"<p>Els projectes d\u2019 escola que portarem a terme aquest curs 2019-20 i als que donem continu\u00eftat s\u00f3n: Sharing to learn: amb l\u2019objectiu principal d\u2019afavorir l\u2019intercanvi entre alumnat de l\u2019institut de St. Esteve, Montserrat Colomer (els alumnes de 4t d\u2019ESO) i l\u2019escola per donar suport a la millora de l\u2019expressi\u00f3 oral en llengua anglesa. Durant aquest [&hellip;]<\/p>\n","protected":false},"author":1,"featured_media":0,"parent":22,"menu_order":0,"comment_status":"closed","ping_status":"closed","template":"","meta":{"_bbp_topic_count":0,"_bbp_reply_count":0,"_bbp_total_topic_count":0,"_bbp_total_reply_count":0,"_bbp_voice_count":0,"_bbp_anonymous_reply_count":0,"_bbp_topic_count_hidden":0,"_bbp_reply_count_hidden":0,"_bbp_forum_subforum_count":0,"site-sidebar-layout":"default","site-content-layout":"","ast-site-content-layout":"default","site-content-style":"default","site-sidebar-style":"default","ast-global-header-display":"","ast-banner-title-visibility":"","ast-main-header-display":"","ast-hfb-above-header-display":"","ast-hfb-below-header-display":"","ast-hfb-mobile-header-display":"","site-post-title":"","ast-breadcrumbs-content":"","ast-featured-img":"","footer-sml-layout":"","theme-transparent-header-meta":"","adv-header-id-meta":"","stick-header-meta":"","header-above-stick-meta":"","header-main-stick-meta":"","header-below-stick-meta":"","astra-migrate-meta-layouts":"set","ast-page-background-enabled":"default","ast-page-background-meta":{"desktop":{"background-color":"var(--ast-global-color-4)","background-image":"","background-repeat":"repeat","background-position":"center center","background-size":"auto","background-attachment":"scroll","background-type":"","background-media":"","overlay-type":"","overlay-color":"","overlay-opacity":"","overlay-gradient":""},"tablet":{"background-color":"","background-image":"","background-repeat":"repeat","background-position":"center center","background-size":"auto","background-attachment":"scroll","background-type":"","background-media":"","overlay-type":"","overlay-color":"","overlay-opacity":"","overlay-gradient":""},"mobile":{"background-color":"","background-image":"","background-repeat":"repeat","background-position":"center center","background-size":"auto","background-attachment":"scroll","background-type":"","background-media":"","overlay-type":"","overlay-color":"","overlay-opacity":"","overlay-gradient":""}},"ast-content-background-meta":{"desktop":{"background-color":"var(--ast-global-color-5)","background-image":"","background-repeat":"repeat","background-position":"center center","background-size":"auto","background-attachment":"scroll","background-type":"","background-media":"","overlay-type":"","overlay-color":"","overlay-opacity":"","overlay-gradient":""},"tablet":{"background-color":"var(--ast-global-color-5)","background-image":"","background-repeat":"repeat","background-position":"center center","background-size":"auto","background-attachment":"scroll","background-type":"","background-media":"","overlay-type":"","overlay-color":"","overlay-opacity":"","overlay-gradient":""},"mobile":{"background-color":"var(--ast-global-color-5)","background-image":"","background-repeat":"repeat","background-position":"center center","background-size":"auto","background-attachment":"scroll","background-type":"","background-media":"","overlay-type":"","overlay-color":"","overlay-opacity":"","overlay-gradient":""}},"footnotes":""},"class_list":["post-64","page","type-page","status-publish","hentry"],"post_mailing_queue_ids":[],"_links":{"self":[{"href":"https:\/\/agora.xtec.cat\/escolalaroureda\/wp-json\/wp\/v2\/pages\/64","targetHints":{"allow":["GET"]}}],"collection":[{"href":"https:\/\/agora.xtec.cat\/escolalaroureda\/wp-json\/wp\/v2\/pages"}],"about":[{"href":"https:\/\/agora.xtec.cat\/escolalaroureda\/wp-json\/wp\/v2\/types\/page"}],"author":[{"embeddable":true,"href":"https:\/\/agora.xtec.cat\/escolalaroureda\/wp-json\/wp\/v2\/users\/1"}],"replies":[{"embeddable":true,"href":"https:\/\/agora.xtec.cat\/escolalaroureda\/wp-json\/wp\/v2\/comments?post=64"}],"version-history":[{"count":6,"href":"https:\/\/agora.xtec.cat\/escolalaroureda\/wp-json\/wp\/v2\/pages\/64\/revisions"}],"predecessor-version":[{"id":5333,"href":"https:\/\/agora.xtec.cat\/escolalaroureda\/wp-json\/wp\/v2\/pages\/64\/revisions\/5333"}],"up":[{"embeddable":true,"href":"https:\/\/agora.xtec.cat\/escolalaroureda\/wp-json\/wp\/v2\/pages\/22"}],"wp:attachment":[{"href":"https:\/\/agora.xtec.cat\/escolalaroureda\/wp-json\/wp\/v2\/media?parent=64"}],"curies":[{"name":"wp","href":"https:\/\/api.w.org\/{rel}","templated":true}]}}