{"id":26,"date":"2014-09-18T12:24:32","date_gmt":"2014-09-18T11:24:32","guid":{"rendered":"http:\/\/agora.xtec.cat\/escolalaroureda\/?page_id=26"},"modified":"2015-11-09T18:38:45","modified_gmt":"2015-11-09T17:38:45","slug":"historia","status":"publish","type":"page","link":"https:\/\/agora.xtec.cat\/escolalaroureda\/lescola\/historia\/","title":{"rendered":"Hist\u00f2ria"},"content":{"rendered":"<p>L&#8217;escola La Roureda va ser inaugurada el mes de febrer de 1987.<\/p>\n<p>Fins aquell curs, l&#8217;anomenada &#8220;Escuela Graduada Mixta\u201d, havia estat l&#8217;edifici de la pla\u00e7a de la Vila, l&#8217;actual Llar d&#8217;infants. Era, i \u00e9s aquest, un edifici constru\u00eft l&#8217;any 1931 amb les caracter\u00edstiques de l&#8217;\u00e8poca. L&#8217;edifici era insuficient per acollir la poblaci\u00f3 escolar de Sant Esteve i es van haver d&#8217;habilitar altres espais del municipi que sovint no reunien les condicions id\u00f2nies pels nens i nenes.<\/p>\n<p>Gr\u00e0cies a la pressi\u00f3 feta per la poblaci\u00f3 en general encap\u00e7alada per l&#8217;AMPA, el Claustre i l&#8217;Ajuntament, es va aconseguir la construcci\u00f3 de l&#8217;actual escola. Van ser anys de reunions, escrits i publicacions adre\u00e7ades a aconseguir la nova construcci\u00f3. Fins i tot es van fer manifestacions prou originals com la celebraci\u00f3 de la castanyada o les classes d&#8217;un mat\u00ed als terrenys on s&#8217;havia de construir l&#8217;escola.<\/p>\n<p>Al curs 1986\/87 va comen\u00e7ar La Roureda amb una \u00fanica l\u00ednia de P4 fins a 8\u00e8. Per\u00f2 aviat l&#8217;escola va quedar petita degut a l\u2019augment continu de la poblaci\u00f3 i es van haver de desdoblar nivells amb la conseg\u00fcent p\u00e8rdua d&#8217;espais comuns com l&#8217;aula de m\u00fasica, de pl\u00e0stica, etc. Aquesta situaci\u00f3 juntament amb la incorporaci\u00f3 dels nens i nenes de P3 a l&#8217;escola van fer necess\u00e0ria l&#8217;ampliaci\u00f3 amb un nou edifici, inaugurat l&#8217;any 1997. En aquest es van ubicar els alumnes d&#8217;Educaci\u00f3 Infantil i Cicle Inicial, a m\u00e9s a m\u00e9s d&#8217;espais comuns com l&#8217;aula de Psicomotricitat i el Gimn\u00e0s.<\/p>\n<p>Amb la construcci\u00f3 a Sant Esteve d&#8217;una altra escola no ha calgut fer grans ampliacions. Ara, com sempre, cal i caldr\u00e0 el manteniment, l&#8217;adequaci\u00f3 i modernitat dels espais actuals per aconseguir que La Roureda tingui les condicions \u00f2ptimes per afavorir la millor educaci\u00f3 dels nostres alumnes.<\/p>\n","protected":false},"excerpt":{"rendered":"<p>L&#8217;escola La Roureda va ser inaugurada el mes de febrer de 1987. Fins aquell curs, l&#8217;anomenada &#8220;Escuela Graduada Mixta\u201d, havia estat l&#8217;edifici de la pla\u00e7a de la Vila, l&#8217;actual Llar d&#8217;infants. Era, i \u00e9s aquest, un edifici constru\u00eft l&#8217;any 1931 amb les caracter\u00edstiques de l&#8217;\u00e8poca. L&#8217;edifici era insuficient per acollir la poblaci\u00f3 escolar de Sant [&hellip;]<\/p>\n","protected":false},"author":1,"featured_media":0,"parent":22,"menu_order":20,"comment_status":"closed","ping_status":"closed","template":"page-templates\/side-menu.php","meta":{"_bbp_topic_count":0,"_bbp_reply_count":0,"_bbp_total_topic_count":0,"_bbp_total_reply_count":0,"_bbp_voice_count":0,"_bbp_anonymous_reply_count":0,"_bbp_topic_count_hidden":0,"_bbp_reply_count_hidden":0,"_bbp_forum_subforum_count":0,"site-sidebar-layout":"default","site-content-layout":"","ast-site-content-layout":"","site-content-style":"default","site-sidebar-style":"default","ast-global-header-display":"","ast-banner-title-visibility":"","ast-main-header-display":"","ast-hfb-above-header-display":"","ast-hfb-below-header-display":"","ast-hfb-mobile-header-display":"","site-post-title":"","ast-breadcrumbs-content":"","ast-featured-img":"","footer-sml-layout":"","theme-transparent-header-meta":"","adv-header-id-meta":"","stick-header-meta":"","header-above-stick-meta":"","header-main-stick-meta":"","header-below-stick-meta":"","astra-migrate-meta-layouts":"default","ast-page-background-enabled":"default","ast-page-background-meta":{"desktop":{"background-color":"var(--ast-global-color-4)","background-image":"","background-repeat":"repeat","background-position":"center center","background-size":"auto","background-attachment":"scroll","background-type":"","background-media":"","overlay-type":"","overlay-color":"","overlay-opacity":"","overlay-gradient":""},"tablet":{"background-color":"","background-image":"","background-repeat":"repeat","background-position":"center center","background-size":"auto","background-attachment":"scroll","background-type":"","background-media":"","overlay-type":"","overlay-color":"","overlay-opacity":"","overlay-gradient":""},"mobile":{"background-color":"","background-image":"","background-repeat":"repeat","background-position":"center center","background-size":"auto","background-attachment":"scroll","background-type":"","background-media":"","overlay-type":"","overlay-color":"","overlay-opacity":"","overlay-gradient":""}},"ast-content-background-meta":{"desktop":{"background-color":"var(--ast-global-color-5)","background-image":"","background-repeat":"repeat","background-position":"center center","background-size":"auto","background-attachment":"scroll","background-type":"","background-media":"","overlay-type":"","overlay-color":"","overlay-opacity":"","overlay-gradient":""},"tablet":{"background-color":"var(--ast-global-color-5)","background-image":"","background-repeat":"repeat","background-position":"center center","background-size":"auto","background-attachment":"scroll","background-type":"","background-media":"","overlay-type":"","overlay-color":"","overlay-opacity":"","overlay-gradient":""},"mobile":{"background-color":"var(--ast-global-color-5)","background-image":"","background-repeat":"repeat","background-position":"center center","background-size":"auto","background-attachment":"scroll","background-type":"","background-media":"","overlay-type":"","overlay-color":"","overlay-opacity":"","overlay-gradient":""}},"footnotes":""},"class_list":["post-26","page","type-page","status-publish","hentry"],"post_mailing_queue_ids":[],"_links":{"self":[{"href":"https:\/\/agora.xtec.cat\/escolalaroureda\/wp-json\/wp\/v2\/pages\/26","targetHints":{"allow":["GET"]}}],"collection":[{"href":"https:\/\/agora.xtec.cat\/escolalaroureda\/wp-json\/wp\/v2\/pages"}],"about":[{"href":"https:\/\/agora.xtec.cat\/escolalaroureda\/wp-json\/wp\/v2\/types\/page"}],"author":[{"embeddable":true,"href":"https:\/\/agora.xtec.cat\/escolalaroureda\/wp-json\/wp\/v2\/users\/1"}],"replies":[{"embeddable":true,"href":"https:\/\/agora.xtec.cat\/escolalaroureda\/wp-json\/wp\/v2\/comments?post=26"}],"version-history":[{"count":3,"href":"https:\/\/agora.xtec.cat\/escolalaroureda\/wp-json\/wp\/v2\/pages\/26\/revisions"}],"predecessor-version":[{"id":208,"href":"https:\/\/agora.xtec.cat\/escolalaroureda\/wp-json\/wp\/v2\/pages\/26\/revisions\/208"}],"up":[{"embeddable":true,"href":"https:\/\/agora.xtec.cat\/escolalaroureda\/wp-json\/wp\/v2\/pages\/22"}],"wp:attachment":[{"href":"https:\/\/agora.xtec.cat\/escolalaroureda\/wp-json\/wp\/v2\/media?parent=26"}],"curies":[{"name":"wp","href":"https:\/\/api.w.org\/{rel}","templated":true}]}}