{"id":697,"date":"2016-12-30T10:23:54","date_gmt":"2016-12-30T09:23:54","guid":{"rendered":"http:\/\/agora.xtec.cat\/escolalarjau\/?page_id=697"},"modified":"2024-10-02T13:17:54","modified_gmt":"2024-10-02T11:17:54","slug":"treballem-per-projectes","status":"publish","type":"page","link":"https:\/\/agora.xtec.cat\/escolalarjau\/metodologia\/treballem-per-projectes\/","title":{"rendered":"Fem projectes"},"content":{"rendered":"<p>La classe conjuntament amb el\/la mestre\/a decideix lliurement quan dur a terme aquest projecte, el tema i la durada que t\u00e9.<\/p>\n<div class=\"page\" title=\"Page 1\">\n<div class=\"layoutArea\">\n<div class=\"column\">\n<p>El treball per projectes \u00e9s una metodologia que exemplifica els plantejaments exposats en relaci\u00f3 amb l\u2019adquisici\u00f3 de les compet\u00e8ncies b\u00e0siques at\u00e8s que:<\/p>\n<ul>\n<li>Parteix d&#8217;un tema acord amb el nom de la classe, problema o centre d&#8217;inter\u00e8s negociat amb l&#8217;alumnat.<\/li>\n<li>Fa protagonista l&#8217;alumnat en la construcci\u00f3 del propi coneixement perqu\u00e8 focalitza el desig de saber coses noves, la formulaci\u00f3 de preguntes, la reflexi\u00f3 sobre el propi saber, la recerca de nous coneixements i la reflexi\u00f3 sobre el propi proc\u00e9s d\u2019aprenentatge.<\/li>\n<li>D\u00f3na gran rellev\u00e0ncia al treball cooperatiu. S\u2019elaboren preguntes o hip\u00f2tesis, es prenen decisions sobre el repartiment de tasques i es posa en com\u00fa el resultat de les tasques individuals i s\u2019elabora col\u00b7lectivament el resultat.<\/li>\n<li>Incentiva processos d\u2019investigaci\u00f3 que suposen cercar, seleccionar i interpretar informaci\u00f3 a trav\u00e9s de fonts diverses, formular nous dubtes i noves preguntes i establir relacions amb altres problemes.<\/li>\n<li>Es transfereixen estrat\u00e8gies per aprendre: es representa el proc\u00e9s de construcci\u00f3 de coneixement, s\u2019avalua el que s&#8217;ha apr\u00e8s i com s\u2019ha apr\u00e8s.<\/li>\n<li>S\u2019activa la comunicaci\u00f3, el di\u00e0leg i la discussi\u00f3 en petit i gran grup per construir coneixement de forma compartida.<\/li>\n<\/ul>\n<\/div>\n<\/div>\n<\/div>\n","protected":false},"excerpt":{"rendered":"<p>La classe conjuntament amb el\/la mestre\/a decideix lliurement quan dur a terme aquest projecte, el tema i la durada que t\u00e9.<\/p>\n<p>El treball per projectes \u00e9s una metodologia que exemplifica els plantejaments exposats en relaci\u00f3 amb l\u2019adquisici\u00f3 de les compet\u00e8ncies b\u00e0siques at\u00e8s que:<\/p>\n<ul>\n<li>Parteix d&#8217;un tema acord&hellip;  <a href=\"https:\/\/agora.xtec.cat\/escolalarjau\/metodologia\/treballem-per-projectes\/\" title=\"Read Fem projectes\">Llegeix m\u00e9s\u00bb<\/a><br \/>\n","protected":false},"author":1,"featured_media":0,"parent":691,"menu_order":0,"comment_status":"closed","ping_status":"closed","template":"","meta":{"_bbp_topic_count":0,"_bbp_reply_count":0,"_bbp_total_topic_count":0,"_bbp_total_reply_count":0,"_bbp_voice_count":0,"_bbp_anonymous_reply_count":0,"_bbp_topic_count_hidden":0,"_bbp_reply_count_hidden":0,"_bbp_forum_subforum_count":0,"footnotes":""},"class_list":["post-697","page","type-page","status-publish","hentry"],"post_mailing_queue_ids":[],"_links":{"self":[{"href":"https:\/\/agora.xtec.cat\/escolalarjau\/wp-json\/wp\/v2\/pages\/697","targetHints":{"allow":["GET"]}}],"collection":[{"href":"https:\/\/agora.xtec.cat\/escolalarjau\/wp-json\/wp\/v2\/pages"}],"about":[{"href":"https:\/\/agora.xtec.cat\/escolalarjau\/wp-json\/wp\/v2\/types\/page"}],"author":[{"embeddable":true,"href":"https:\/\/agora.xtec.cat\/escolalarjau\/wp-json\/wp\/v2\/users\/1"}],"replies":[{"embeddable":true,"href":"https:\/\/agora.xtec.cat\/escolalarjau\/wp-json\/wp\/v2\/comments?post=697"}],"version-history":[{"count":4,"href":"https:\/\/agora.xtec.cat\/escolalarjau\/wp-json\/wp\/v2\/pages\/697\/revisions"}],"predecessor-version":[{"id":4030,"href":"https:\/\/agora.xtec.cat\/escolalarjau\/wp-json\/wp\/v2\/pages\/697\/revisions\/4030"}],"up":[{"embeddable":true,"href":"https:\/\/agora.xtec.cat\/escolalarjau\/wp-json\/wp\/v2\/pages\/691"}],"wp:attachment":[{"href":"https:\/\/agora.xtec.cat\/escolalarjau\/wp-json\/wp\/v2\/media?parent=697"}],"curies":[{"name":"wp","href":"https:\/\/api.w.org\/{rel}","templated":true}]}}