{"id":3750,"date":"2023-03-28T15:55:10","date_gmt":"2023-03-28T13:55:10","guid":{"rendered":"https:\/\/agora.xtec.cat\/escolalarjau\/?page_id=3750"},"modified":"2025-06-23T12:20:10","modified_gmt":"2025-06-23T10:20:10","slug":"pla-estrategic","status":"publish","type":"page","link":"https:\/\/agora.xtec.cat\/escolalarjau\/estrategia-digital-de-centres\/pla-estrategic\/","title":{"rendered":"Pla estrat\u00e8gic"},"content":{"rendered":"<p style=\"text-align: justify;\"><span style=\"font-weight: 400;\">L\u2019<\/span><b>Estrat\u00e8gia Digital de Centre<\/b><span style=\"font-weight: 400;\"> (EDC) de l\u2019Escola l\u2019Arjau<\/span> <span style=\"font-weight: 400;\">\u00e9s un document viu i obert que recull totes les accions que es realitzen en el centre, i les que es realitzaran a mitj\u00e0 termini, per aconseguir la m\u00e0xima compet\u00e8ncia digital de l\u2019alumnat, del professorat i del centre educatiu. Per aconseguir aquesta compet\u00e8ncia digital, <\/span><b>l\u2019EDC <\/b><span style=\"font-weight: 400;\">t\u00e9 com a referent el Pla d\u2019educaci\u00f3 digital de Catalunya (<\/span><b>PEDC<\/b><span style=\"font-weight: 400;\">) i compr\u00e8n tots els \u00e0mbits del centre: organitzatius, metodol\u00f2gics, curriculars i comunicatius, els quals s\u2019han de veure necess\u00e0riament implicats i, si escau, transformats, des d\u2019una perspectiva d\u2019innovaci\u00f3 i de millora cont\u00ednua.<\/span><\/p>\n<p style=\"text-align: justify;\"><span style=\"font-weight: 400;\">Seguint les indicacions del document on es defineix l\u2019EDC, s\u2019ha estructurat aquesta part en 4 fases que es presenten a continuaci\u00f3. Per poder consultar-les seleccioneu la fase que voleu veure:<\/span><\/p>\n<p><a href=\"https:\/\/agora.xtec.cat\/escolalarjau\/estrategia-digital-de-centres\/pla-estrategic\/diagnosi\/\">DIAGNOSI<\/a><\/p>\n<p><a href=\"https:\/\/agora.xtec.cat\/escolalarjau\/estrategia-digital-de-centres\/pla-estrategic\/objectius\/\">OBJECTIUS<\/a><\/p>\n<p><a href=\"https:\/\/agora.xtec.cat\/escolalarjau\/estrategia-digital-de-centres\/pla-estrategic\/planificacio-i-seguiment\/\">PLANIFICACI\u00d3 I SEGUIMENT<\/a><\/p>\n<p><a href=\"https:\/\/agora.xtec.cat\/escolalarjau\/estrategia-digital-de-centres\/pla-estrategic\/avaluacio-i-millora\/\">AVALUACI\u00d3 I MILLORA<\/a><\/p>\n","protected":false},"excerpt":{"rendered":"<p>L\u2019Estrat\u00e8gia Digital de Centre (EDC) de l\u2019Escola l\u2019Arjau \u00e9s un document viu i obert que recull totes les accions que es realitzen en el centre, i les que es realitzaran a mitj\u00e0 termini, per aconseguir la m\u00e0xima compet\u00e8ncia digital de l\u2019alumnat, del professorat i del&hellip;  <a href=\"https:\/\/agora.xtec.cat\/escolalarjau\/estrategia-digital-de-centres\/pla-estrategic\/\" title=\"Read Pla estrat\u00e8gic\">Llegeix m\u00e9s\u00bb<\/a><\/p>\n","protected":false},"author":1,"featured_media":0,"parent":3746,"menu_order":0,"comment_status":"closed","ping_status":"closed","template":"","meta":{"_bbp_topic_count":0,"_bbp_reply_count":0,"_bbp_total_topic_count":0,"_bbp_total_reply_count":0,"_bbp_voice_count":0,"_bbp_anonymous_reply_count":0,"_bbp_topic_count_hidden":0,"_bbp_reply_count_hidden":0,"_bbp_forum_subforum_count":0,"footnotes":""},"class_list":["post-3750","page","type-page","status-publish","hentry"],"post_mailing_queue_ids":[],"_links":{"self":[{"href":"https:\/\/agora.xtec.cat\/escolalarjau\/wp-json\/wp\/v2\/pages\/3750","targetHints":{"allow":["GET"]}}],"collection":[{"href":"https:\/\/agora.xtec.cat\/escolalarjau\/wp-json\/wp\/v2\/pages"}],"about":[{"href":"https:\/\/agora.xtec.cat\/escolalarjau\/wp-json\/wp\/v2\/types\/page"}],"author":[{"embeddable":true,"href":"https:\/\/agora.xtec.cat\/escolalarjau\/wp-json\/wp\/v2\/users\/1"}],"replies":[{"embeddable":true,"href":"https:\/\/agora.xtec.cat\/escolalarjau\/wp-json\/wp\/v2\/comments?post=3750"}],"version-history":[{"count":4,"href":"https:\/\/agora.xtec.cat\/escolalarjau\/wp-json\/wp\/v2\/pages\/3750\/revisions"}],"predecessor-version":[{"id":4195,"href":"https:\/\/agora.xtec.cat\/escolalarjau\/wp-json\/wp\/v2\/pages\/3750\/revisions\/4195"}],"up":[{"embeddable":true,"href":"https:\/\/agora.xtec.cat\/escolalarjau\/wp-json\/wp\/v2\/pages\/3746"}],"wp:attachment":[{"href":"https:\/\/agora.xtec.cat\/escolalarjau\/wp-json\/wp\/v2\/media?parent=3750"}],"curies":[{"name":"wp","href":"https:\/\/api.w.org\/{rel}","templated":true}]}}