{"id":3188,"date":"2021-01-27T18:55:26","date_gmt":"2021-01-27T17:55:26","guid":{"rendered":"http:\/\/agora.xtec.cat\/escolalarjau\/?page_id=3188"},"modified":"2025-02-07T16:10:20","modified_gmt":"2025-02-07T15:10:20","slug":"classroom","status":"publish","type":"page","link":"https:\/\/agora.xtec.cat\/escolalarjau\/classroom\/","title":{"rendered":"Classroom"},"content":{"rendered":"<p><img loading=\"lazy\" decoding=\"async\" class=\"aligncenter size-medium wp-image-3194\" src=\"https:\/\/agora.xtec.cat\/escolalarjau\/wp-content\/uploads\/usu910\/2021\/01\/classroompc-300x193.jpg\" alt=\"\" width=\"300\" height=\"193\" srcset=\"https:\/\/agora.xtec.cat\/escolalarjau\/wp-content\/uploads\/usu910\/2021\/01\/classroompc-300x193.jpg 300w, https:\/\/agora.xtec.cat\/escolalarjau\/wp-content\/uploads\/usu910\/2021\/01\/classroompc.jpg 448w\" sizes=\"auto, (max-width: 300px) 100vw, 300px\" \/>Utilitzem el Google Classroom a tots els nivells. Tot l&#8217;alumnat, des de P3 fins a 6\u00e8, tenen un email amb el domini de l&#8217;escola. Amb aquest email poden accedir al Classroom per veure activitats i recursos que els i les mestres pengen perqu\u00e8 puguin treballar a casa d&#8217;una manera m\u00e9s l\u00fadica els continguts de classe. A l&#8217;escola, treballem perqu\u00e8 en cas de confinament l&#8217;alumnat s\u00e0piga qu\u00e8 ha de fer en tot moment, connectant-se a les videoconfer\u00e8ncies i poder fer un seguiment dels ensenyaments i aprenentatges.<\/p>\n","protected":false},"excerpt":{"rendered":"<p>Utilitzem el Google Classroom a tots els nivells. Tot l&#8217;alumnat, des de P3 fins a 6\u00e8, tenen un email amb el domini de l&#8217;escola. Amb aquest email poden accedir al Classroom per veure activitats i recursos que els i les mestres pengen perqu\u00e8 puguin treballar&hellip;  <a href=\"https:\/\/agora.xtec.cat\/escolalarjau\/classroom\/\" title=\"Read Classroom\">Llegeix m\u00e9s\u00bb<\/a><\/p>\n","protected":false},"author":1,"featured_media":0,"parent":0,"menu_order":0,"comment_status":"closed","ping_status":"closed","template":"","meta":{"_bbp_topic_count":0,"_bbp_reply_count":0,"_bbp_total_topic_count":0,"_bbp_total_reply_count":0,"_bbp_voice_count":0,"_bbp_anonymous_reply_count":0,"_bbp_topic_count_hidden":0,"_bbp_reply_count_hidden":0,"_bbp_forum_subforum_count":0,"footnotes":""},"class_list":["post-3188","page","type-page","status-publish","hentry"],"post_mailing_queue_ids":[],"_links":{"self":[{"href":"https:\/\/agora.xtec.cat\/escolalarjau\/wp-json\/wp\/v2\/pages\/3188","targetHints":{"allow":["GET"]}}],"collection":[{"href":"https:\/\/agora.xtec.cat\/escolalarjau\/wp-json\/wp\/v2\/pages"}],"about":[{"href":"https:\/\/agora.xtec.cat\/escolalarjau\/wp-json\/wp\/v2\/types\/page"}],"author":[{"embeddable":true,"href":"https:\/\/agora.xtec.cat\/escolalarjau\/wp-json\/wp\/v2\/users\/1"}],"replies":[{"embeddable":true,"href":"https:\/\/agora.xtec.cat\/escolalarjau\/wp-json\/wp\/v2\/comments?post=3188"}],"version-history":[{"count":4,"href":"https:\/\/agora.xtec.cat\/escolalarjau\/wp-json\/wp\/v2\/pages\/3188\/revisions"}],"predecessor-version":[{"id":4122,"href":"https:\/\/agora.xtec.cat\/escolalarjau\/wp-json\/wp\/v2\/pages\/3188\/revisions\/4122"}],"wp:attachment":[{"href":"https:\/\/agora.xtec.cat\/escolalarjau\/wp-json\/wp\/v2\/media?parent=3188"}],"curies":[{"name":"wp","href":"https:\/\/api.w.org\/{rel}","templated":true}]}}