{"id":28,"date":"2014-09-18T12:29:35","date_gmt":"2014-09-18T11:29:35","guid":{"rendered":"http:\/\/agora.xtec.cat\/escolalarenaldellevant\/?page_id=28"},"modified":"2026-02-04T15:50:02","modified_gmt":"2026-02-04T14:50:02","slug":"consell-escolar","status":"publish","type":"page","link":"https:\/\/agora.xtec.cat\/escolalarenaldellevant\/lescola\/consell-escolar\/","title":{"rendered":"Consell escolar"},"content":{"rendered":"\n<figure class=\"wp-block-image\"><a href=\"https:\/\/agora.xtec.cat\/escolalarenaldellevant\/wp-content\/uploads\/usu1505\/2020\/02\/consell-Escolar.png\"><img loading=\"lazy\" decoding=\"async\" width=\"724\" height=\"1024\" src=\"https:\/\/agora.xtec.cat\/escolalarenaldellevant\/wp-content\/uploads\/usu1505\/2020\/02\/consell-Escolar-724x1024.png\" alt=\"\" class=\"wp-image-813\" srcset=\"https:\/\/agora.xtec.cat\/escolalarenaldellevant\/wp-content\/uploads\/usu1505\/2020\/02\/consell-Escolar-724x1024.png 724w, https:\/\/agora.xtec.cat\/escolalarenaldellevant\/wp-content\/uploads\/usu1505\/2020\/02\/consell-Escolar-212x300.png 212w, https:\/\/agora.xtec.cat\/escolalarenaldellevant\/wp-content\/uploads\/usu1505\/2020\/02\/consell-Escolar-768x1086.png 768w, https:\/\/agora.xtec.cat\/escolalarenaldellevant\/wp-content\/uploads\/usu1505\/2020\/02\/consell-Escolar.png 1414w\" sizes=\"auto, (max-width: 724px) 100vw, 724px\" \/><\/a><\/figure>\n\n\n\n<p class=\"has-text-align-center\"><\/p>\n\n\n\n<h2 class=\"wp-block-heading\">COMPOSICI\u00d3 DEL CONSELL ESCOLAR CURS 25-26:<\/h2>\n\n\n\n<p><strong>Presidenta:<\/strong><\/p>\n\n\n\n<p><a href=\"https:\/\/agora.xtec.cat\/escolalarenaldellevant\/wp-content\/uploads\/usu1505\/2020\/12\/c775fc6d3433da085d8f579f54b7c758.jpg\"><img loading=\"lazy\" decoding=\"async\" class=\"alignnone wp-image-1599\" src=\"https:\/\/agora.xtec.cat\/escolalarenaldellevant\/wp-content\/uploads\/usu1505\/2020\/12\/c775fc6d3433da085d8f579f54b7c758-300x300.jpg\" alt=\"\" width=\"30\" height=\"30\" srcset=\"https:\/\/agora.xtec.cat\/escolalarenaldellevant\/wp-content\/uploads\/usu1505\/2020\/12\/c775fc6d3433da085d8f579f54b7c758-300x300.jpg 300w, https:\/\/agora.xtec.cat\/escolalarenaldellevant\/wp-content\/uploads\/usu1505\/2020\/12\/c775fc6d3433da085d8f579f54b7c758-150x150.jpg 150w, https:\/\/agora.xtec.cat\/escolalarenaldellevant\/wp-content\/uploads\/usu1505\/2020\/12\/c775fc6d3433da085d8f579f54b7c758.jpg 640w\" sizes=\"auto, (max-width: 30px) 100vw, 30px\" \/><\/a> &nbsp;Cristina Guijosa<\/p>\n\n\n\n<p><strong>Cap d&#8217;estudis:&nbsp;<\/strong><\/p>\n\n\n\n<p><img loading=\"lazy\" decoding=\"async\" class=\"\" src=\"https:\/\/agora.xtec.cat\/escolalarenaldellevant\/wp-content\/uploads\/usu1505\/2020\/12\/c775fc6d3433da085d8f579f54b7c758-300x300.jpg\" width=\"30\" height=\"30\">Mar Tarr\u00e9s<\/p>\n\n\n\n<p><strong>Secret\u00e0ria:<\/strong><\/p>\n\n\n\n<p><strong><img loading=\"lazy\" decoding=\"async\" class=\"\" src=\"https:\/\/agora.xtec.cat\/escolalarenaldellevant\/wp-content\/uploads\/usu1505\/2020\/12\/c775fc6d3433da085d8f579f54b7c758-300x300.jpg\" width=\"30\" height=\"30\"><\/strong>Cristina Cort\u00e9s<\/p>\n\n\n\n<p><strong>Representant de l&#8217;Ajuntament:<\/strong><\/p>\n\n\n\n<p><strong><img loading=\"lazy\" decoding=\"async\" class=\"\" src=\"https:\/\/agora.xtec.cat\/escolalarenaldellevant\/wp-content\/uploads\/usu1505\/2020\/12\/c775fc6d3433da085d8f579f54b7c758-300x300.jpg\" width=\"30\" height=\"30\"><\/strong>Xavi Vila<\/p>\n\n\n\n<p><strong>Representants de mestres:<\/strong><\/p>\n\n\n\n<p><strong><img loading=\"lazy\" decoding=\"async\" class=\"\" src=\"https:\/\/agora.xtec.cat\/escolalarenaldellevant\/wp-content\/uploads\/usu1505\/2020\/12\/c775fc6d3433da085d8f579f54b7c758-300x300.jpg\" width=\"30\" height=\"30\"><\/strong>Cristina L\u00f3pez<\/p>\n\n\n\n<p><strong><img loading=\"lazy\" decoding=\"async\" class=\"\" src=\"https:\/\/agora.xtec.cat\/escolalarenaldellevant\/wp-content\/uploads\/usu1505\/2020\/12\/c775fc6d3433da085d8f579f54b7c758-300x300.jpg\" width=\"30\" height=\"30\"><\/strong>Sara Chao<\/p>\n\n\n\n<p><strong><img loading=\"lazy\" decoding=\"async\" class=\"\" src=\"https:\/\/agora.xtec.cat\/escolalarenaldellevant\/wp-content\/uploads\/usu1505\/2020\/12\/c775fc6d3433da085d8f579f54b7c758-300x300.jpg\" width=\"30\" height=\"30\"><\/strong>In\u00e9s Toledano<\/p>\n\n\n\n<p><strong><img loading=\"lazy\" decoding=\"async\" class=\"\" src=\"https:\/\/agora.xtec.cat\/escolalarenaldellevant\/wp-content\/uploads\/usu1505\/2020\/12\/c775fc6d3433da085d8f579f54b7c758-300x300.jpg\" width=\"30\" height=\"30\"><\/strong>N\u00faria Roy<\/p>\n\n\n\n<p><strong><img loading=\"lazy\" decoding=\"async\" class=\"\" src=\"https:\/\/agora.xtec.cat\/escolalarenaldellevant\/wp-content\/uploads\/usu1505\/2020\/12\/c775fc6d3433da085d8f579f54b7c758-300x300.jpg\" width=\"30\" height=\"30\"><\/strong>Raquel Janer<\/p>\n\n\n\n<p><strong>Representants de fam\u00edlies:<\/strong><\/p>\n\n\n\n<p><strong><img loading=\"lazy\" decoding=\"async\" class=\"\" src=\"https:\/\/agora.xtec.cat\/escolalarenaldellevant\/wp-content\/uploads\/usu1505\/2020\/12\/c775fc6d3433da085d8f579f54b7c758-300x300.jpg\" width=\"30\" height=\"30\"><\/strong>Bibiana Miranda<\/p>\n\n\n\n<p><strong><img loading=\"lazy\" decoding=\"async\" class=\"\" src=\"https:\/\/agora.xtec.cat\/escolalarenaldellevant\/wp-content\/uploads\/usu1505\/2020\/12\/c775fc6d3433da085d8f579f54b7c758-300x300.jpg\" width=\"30\" height=\"30\"><\/strong>Cristina Montaner<\/p>\n\n\n\n<p><strong><img loading=\"lazy\" decoding=\"async\" class=\"\" src=\"https:\/\/agora.xtec.cat\/escolalarenaldellevant\/wp-content\/uploads\/usu1505\/2020\/12\/c775fc6d3433da085d8f579f54b7c758-300x300.jpg\" width=\"30\" height=\"30\"><\/strong>Laura P\u00e9rez<\/p>\n\n\n\n<p><strong><img loading=\"lazy\" decoding=\"async\" class=\"\" src=\"https:\/\/agora.xtec.cat\/escolalarenaldellevant\/wp-content\/uploads\/usu1505\/2020\/12\/c775fc6d3433da085d8f579f54b7c758-300x300.jpg\" width=\"30\" height=\"30\"><\/strong>Laura Collado<\/p>\n\n\n\n<p><strong>Representant de l&#8217;AFA:<\/strong><\/p>\n\n\n\n<p><strong><img loading=\"lazy\" decoding=\"async\" class=\"\" src=\"https:\/\/agora.xtec.cat\/escolalarenaldellevant\/wp-content\/uploads\/usu1505\/2020\/12\/c775fc6d3433da085d8f579f54b7c758-300x300.jpg\" width=\"30\" height=\"30\"><\/strong>Laura Arranz<\/p>\n\n\n\n<p><strong>Represnetant del PAS:<\/strong><\/p>\n\n\n\n<p><strong><img loading=\"lazy\" decoding=\"async\" class=\"\" src=\"https:\/\/agora.xtec.cat\/escolalarenaldellevant\/wp-content\/uploads\/usu1505\/2020\/12\/c775fc6d3433da085d8f579f54b7c758-300x300.jpg\" width=\"30\" height=\"30\"><\/strong>Cristina L\u00f3pez<\/p>\n\n\n\n<p>Canal de comunicaci\u00f3 de les fam\u00edlies amb el Consell Escolar: consellescolarfamilieslarenaldellevant@gmail.com<\/p>\n\n\n\n<h3 class=\"wp-block-heading\"><strong>COMISSIONS DEL CONSELL ESCOLAR CURS 25-26:<\/strong><\/h3>\n\n\n\n<p>&nbsp;<\/p>\n\n\n\n<p><b>\ud83d\udccc Permanent: <\/b>Cristina G., Laura A. , In\u00e9s Toledano, Cristina C.<\/p>\n\n\n\n<p><b style=\"font-family: inherit; font-size: 1em;\"><b>\ud83d\udccc <\/b>Econ\u00f2mica: <\/b>Cristina G., Laura C, Sara Ch., Cristina C.<\/p>\n\n\n\n<p><b><b>\ud83d\udccc Conviv\u00e8ncia i Coeducaci\u00f3: <\/b><\/b>Cristina G., Mar, N\u00faria R., fam\u00edlia<\/p>\n\n\n\n<p><b>\ud83d\udcccMenjador: <\/b>Cristina G., Laura P., Cristina L. , Cristina C.<\/p>\n\n\n\n<p><b>\ud83d\udcccPedag\u00f2gica menjador: <\/b>Cristina G., 1 representant de la comissi\u00f3 menjador, Rebeca A., Raquel J.<\/p>\n\n\n\n<p><a href=\"https:\/\/agora.xtec.cat\/escolalarenaldellevant\/wp-content\/uploads\/usu1505\/2020\/02\/file_icon_128862.png\">&nbsp;<\/a><\/p>\n\n\n\n<figure class=\"wp-block-image aligncenter\"><a href=\"https:\/\/agora.xtec.cat\/escolalarenaldellevant\/wp-content\/uploads\/usu1505\/2020\/02\/file_icon_128862.png\"><img loading=\"lazy\" decoding=\"async\" width=\"512\" height=\"512\" src=\"https:\/\/agora.xtec.cat\/escolalarenaldellevant\/wp-content\/uploads\/usu1505\/2020\/02\/file_icon_128862.png\" alt=\"\" class=\"wp-image-815\" srcset=\"https:\/\/agora.xtec.cat\/escolalarenaldellevant\/wp-content\/uploads\/usu1505\/2020\/02\/file_icon_128862.png 512w, https:\/\/agora.xtec.cat\/escolalarenaldellevant\/wp-content\/uploads\/usu1505\/2020\/02\/file_icon_128862-150x150.png 150w, https:\/\/agora.xtec.cat\/escolalarenaldellevant\/wp-content\/uploads\/usu1505\/2020\/02\/file_icon_128862-300x300.png 300w\" sizes=\"auto, (max-width: 512px) 100vw, 512px\" \/><\/a><\/figure>\n\n\n\n<p>En acord de la <a title=\"Llei 19\/2014\" href=\"https:\/\/portaljuridic.gencat.cat\/ca\/pjur_ocults\/pjur_resultats_fitxa\/?action=fitxa&amp;mode=single&amp;documentId=680124&amp;language=ca_ES\" target=\"_blank\" rel=\"noopener noreferrer\">Llei 19\/2014<\/a>, del 29 de desembre, de&nbsp;<strong>transpar\u00e8ncia, acc\u00e9s a la informaci\u00f3 p\u00fablica i bon govern<\/strong>, adjuntem els certificats dels acords del Consell Escolar curs 26-27<\/p>\n\n\n\n<div class=\"wp-block-buttons is-content-justification-center is-layout-flex wp-container-core-buttons-is-layout-1 wp-block-buttons-is-layout-flex\">\n<div class=\"wp-block-button has-custom-font-size has-medium-font-size\"><a class=\"wp-block-button__link wp-element-button\">Certificat acords 4-2- 26<\/a><\/div>\n<\/div>\n\n\n\n<div data-wp-interactive=\"core\/file\" class=\"wp-block-file\"><object data-wp-bind--hidden=\"!state.hasPdfPreview\" hidden class=\"wp-block-file__embed\" data=\"https:\/\/agora.xtec.cat\/escolalarenaldellevant\/wp-content\/uploads\/usu1505\/2026\/02\/Certificat-acords-CE-4-2-26-2.pdf\" type=\"application\/pdf\" style=\"width:100%;height:600px\" aria-label=\"Incrustaci\u00f3 del fitxer Certificat acords CE 4-2-26.\"><\/object><a id=\"wp-block-file--media-35012fa5-39dc-422c-9fec-3b9d6c37bc0a\" href=\"https:\/\/agora.xtec.cat\/escolalarenaldellevant\/wp-content\/uploads\/usu1505\/2026\/02\/Certificat-acords-CE-4-2-26-2.pdf\">Certificat acords CE 4-2-26<\/a><a href=\"https:\/\/agora.xtec.cat\/escolalarenaldellevant\/wp-content\/uploads\/usu1505\/2026\/02\/Certificat-acords-CE-4-2-26-2.pdf\" class=\"wp-block-file__button wp-element-button\" download aria-describedby=\"wp-block-file--media-35012fa5-39dc-422c-9fec-3b9d6c37bc0a\">Baixa<\/a><\/div>\n\n\n\n<p>En acord de la <a title=\"Llei 19\/2014\" href=\"https:\/\/portaljuridic.gencat.cat\/ca\/pjur_ocults\/pjur_resultats_fitxa\/?action=fitxa&amp;mode=single&amp;documentId=680124&amp;language=ca_ES\" target=\"_blank\" rel=\"noopener noreferrer\">Llei 19\/2014<\/a>, del 29 de desembre, de&nbsp;<strong>transpar\u00e8ncia, acc\u00e9s a la informaci\u00f3 p\u00fablica i bon govern<\/strong>, adjuntem els certificats dels acords del Consell Escolar curs 25-26<\/p>\n\n\n\n<p class=\"has-text-align-center\"><a href=\"https:\/\/agora.xtec.cat\/escolalarenaldellevant\/lescola\/consell-escolar\/attachment\/certificat-acords-ce-14-10-25-2\/\" rel=\"attachment wp-att-2519\">1. Certificat acords CE 14-10-25<\/a><\/p>\n\n\n\n<p class=\"has-text-align-center\">2. <a href=\"https:\/\/agora.xtec.cat\/escolalarenaldellevant\/lescola\/consell-escolar\/attachment\/certificat-acords-ce-09-12-25\/\" rel=\"attachment wp-att-2597\">Certificat acords CE 09-12-25<\/a><\/p>\n\n\n\n<p>En acord de la <a title=\"Llei 19\/2014\" href=\"https:\/\/portaljuridic.gencat.cat\/ca\/pjur_ocults\/pjur_resultats_fitxa\/?action=fitxa&amp;mode=single&amp;documentId=680124&amp;language=ca_ES\" target=\"_blank\" rel=\"noopener noreferrer\">Llei 19\/2014<\/a>, del 29 de desembre, de&nbsp;<strong>transpar\u00e8ncia, acc\u00e9s a la informaci\u00f3 p\u00fablica i bon govern<\/strong>, adjuntem els certificats dels acords del Consell Escolar curs 24-25<\/p>\n\n\n\n<p class=\"has-text-align-center\">1. <a href=\"https:\/\/agora.xtec.cat\/escolalarenaldellevant\/wp-content\/uploads\/usu1505\/2024\/10\/Certificat-acords-CE-17-10-24.pdf\">Certificat acords CE 17-10-24<\/a><\/p>\n\n\n\n<p class=\"has-text-align-center\"><a href=\"https:\/\/agora.xtec.cat\/escolalarenaldellevant\/wp-content\/uploads\/usu1505\/2025\/02\/Certificat-acords-CE-28-01-2025.pdf\">2. Certificat acords CE 28-01-2025<\/a><\/p>\n\n\n\n<p class=\"has-text-align-center\"><a href=\"https:\/\/agora.xtec.cat\/escolalarenaldellevant\/wp-content\/uploads\/usu1505\/2025\/07\/Certificat-acords-CE-28-0-2025.pdf\">3. Certificat acords CE 28-0-2025<\/a><\/p>\n\n\n\n<p>En acord de la <a title=\"Llei 19\/2014\" href=\"https:\/\/portaljuridic.gencat.cat\/ca\/pjur_ocults\/pjur_resultats_fitxa\/?action=fitxa&amp;mode=single&amp;documentId=680124&amp;language=ca_ES\" target=\"_blank\" rel=\"noopener noreferrer\">Llei 19\/2014<\/a>, del 29 de desembre, de&nbsp;<strong>transpar\u00e8ncia, acc\u00e9s a la informaci\u00f3 p\u00fablica i bon govern<\/strong>, adjuntem els certificats dels acords del Consell Escolar curs 23-24<\/p>\n\n\n\n<p class=\"has-text-align-center\">1.<a href=\"https:\/\/agora.xtec.cat\/escolalarenaldellevant\/wp-content\/uploads\/usu1505\/2024\/10\/Certificat-acords-CE-03-10-23.pdf\">Certificat acords CE 03-10-23<\/a><\/p>\n\n\n\n<p class=\"has-text-align-center\"><a href=\"https:\/\/agora.xtec.cat\/escolalarenaldellevant\/wp-content\/uploads\/usu1505\/2024\/10\/Certificat-acords-CE-11-12-23.pdf\">2. Certificat acords CE 11-12-23<\/a><\/p>\n\n\n\n<p class=\"has-text-align-center\"><a href=\"https:\/\/agora.xtec.cat\/escolalarenaldellevant\/wp-content\/uploads\/usu1505\/2024\/02\/Certificat-acords-CE-29-01-2024.pdf\">3. Certificat acords CE 29-01-2024<\/a><\/p>\n\n\n\n<p class=\"has-text-align-center\"><a href=\"https:\/\/agora.xtec.cat\/escolalarenaldellevant\/wp-content\/uploads\/usu1505\/2024\/07\/Certificat-acords-CE-19-06-2024.pdf\">4. Certificat acords CE 19-06-2024<\/a><\/p>\n\n\n\n<p>En acord de la <a title=\"Llei 19\/2014\" href=\"https:\/\/portaljuridic.gencat.cat\/ca\/pjur_ocults\/pjur_resultats_fitxa\/?action=fitxa&amp;mode=single&amp;documentId=680124&amp;language=ca_ES\" target=\"_blank\" rel=\"noopener noreferrer\">Llei 19\/2014<\/a>, del 29 de desembre, de&nbsp;<strong>transpar\u00e8ncia, acc\u00e9s a la informaci\u00f3 p\u00fablica i bon govern<\/strong>, adjuntem els certificats dels acords del Consell Escolar curs 22-23:<\/p>\n\n\n\n<p class=\"has-text-align-center\"><a href=\"https:\/\/agora.xtec.cat\/escolalarenaldellevant\/wp-content\/uploads\/usu1505\/2022\/11\/Certificat-acords-CE-20-10-22.pdf\">1. Certificat acords CE 20-10-22<\/a><\/p>\n\n\n\n<p class=\"has-text-align-center\"><a href=\"https:\/\/agora.xtec.cat\/escolalarenaldellevant\/wp-content\/uploads\/usu1505\/2023\/02\/Certificat-acords-CE-02-02-23-2.pdf\">2. Certificat acords CE 02-02-23<\/a><\/p>\n\n\n\n<p>En acord de la <a title=\"Llei 19\/2014\" href=\"https:\/\/portaljuridic.gencat.cat\/ca\/pjur_ocults\/pjur_resultats_fitxa\/?action=fitxa&amp;mode=single&amp;documentId=680124&amp;language=ca_ES\" target=\"_blank\" rel=\"noopener noreferrer\">Llei 19\/2014<\/a>, del 29 de desembre, de&nbsp;<strong>transpar\u00e8ncia, acc\u00e9s a la informaci\u00f3 p\u00fablica i bon govern<\/strong>, adjuntem els certificats dels acords del Consell Escolar curs 21-22:<\/p>\n\n\n\n<p class=\"has-text-align-center\">1.<a href=\"https:\/\/agora.xtec.cat\/escolalarenaldellevant\/wp-content\/uploads\/usu1505\/2021\/10\/Certificat-acords-CE-09-09-21.pdf\">Certificat acords CE 09-09-21<\/a><\/p>\n\n\n\n<p class=\"has-text-align-center\">2.<a href=\"https:\/\/agora.xtec.cat\/escolalarenaldellevant\/wp-content\/uploads\/usu1505\/2021\/12\/Certificat-acords-CE-08-11-21.pdf\">Certificat acords CE 08-11-21<\/a><\/p>\n\n\n\n<p class=\"has-text-align-center\">3. <a href=\"https:\/\/agora.xtec.cat\/escolalarenaldellevant\/wp-content\/uploads\/usu1505\/2021\/12\/Certificat-acords-CE-14-12-21.pdf\">Certificat acords CE 14-12-21<\/a><\/p>\n\n\n\n<p class=\"has-text-align-center\"><a href=\"https:\/\/agora.xtec.cat\/escolalarenaldellevant\/wp-content\/uploads\/usu1505\/2022\/02\/Certificat-acords-CE-25-01-22.pdf\">4. Certificat acords CE 25-01-22<\/a><\/p>\n\n\n\n<p class=\"has-text-align-center\"><a href=\"https:\/\/agora.xtec.cat\/escolalarenaldellevant\/wp-content\/uploads\/usu1505\/2022\/07\/Certificat-acords-CE-08-07-22.pdf\">5. Certificat acords CE 08-07-22<\/a><\/p>\n\n\n\n<p>En acord de la <a title=\"Llei 19\/2014\" href=\"https:\/\/portaljuridic.gencat.cat\/ca\/pjur_ocults\/pjur_resultats_fitxa\/?action=fitxa&amp;mode=single&amp;documentId=680124&amp;language=ca_ES\" target=\"_blank\" rel=\"noopener noreferrer\">Llei 19\/2014<\/a>, del 29 de desembre, de&nbsp;<strong>transpar\u00e8ncia, acc\u00e9s a la informaci\u00f3 p\u00fablica i bon govern<\/strong>, adjuntem els certificats dels acords del Consell Escolar curs 20-21:<\/p>\n\n\n\n<p class=\"has-text-align-center\">1. <a href=\"https:\/\/agora.xtec.cat\/escolalarenaldellevant\/wp-content\/uploads\/usu1505\/2020\/09\/Certificat-acords-CE-09-09-20.pdf\">Certificat acords CE 09-09-20<\/a><\/p>\n\n\n\n<p class=\"has-text-align-center\">2.&nbsp;<a href=\"https:\/\/agora.xtec.cat\/escolalarenaldellevant\/wp-content\/uploads\/usu1505\/2020\/09\/Certificat-acords-CE-09-09-20.pdf\">Certificat acords CE 09-09-20<\/a><\/p>\n\n\n\n<p class=\"has-text-align-center\">3. <a href=\"https:\/\/agora.xtec.cat\/escolalarenaldellevant\/wp-content\/uploads\/usu1505\/2020\/11\/Certificat-acords-CE-11-11-20-.pdf\">Certificat acords CE 11-11-20<\/a><\/p>\n\n\n\n<p class=\"has-text-align-center\">4. <a href=\"https:\/\/agora.xtec.cat\/escolalarenaldellevant\/wp-content\/uploads\/usu1505\/2021\/02\/Certificat-acords-CE-27-01-21.pdf\">Certificat acords CE 27-01-21<\/a><\/p>\n\n\n\n<p class=\"has-text-align-center\">5. <a href=\"https:\/\/agora.xtec.cat\/escolalarenaldellevant\/wp-content\/uploads\/usu1505\/2021\/07\/Certificat-acords-CE-13-07-21.pdf\">Certificat acords CE 13-07-21<\/a><\/p>\n\n\n\n<p>&nbsp;<\/p>\n\n\n\n<p class=\"has-text-align-center\">En acord de la <a title=\"Llei 19\/2014\" href=\"https:\/\/portaljuridic.gencat.cat\/ca\/pjur_ocults\/pjur_resultats_fitxa\/?action=fitxa&amp;mode=single&amp;documentId=680124&amp;language=ca_ES\" target=\"_blank\" rel=\"noopener noreferrer\">Llei 19\/2014<\/a>, del 29 de desembre, de&nbsp;<strong>transpar\u00e8ncia, acc\u00e9s a la informaci\u00f3 p\u00fablica i bon govern<\/strong>, adjuntem els certificats dels acords del Consell Escolar curs 19-20:<\/p>\n\n\n\n<p class=\"has-text-align-center\">1. <a href=\"https:\/\/agora.xtec.cat\/escolalarenaldellevant\/wp-content\/uploads\/usu1505\/2020\/02\/Certificat-acords-CE-29-10-19.pdf\">Certificat acords CE 29-10-19<\/a><\/p>\n\n\n\n<p class=\"has-text-align-center\">2. <a href=\"https:\/\/agora.xtec.cat\/escolalarenaldellevant\/wp-content\/uploads\/usu1505\/2020\/03\/Certificat-acords-CE-28-01-20.pdf\">Certificat acords CE 28-01-20<\/a><\/p>\n\n\n\n<p class=\"has-text-align-center\">3. <a href=\"https:\/\/agora.xtec.cat\/escolalarenaldellevant\/wp-content\/uploads\/usu1505\/2020\/03\/Certificat-acords-CE-03-02-20.pdf\">Certificat acords CE 03-02-20<\/a><\/p>\n\n\n\n<p class=\"has-text-align-center\">4. <a href=\"https:\/\/agora.xtec.cat\/escolalarenaldellevant\/wp-content\/uploads\/usu1505\/2020\/07\/Certificat-acords-CE-22-05-20.pdf\">Certificat acords CE 22-05-20<\/a><\/p>\n\n\n\n<p class=\"has-text-align-center\">5. <a href=\"https:\/\/agora.xtec.cat\/escolalarenaldellevant\/wp-content\/uploads\/usu1505\/2020\/07\/Certificat-acords-CE-03-06-20.pdf\">Certificat acords CE 03-06-20<\/a><\/p>\n\n\n\n<p>&nbsp;<\/p>\n\n\n","protected":false},"excerpt":{"rendered":"<p>COMPOSICI\u00d3 DEL CONSELL ESCOLAR CURS 25-26: Presidenta: &nbsp;Cristina Guijosa Cap d&#8217;estudis:&nbsp; Mar Tarr\u00e9s Secret\u00e0ria: Cristina Cort\u00e9s Representant de l&#8217;Ajuntament: Xavi Vila Representants de mestres: Cristina L\u00f3pez Sara Chao In\u00e9s Toledano N\u00faria Roy Raquel Janer Representants de fam\u00edlies: Bibiana Miranda Cristina Montaner Laura P\u00e9rez Laura Collado Representant de l&#8217;AFA: Laura Arranz Represnetant del PAS: Cristina L\u00f3pez [&hellip;]<\/p>\n","protected":false},"author":1,"featured_media":0,"parent":22,"menu_order":6,"comment_status":"closed","ping_status":"closed","template":"","meta":{"_bbp_topic_count":0,"_bbp_reply_count":0,"_bbp_total_topic_count":0,"_bbp_total_reply_count":0,"_bbp_voice_count":0,"_bbp_anonymous_reply_count":0,"_bbp_topic_count_hidden":0,"_bbp_reply_count_hidden":0,"_bbp_forum_subforum_count":0,"site-sidebar-layout":"default","site-content-layout":"","ast-site-content-layout":"default","site-content-style":"default","site-sidebar-style":"default","ast-global-header-display":"","ast-banner-title-visibility":"","ast-main-header-display":"","ast-hfb-above-header-display":"","ast-hfb-below-header-display":"","ast-hfb-mobile-header-display":"","site-post-title":"","ast-breadcrumbs-content":"","ast-featured-img":"","footer-sml-layout":"","theme-transparent-header-meta":"default","adv-header-id-meta":"","stick-header-meta":"","header-above-stick-meta":"","header-main-stick-meta":"","header-below-stick-meta":"","astra-migrate-meta-layouts":"set","ast-page-background-enabled":"default","ast-page-background-meta":{"desktop":{"background-color":"var(--ast-global-color-4)","background-image":"","background-repeat":"repeat","background-position":"center center","background-size":"auto","background-attachment":"scroll","background-type":"","background-media":"","overlay-type":"","overlay-color":"","overlay-opacity":"","overlay-gradient":""},"tablet":{"background-color":"","background-image":"","background-repeat":"repeat","background-position":"center center","background-size":"auto","background-attachment":"scroll","background-type":"","background-media":"","overlay-type":"","overlay-color":"","overlay-opacity":"","overlay-gradient":""},"mobile":{"background-color":"","background-image":"","background-repeat":"repeat","background-position":"center center","background-size":"auto","background-attachment":"scroll","background-type":"","background-media":"","overlay-type":"","overlay-color":"","overlay-opacity":"","overlay-gradient":""}},"ast-content-background-meta":{"desktop":{"background-color":"var(--ast-global-color-5)","background-image":"","background-repeat":"repeat","background-position":"center center","background-size":"auto","background-attachment":"scroll","background-type":"","background-media":"","overlay-type":"","overlay-color":"","overlay-opacity":"","overlay-gradient":""},"tablet":{"background-color":"var(--ast-global-color-5)","background-image":"","background-repeat":"repeat","background-position":"center center","background-size":"auto","background-attachment":"scroll","background-type":"","background-media":"","overlay-type":"","overlay-color":"","overlay-opacity":"","overlay-gradient":""},"mobile":{"background-color":"var(--ast-global-color-5)","background-image":"","background-repeat":"repeat","background-position":"center center","background-size":"auto","background-attachment":"scroll","background-type":"","background-media":"","overlay-type":"","overlay-color":"","overlay-opacity":"","overlay-gradient":""}},"footnotes":""},"class_list":["post-28","page","type-page","status-publish","hentry"],"post_mailing_queue_ids":[],"_links":{"self":[{"href":"https:\/\/agora.xtec.cat\/escolalarenaldellevant\/wp-json\/wp\/v2\/pages\/28","targetHints":{"allow":["GET"]}}],"collection":[{"href":"https:\/\/agora.xtec.cat\/escolalarenaldellevant\/wp-json\/wp\/v2\/pages"}],"about":[{"href":"https:\/\/agora.xtec.cat\/escolalarenaldellevant\/wp-json\/wp\/v2\/types\/page"}],"author":[{"embeddable":true,"href":"https:\/\/agora.xtec.cat\/escolalarenaldellevant\/wp-json\/wp\/v2\/users\/1"}],"replies":[{"embeddable":true,"href":"https:\/\/agora.xtec.cat\/escolalarenaldellevant\/wp-json\/wp\/v2\/comments?post=28"}],"version-history":[{"count":6,"href":"https:\/\/agora.xtec.cat\/escolalarenaldellevant\/wp-json\/wp\/v2\/pages\/28\/revisions"}],"predecessor-version":[{"id":2687,"href":"https:\/\/agora.xtec.cat\/escolalarenaldellevant\/wp-json\/wp\/v2\/pages\/28\/revisions\/2687"}],"up":[{"embeddable":true,"href":"https:\/\/agora.xtec.cat\/escolalarenaldellevant\/wp-json\/wp\/v2\/pages\/22"}],"wp:attachment":[{"href":"https:\/\/agora.xtec.cat\/escolalarenaldellevant\/wp-json\/wp\/v2\/media?parent=28"}],"curies":[{"name":"wp","href":"https:\/\/api.w.org\/{rel}","templated":true}]}}