{"id":10214,"date":"2023-05-19T09:54:15","date_gmt":"2023-05-19T07:54:15","guid":{"rendered":"https:\/\/agora.xtec.cat\/escolalapopa\/?page_id=10214"},"modified":"2023-05-19T09:54:15","modified_gmt":"2023-05-19T07:54:15","slug":"avaluacio","status":"publish","type":"page","link":"https:\/\/agora.xtec.cat\/escolalapopa\/pla-tac\/part-estrategica\/avaluacio\/","title":{"rendered":"Avaluaci\u00f3"},"content":{"rendered":"<p>Almenys un cop al curs \u00e9s recomanable fer una avaluaci\u00f3 en profunditat de l\u2019EDC. Cal revisar cada una de les activitats planificades i determinar el grau d\u2019acompliment dels indicadors establerts a partir dels criteris d\u2019acompliment.<\/p>\n<p>De la mateixa manera, cal revisar els objectius establerts pel curs i determinar-ne tamb\u00e9 el grau d\u2019assoliment a partir dels indicadors d\u2019impacte i els criteris d\u2019acompliment.<\/p>\n<p>A partir d\u2019aqu\u00ed, la Comissi\u00f3 d\u2019Estrat\u00e8gia Digital del Centre ha d\u2019encetar un proc\u00e9s de reflexi\u00f3. Si \u00e9s un dels primers cursos d\u2019aplicaci\u00f3 de l\u2019estrat\u00e8gia digital, \u00e9s possible que calgui revisar algun dels objectius, sigui la seva definici\u00f3 o la seva temporitzaci\u00f3, o algunes de les activitats.<\/p>\n<p>Si l\u2019EDC est\u00e0 arribant al final de la seva planificaci\u00f3, caldr\u00e0 plantejar-se la diagnosi per actualitzar-la. Aquesta revisi\u00f3 i actualitzaci\u00f3 implicar\u00e0 un canvi en els objectius i en les activitats.<\/p>\n<p><iframe loading=\"lazy\" src=\"https:\/\/docs.google.com\/presentation\/d\/e\/2PACX-1vRgc4EjWGvZIiZPlxXZlDm2xeqLRFs2mxcuBXXtsWcMsHFNHRnpZiJekyDfHlYLZSJkT41hPXaOKgNx\/embed?start=true&#038;loop=true&#038;delayms=3000\" frameborder=\"0\" width=\"1440\" height=\"839\" allowfullscreen=\"true\" mozallowfullscreen=\"true\" webkitallowfullscreen=\"true\"><\/iframe><\/p>\n","protected":false},"excerpt":{"rendered":"<p>Almenys un cop al curs \u00e9s recomanable fer una avaluaci\u00f3 en profunditat de l\u2019EDC. Cal revisar cada una de les activitats planificades i determinar el grau d\u2019acompliment dels indicadors establerts a partir dels criteris d\u2019acompliment. De la mateixa manera, cal revisar els objectius establerts pel curs i determinar-ne tamb\u00e9 el grau d\u2019assoliment a partir dels [&hellip;]<\/p>\n","protected":false},"author":45,"featured_media":0,"parent":10069,"menu_order":3,"comment_status":"closed","ping_status":"closed","template":"page-templates\/side-menu.php","meta":{"_bbp_topic_count":0,"_bbp_reply_count":0,"_bbp_total_topic_count":0,"_bbp_total_reply_count":0,"_bbp_voice_count":0,"_bbp_anonymous_reply_count":0,"_bbp_topic_count_hidden":0,"_bbp_reply_count_hidden":0,"_bbp_forum_subforum_count":0,"site-sidebar-layout":"default","site-content-layout":"","ast-site-content-layout":"","site-content-style":"default","site-sidebar-style":"default","ast-global-header-display":"","ast-banner-title-visibility":"","ast-main-header-display":"","ast-hfb-above-header-display":"","ast-hfb-below-header-display":"","ast-hfb-mobile-header-display":"","site-post-title":"","ast-breadcrumbs-content":"","ast-featured-img":"","footer-sml-layout":"","theme-transparent-header-meta":"","adv-header-id-meta":"","stick-header-meta":"","header-above-stick-meta":"","header-main-stick-meta":"","header-below-stick-meta":"","astra-migrate-meta-layouts":"default","ast-page-background-enabled":"default","ast-page-background-meta":{"desktop":{"background-color":"var(--ast-global-color-4)","background-image":"","background-repeat":"repeat","background-position":"center center","background-size":"auto","background-attachment":"scroll","background-type":"","background-media":"","overlay-type":"","overlay-color":"","overlay-opacity":"","overlay-gradient":""},"tablet":{"background-color":"","background-image":"","background-repeat":"repeat","background-position":"center center","background-size":"auto","background-attachment":"scroll","background-type":"","background-media":"","overlay-type":"","overlay-color":"","overlay-opacity":"","overlay-gradient":""},"mobile":{"background-color":"","background-image":"","background-repeat":"repeat","background-position":"center center","background-size":"auto","background-attachment":"scroll","background-type":"","background-media":"","overlay-type":"","overlay-color":"","overlay-opacity":"","overlay-gradient":""}},"ast-content-background-meta":{"desktop":{"background-color":"var(--ast-global-color-5)","background-image":"","background-repeat":"repeat","background-position":"center center","background-size":"auto","background-attachment":"scroll","background-type":"","background-media":"","overlay-type":"","overlay-color":"","overlay-opacity":"","overlay-gradient":""},"tablet":{"background-color":"var(--ast-global-color-5)","background-image":"","background-repeat":"repeat","background-position":"center center","background-size":"auto","background-attachment":"scroll","background-type":"","background-media":"","overlay-type":"","overlay-color":"","overlay-opacity":"","overlay-gradient":""},"mobile":{"background-color":"var(--ast-global-color-5)","background-image":"","background-repeat":"repeat","background-position":"center center","background-size":"auto","background-attachment":"scroll","background-type":"","background-media":"","overlay-type":"","overlay-color":"","overlay-opacity":"","overlay-gradient":""}},"footnotes":""},"class_list":["post-10214","page","type-page","status-publish","hentry"],"post_mailing_queue_ids":[],"_links":{"self":[{"href":"https:\/\/agora.xtec.cat\/escolalapopa\/wp-json\/wp\/v2\/pages\/10214","targetHints":{"allow":["GET"]}}],"collection":[{"href":"https:\/\/agora.xtec.cat\/escolalapopa\/wp-json\/wp\/v2\/pages"}],"about":[{"href":"https:\/\/agora.xtec.cat\/escolalapopa\/wp-json\/wp\/v2\/types\/page"}],"author":[{"embeddable":true,"href":"https:\/\/agora.xtec.cat\/escolalapopa\/wp-json\/wp\/v2\/users\/45"}],"replies":[{"embeddable":true,"href":"https:\/\/agora.xtec.cat\/escolalapopa\/wp-json\/wp\/v2\/comments?post=10214"}],"version-history":[{"count":1,"href":"https:\/\/agora.xtec.cat\/escolalapopa\/wp-json\/wp\/v2\/pages\/10214\/revisions"}],"predecessor-version":[{"id":10215,"href":"https:\/\/agora.xtec.cat\/escolalapopa\/wp-json\/wp\/v2\/pages\/10214\/revisions\/10215"}],"up":[{"embeddable":true,"href":"https:\/\/agora.xtec.cat\/escolalapopa\/wp-json\/wp\/v2\/pages\/10069"}],"wp:attachment":[{"href":"https:\/\/agora.xtec.cat\/escolalapopa\/wp-json\/wp\/v2\/media?parent=10214"}],"curies":[{"name":"wp","href":"https:\/\/api.w.org\/{rel}","templated":true}]}}