{"id":497,"date":"2021-12-14T11:19:15","date_gmt":"2021-12-14T10:19:15","guid":{"rendered":"https:\/\/agora.xtec.cat\/escolalapalmera\/?page_id=497"},"modified":"2022-09-21T23:36:05","modified_gmt":"2022-09-21T21:36:05","slug":"projecte-steam","status":"publish","type":"page","link":"https:\/\/agora.xtec.cat\/escolalapalmera\/projecte-educatiu\/projecte-steam\/","title":{"rendered":"Projecte STEAM"},"content":{"rendered":"<div style=\"display: flex; background-color: #0d868a; font-size: 24pt; font-family: verdana; height: 40pt; justify-content: center; margin-top: 4pt; margin-bottom: 4 pt; color: white!important;\">\n<p>OBRIM LA VIA STEAM<\/p>\n<\/div>\n<p>&nbsp;<\/p>\n<p>El t\u00edtol del nostre projecte STEAM fa refer\u00e8ncia al m\u00f3n de l&#8217;escalada i a obrir un nou cam\u00ed.<br \/>\nPer qu\u00e8? Doncs els o les escaladors\/es s\u00f3n persones perseverants en arribar al seu objectiu, en aquest cas el cim. Cauen i ho tornen a intentar i aix\u00ed fins que van perfeccionant la seva t\u00e8cnica i aconsegueixen arribar.<br \/>\nNosaltres com escola volem ser aquests\/es escaladors\/es. Estem treballant, observant, aprenent i a poc a poc millorem i aix\u00ed anem obrint la via STEAM.<\/p>\n<p>Aquest projecte t\u00e9 una durada de 3 anys i aquest curs 2021-2022 \u00e9s el nostre primer, en que ens estem formant com a grup impulsor.<\/p>\n<p>Objectius<\/p>\n<ul>\n<li>Fomentar l&#8217;equitat entre els infants de l&#8217;Escola.<\/li>\n<li>Descobrir les diferents professions relacionades des de la metodologia STEAM.<\/li>\n<li>Potenciar l&#8217;inter\u00e8s de l&#8217;alumnat vers les STEAM.<\/li>\n<li>\u00a0Millorar les capacitats i compet\u00e8ncies de l&#8217;alumnat participant.<\/li>\n<li style=\"text-align: left;\">Iniciar un canvi metodol\u00f2gic a l&#8217;Escola.<\/li>\n<\/ul>\n<p style=\"text-align: center;\"><a href=\"https:\/\/agora.xtec.cat\/escolalapalmera\/wp-content\/uploads\/usu1503\/2021\/12\/STEAM.jpg\"><img loading=\"lazy\" decoding=\"async\" class=\"alignnone size-full wp-image-637\" src=\"https:\/\/agora.xtec.cat\/escolalapalmera\/wp-content\/uploads\/usu1503\/2021\/12\/STEAM.jpg\" alt=\"\" width=\"265\" height=\"190\" \/><\/a><\/p>\n","protected":false},"excerpt":{"rendered":"<p>OBRIM LA VIA STEAM &nbsp; El t\u00edtol del nostre projecte STEAM fa refer\u00e8ncia al m\u00f3n de l&#8217;escalada i a obrir un nou cam\u00ed. Per qu\u00e8? Doncs els o les escaladors\/es s\u00f3n persones perseverants en arribar al seu objectiu, en aquest cas el cim. Cauen i ho tornen a intentar i aix\u00ed fins que van perfeccionant [&hellip;]<\/p>\n","protected":false},"author":1,"featured_media":0,"parent":64,"menu_order":40,"comment_status":"closed","ping_status":"closed","template":"page-templates\/side-menu.php","meta":{"_bbp_topic_count":0,"_bbp_reply_count":0,"_bbp_total_topic_count":0,"_bbp_total_reply_count":0,"_bbp_voice_count":0,"_bbp_anonymous_reply_count":0,"_bbp_topic_count_hidden":0,"_bbp_reply_count_hidden":0,"_bbp_forum_subforum_count":0,"site-sidebar-layout":"default","site-content-layout":"","ast-site-content-layout":"","site-content-style":"default","site-sidebar-style":"default","ast-global-header-display":"","ast-banner-title-visibility":"","ast-main-header-display":"","ast-hfb-above-header-display":"","ast-hfb-below-header-display":"","ast-hfb-mobile-header-display":"","site-post-title":"","ast-breadcrumbs-content":"","ast-featured-img":"","footer-sml-layout":"","theme-transparent-header-meta":"","adv-header-id-meta":"","stick-header-meta":"","header-above-stick-meta":"","header-main-stick-meta":"","header-below-stick-meta":"","astra-migrate-meta-layouts":"default","ast-page-background-enabled":"default","ast-page-background-meta":{"desktop":{"background-color":"var(--ast-global-color-4)","background-image":"","background-repeat":"repeat","background-position":"center center","background-size":"auto","background-attachment":"scroll","background-type":"","background-media":"","overlay-type":"","overlay-color":"","overlay-opacity":"","overlay-gradient":""},"tablet":{"background-color":"","background-image":"","background-repeat":"repeat","background-position":"center center","background-size":"auto","background-attachment":"scroll","background-type":"","background-media":"","overlay-type":"","overlay-color":"","overlay-opacity":"","overlay-gradient":""},"mobile":{"background-color":"","background-image":"","background-repeat":"repeat","background-position":"center center","background-size":"auto","background-attachment":"scroll","background-type":"","background-media":"","overlay-type":"","overlay-color":"","overlay-opacity":"","overlay-gradient":""}},"ast-content-background-meta":{"desktop":{"background-color":"var(--ast-global-color-5)","background-image":"","background-repeat":"repeat","background-position":"center center","background-size":"auto","background-attachment":"scroll","background-type":"","background-media":"","overlay-type":"","overlay-color":"","overlay-opacity":"","overlay-gradient":""},"tablet":{"background-color":"var(--ast-global-color-5)","background-image":"","background-repeat":"repeat","background-position":"center center","background-size":"auto","background-attachment":"scroll","background-type":"","background-media":"","overlay-type":"","overlay-color":"","overlay-opacity":"","overlay-gradient":""},"mobile":{"background-color":"var(--ast-global-color-5)","background-image":"","background-repeat":"repeat","background-position":"center center","background-size":"auto","background-attachment":"scroll","background-type":"","background-media":"","overlay-type":"","overlay-color":"","overlay-opacity":"","overlay-gradient":""}},"footnotes":""},"class_list":["post-497","page","type-page","status-publish","hentry"],"post_mailing_queue_ids":[],"_links":{"self":[{"href":"https:\/\/agora.xtec.cat\/escolalapalmera\/wp-json\/wp\/v2\/pages\/497","targetHints":{"allow":["GET"]}}],"collection":[{"href":"https:\/\/agora.xtec.cat\/escolalapalmera\/wp-json\/wp\/v2\/pages"}],"about":[{"href":"https:\/\/agora.xtec.cat\/escolalapalmera\/wp-json\/wp\/v2\/types\/page"}],"author":[{"embeddable":true,"href":"https:\/\/agora.xtec.cat\/escolalapalmera\/wp-json\/wp\/v2\/users\/1"}],"replies":[{"embeddable":true,"href":"https:\/\/agora.xtec.cat\/escolalapalmera\/wp-json\/wp\/v2\/comments?post=497"}],"version-history":[{"count":3,"href":"https:\/\/agora.xtec.cat\/escolalapalmera\/wp-json\/wp\/v2\/pages\/497\/revisions"}],"predecessor-version":[{"id":1850,"href":"https:\/\/agora.xtec.cat\/escolalapalmera\/wp-json\/wp\/v2\/pages\/497\/revisions\/1850"}],"up":[{"embeddable":true,"href":"https:\/\/agora.xtec.cat\/escolalapalmera\/wp-json\/wp\/v2\/pages\/64"}],"wp:attachment":[{"href":"https:\/\/agora.xtec.cat\/escolalapalmera\/wp-json\/wp\/v2\/media?parent=497"}],"curies":[{"name":"wp","href":"https:\/\/api.w.org\/{rel}","templated":true}]}}