{"id":73,"date":"2014-09-18T14:01:51","date_gmt":"2014-09-18T13:01:51","guid":{"rendered":"http:\/\/agora.xtec.cat\/escolalanoguera\/?page_id=73"},"modified":"2023-11-02T14:07:06","modified_gmt":"2023-11-02T13:07:06","slug":"menjador-escolar","status":"publish","type":"page","link":"https:\/\/agora.xtec.cat\/escolalanoguera\/serveis\/menjador-escolar\/","title":{"rendered":"Menjador escolar"},"content":{"rendered":"<table style=\"border-collapse: collapse; width: 100.527%; height: 347px;\">\n<tbody>\n<tr style=\"height: 52px;\">\n<td style=\"width: 20%; height: 52px;\"><strong style=\"font-size: 20px;\">MEN\u00da MENSUALS<\/strong><\/td>\n<td style=\"width: 19.4924%; height: 52px;\">\n<h3><strong>CURS\u00a0<\/strong><\/h3>\n<\/td>\n<td style=\"width: 22.1231%; height: 52px;\">\n<h3><strong>ESCOLAR<\/strong><\/h3>\n<\/td>\n<td style=\"width: 20.7098%; height: 52px;\">\n<h3><strong>2023-2024<\/strong><\/h3>\n<\/td>\n<td style=\"width: 18.2015%; height: 52px;\"><\/td>\n<\/tr>\n<tr style=\"height: 52px;\">\n<td style=\"width: 20%; height: 22px;\"><strong style=\"font-size: 20px; background-color: #ffffff;\"><span style=\"text-decoration: underline;\">Primer trimestre<\/span><\/strong><\/td>\n<td style=\"width: 19.4924%; height: 22px;\">&nbsp;<\/p>\n<p><a href=\"https:\/\/drive.google.com\/drive\/folders\/157npqZOIfIgA5fJ9uJI-Grk1RC0OPFKG?usp=drive_link\">\ud83d\udc9f<span style=\"font-size: 20px; background-color: #ffffff;\">\u00a0 Setembre 2023<\/span><\/a><\/p>\n<p>&nbsp;<\/td>\n<td style=\"width: 22.1231%; height: 22px;\"><a href=\"https:\/\/drive.google.com\/drive\/folders\/1aEuV-ByapG3XSDrdIt1Wj0ResGOXur0I?usp=sharing\">\ud83d\udc9f<span style=\"font-size: 20px; background-color: #ffffff;\">\u00a0 Octubre 2023<\/span><\/a><\/td>\n<td style=\"width: 20.7098%; height: 22px;\"><a href=\"https:\/\/drive.google.com\/drive\/folders\/1oI4ISZMaY5j7Eu8zKJf-qV-rIZWzpkmC?usp=sharing\">\ud83d\udc9f<span style=\"font-size: 20px; background-color: #ffffff;\">\u00a0 novembre 2023<\/span><\/a><\/td>\n<td style=\"width: 18.2015%; height: 22px;\"><\/td>\n<\/tr>\n<tr style=\"height: 185px;\">\n<td style=\"width: 20%; height: 163px;\"><strong style=\"font-size: 20px; background-color: #ffffff;\"><span style=\"text-decoration: underline;\">Segon trimestre<\/span><\/strong><\/td>\n<td style=\"width: 19.4924%; height: 163px;\"><\/td>\n<td style=\"width: 22.1231%; height: 163px;\"><\/td>\n<td style=\"width: 20.7098%; height: 163px;\"><\/td>\n<td style=\"width: 18.2015%; height: 163px;\"><\/td>\n<\/tr>\n<tr style=\"height: 178px;\">\n<td style=\"width: 20%; height: 110px;\"><strong style=\"font-size: 20px; background-color: #ffffff;\"><span style=\"text-decoration: underline;\">Tercer trimestre<\/span><\/strong><\/td>\n<td style=\"width: 19.4924%; height: 110px;\"><\/td>\n<td style=\"width: 22.1231%; height: 110px;\"><\/td>\n<td style=\"width: 20.7098%; height: 110px;\"><\/td>\n<td style=\"width: 18.2015%; height: 110px;\"><\/td>\n<\/tr>\n<\/tbody>\n<\/table>\n<table style=\"border-collapse: collapse; width: 100%; height: 105px;\">\n<tbody>\n<tr style=\"height: 40px;\">\n<td style=\"width: 50%; height: 40px;\"><strong style=\"font-size: 20px;\">DOCUMENTS DEL SERVEI DE MENJADOR<\/strong><\/td>\n<td style=\"width: 50%; height: 40px;\"><\/td>\n<\/tr>\n<tr style=\"height: 39px;\">\n<td style=\"width: 50%; height: 39px;\"><a href=\"https:\/\/drive.google.com\/file\/d\/1T7xpxyTie5PTcFI2q-wfZ3izXkXmeNUT\/view?usp=sharing\">Fitxa d&#8217;inscripci\u00f3 23-24<\/a><\/td>\n<td style=\"width: 50%; height: 39px;\"><\/td>\n<\/tr>\n<tr style=\"height: 26px;\">\n<td style=\"width: 50%; height: 26px;\"><a href=\"https:\/\/drive.google.com\/file\/d\/1w7ER69OUQAe2lrnP_fUKcREqPfa7rJVL\/view?usp=sharing\">Informaci\u00f3 b\u00e0sica dels servei de menjador escolar<\/a><\/td>\n<td style=\"width: 50%; height: 26px;\"><\/td>\n<\/tr>\n<\/tbody>\n<\/table>\n","protected":false},"excerpt":{"rendered":"<p>MEN\u00da MENSUALS CURS\u00a0 ESCOLAR 2023-2024 Primer trimestre &nbsp; \ud83d\udc9f\u00a0 Setembre 2023 &nbsp; \ud83d\udc9f\u00a0 Octubre 2023 \ud83d\udc9f\u00a0 novembre 2023 Segon trimestre Tercer trimestre DOCUMENTS DEL SERVEI DE MENJADOR Fitxa d&#8217;inscripci\u00f3 23-24 Informaci\u00f3 b\u00e0sica dels servei de menjador escolar<\/p>\n","protected":false},"author":1,"featured_media":0,"parent":66,"menu_order":30,"comment_status":"closed","ping_status":"closed","template":"page-templates\/side-menu.php","meta":{"_bbp_topic_count":0,"_bbp_reply_count":0,"_bbp_total_topic_count":0,"_bbp_total_reply_count":0,"_bbp_voice_count":0,"_bbp_anonymous_reply_count":0,"_bbp_topic_count_hidden":0,"_bbp_reply_count_hidden":0,"_bbp_forum_subforum_count":0,"site-sidebar-layout":"default","site-content-layout":"","ast-site-content-layout":"","site-content-style":"default","site-sidebar-style":"default","ast-global-header-display":"","ast-banner-title-visibility":"","ast-main-header-display":"","ast-hfb-above-header-display":"","ast-hfb-below-header-display":"","ast-hfb-mobile-header-display":"","site-post-title":"","ast-breadcrumbs-content":"","ast-featured-img":"","footer-sml-layout":"","theme-transparent-header-meta":"","adv-header-id-meta":"","stick-header-meta":"","header-above-stick-meta":"","header-main-stick-meta":"","header-below-stick-meta":"","astra-migrate-meta-layouts":"default","ast-page-background-enabled":"default","ast-page-background-meta":{"desktop":{"background-color":"var(--ast-global-color-4)","background-image":"","background-repeat":"repeat","background-position":"center center","background-size":"auto","background-attachment":"scroll","background-type":"","background-media":"","overlay-type":"","overlay-color":"","overlay-opacity":"","overlay-gradient":""},"tablet":{"background-color":"","background-image":"","background-repeat":"repeat","background-position":"center center","background-size":"auto","background-attachment":"scroll","background-type":"","background-media":"","overlay-type":"","overlay-color":"","overlay-opacity":"","overlay-gradient":""},"mobile":{"background-color":"","background-image":"","background-repeat":"repeat","background-position":"center center","background-size":"auto","background-attachment":"scroll","background-type":"","background-media":"","overlay-type":"","overlay-color":"","overlay-opacity":"","overlay-gradient":""}},"ast-content-background-meta":{"desktop":{"background-color":"var(--ast-global-color-5)","background-image":"","background-repeat":"repeat","background-position":"center center","background-size":"auto","background-attachment":"scroll","background-type":"","background-media":"","overlay-type":"","overlay-color":"","overlay-opacity":"","overlay-gradient":""},"tablet":{"background-color":"var(--ast-global-color-5)","background-image":"","background-repeat":"repeat","background-position":"center center","background-size":"auto","background-attachment":"scroll","background-type":"","background-media":"","overlay-type":"","overlay-color":"","overlay-opacity":"","overlay-gradient":""},"mobile":{"background-color":"var(--ast-global-color-5)","background-image":"","background-repeat":"repeat","background-position":"center center","background-size":"auto","background-attachment":"scroll","background-type":"","background-media":"","overlay-type":"","overlay-color":"","overlay-opacity":"","overlay-gradient":""}},"footnotes":""},"class_list":["post-73","page","type-page","status-publish","hentry"],"post_mailing_queue_ids":[],"_links":{"self":[{"href":"https:\/\/agora.xtec.cat\/escolalanoguera\/wp-json\/wp\/v2\/pages\/73","targetHints":{"allow":["GET"]}}],"collection":[{"href":"https:\/\/agora.xtec.cat\/escolalanoguera\/wp-json\/wp\/v2\/pages"}],"about":[{"href":"https:\/\/agora.xtec.cat\/escolalanoguera\/wp-json\/wp\/v2\/types\/page"}],"author":[{"embeddable":true,"href":"https:\/\/agora.xtec.cat\/escolalanoguera\/wp-json\/wp\/v2\/users\/1"}],"replies":[{"embeddable":true,"href":"https:\/\/agora.xtec.cat\/escolalanoguera\/wp-json\/wp\/v2\/comments?post=73"}],"version-history":[{"count":7,"href":"https:\/\/agora.xtec.cat\/escolalanoguera\/wp-json\/wp\/v2\/pages\/73\/revisions"}],"predecessor-version":[{"id":1885,"href":"https:\/\/agora.xtec.cat\/escolalanoguera\/wp-json\/wp\/v2\/pages\/73\/revisions\/1885"}],"up":[{"embeddable":true,"href":"https:\/\/agora.xtec.cat\/escolalanoguera\/wp-json\/wp\/v2\/pages\/66"}],"wp:attachment":[{"href":"https:\/\/agora.xtec.cat\/escolalanoguera\/wp-json\/wp\/v2\/media?parent=73"}],"curies":[{"name":"wp","href":"https:\/\/api.w.org\/{rel}","templated":true}]}}