{"id":716,"date":"2021-02-10T16:15:49","date_gmt":"2021-02-10T15:15:49","guid":{"rendered":"https:\/\/agora.xtec.cat\/escolalanoguera\/?page_id=716"},"modified":"2026-02-20T15:23:34","modified_gmt":"2026-02-20T14:23:34","slug":"radiopati","status":"publish","type":"page","link":"https:\/\/agora.xtec.cat\/escolalanoguera\/projectes\/radiopati\/","title":{"rendered":"R\u00e0dio Pati"},"content":{"rendered":"<p>Aqu\u00ed trobareu un recull de tots els R\u00e0dio Pati realitzats durant tot el <strong>curs<\/strong> <strong>2025-2026<\/strong>:<\/p>\n<table style=\"border-collapse: collapse; width: 102.637%; height: 143px;\">\n<tbody>\n<tr>\n<td style=\"width: 35.7674%;\">\n<h3><a href=\"https:\/\/drive.google.com\/file\/d\/1OpD2JuOrH21hXoFU0ZDMdRzutXR6V502\/view?usp=sharing\">febrer 2026 &#8211; 6\u00e8<\/a><\/h3>\n<\/td>\n<td style=\"width: 32.9276%;\">\n<h3><a style=\"color: #2795b6;\" href=\"https:\/\/drive.google.com\/file\/d\/1DN4wardLn4JS9Euh0dOhmvj09bq_llAk\/view?usp=sharing\">febrer 2026 &#8211; 5\u00e8<\/a><\/h3>\n<\/td>\n<td style=\"width: 32.5219%;\">\n<h3><a style=\"color: #2795b6;\" href=\"https:\/\/drive.google.com\/file\/d\/1hRDsk4qfyhOmt1-fKA0OwPlbQfec6Kcv\/view?usp=sharing\">febrer 2026 &#8211; 4t<\/a><\/h3>\n<\/td>\n<\/tr>\n<tr>\n<td style=\"width: 35.7674%;\"><\/td>\n<td style=\"width: 32.9276%;\"><\/td>\n<td style=\"width: 32.5219%;\"><\/td>\n<\/tr>\n<tr>\n<td style=\"width: 35.7674%;\"><\/td>\n<td style=\"width: 32.9276%;\"><\/td>\n<td style=\"width: 32.5219%;\"><\/td>\n<\/tr>\n<\/tbody>\n<\/table>\n<p>&nbsp;<\/p>\n<p>Aqu\u00ed trobareu un recull de tots els R\u00e0dio Pati realitzats durant tot el <strong>curs 2024-2025:<\/strong><\/p>\n<table style=\"border-collapse: collapse; width: 100%; height: 190px;\">\n<tbody>\n<tr style=\"height: 53px;\">\n<td style=\"width: 25%; text-align: center; height: 53px;\">\n<h3><strong><a href=\"https:\/\/drive.google.com\/file\/d\/1ojCegv08Um_PHjG6qXdhD8eqkezILhXX\/view?usp=sharing\">Octubre 2024 &#8211; 6\u00e8<\/a><\/strong><\/h3>\n<\/td>\n<td style=\"width: 25%; text-align: center; height: 53px;\">\n<h3><a href=\"https:\/\/drive.google.com\/file\/d\/1GWxpM6bFr6UVrTc09vS48xKcy_KrLDua\/view?usp=sharing\">Gener 2025 &#8211; 6\u00e8<\/a><\/h3>\n<\/td>\n<td style=\"width: 25%; height: 53px;\">\n<h3 style=\"text-align: center;\"><a href=\"https:\/\/drive.google.com\/file\/d\/1BR_y-sll1RbkGr20sWhbV5u-IKXQM23G\/view?usp=share_link\">Mar\u00e7 2025 &#8211; 4rt<\/a><\/h3>\n<\/td>\n<td style=\"width: 25%; height: 53px;\"><\/td>\n<\/tr>\n<tr style=\"height: 53px;\">\n<td style=\"width: 25%; text-align: center; height: 53px;\">\n<h3><a href=\"https:\/\/drive.google.com\/file\/d\/1J2SHYP6LP7CYKoZ_g-ugzadrhIIftU30\/view?usp=sharing\">Octubre 2024 &#8211; 5\u00e8<\/a><\/h3>\n<\/td>\n<td style=\"width: 25%; text-align: center; height: 53px;\">\n<h3><a href=\"https:\/\/drive.google.com\/file\/d\/1eTMvoBMzqdnwmbiyJp6TYD10KNCtZiTx\/view?usp=sharing\">Gener 2025 &#8211; 5\u00e8<\/a><\/h3>\n<\/td>\n<td style=\"width: 25%; height: 53px;\">\n<h3 style=\"text-align: center;\"><a href=\"https:\/\/drive.google.com\/file\/d\/1UEqu_ydGWBNLSCzbUusNiJvBl4J7CClF\/view?usp=share_link\">Mar\u00e7 2025 &#8211; 3r<\/a><\/h3>\n<\/td>\n<td style=\"width: 25%; height: 53px;\"><\/td>\n<\/tr>\n<tr style=\"height: 53px;\">\n<td style=\"width: 25%; height: 53px;\">\n<h3 style=\"text-align: center;\"><a href=\"https:\/\/drive.google.com\/file\/d\/1O2NBPwRn0UdPb3noRQ1nIi_wqz6kt6T_\/view?usp=sharing\">Octubre 2024 &#8211; 1r<\/a><\/h3>\n<\/td>\n<td style=\"width: 25%; height: 53px;\">\n<h3 style=\"text-align: center;\"><a href=\"https:\/\/drive.google.com\/file\/d\/1OudULEeczIskMJ84ad_yPLoNCkJF0Hfb\/view?usp=share_link\">Febrer 2025 &#8211; 5\u00e8<\/a><\/h3>\n<\/td>\n<td style=\"width: 25%; height: 53px;\">\n<h3 style=\"text-align: center;\"><a href=\"https:\/\/drive.google.com\/file\/d\/16W8o9u0yr6i6w43JtpLiaOSUsFF4MC7k\/view?usp=share_link\">Mar\u00e7 2025 &#8211; 1r<\/a><\/h3>\n<\/td>\n<td style=\"width: 25%; height: 53px;\"><\/td>\n<\/tr>\n<tr style=\"height: 31px;\">\n<td style=\"width: 25%; height: 31px;\"><\/td>\n<td style=\"width: 25%; height: 31px;\"><\/td>\n<td style=\"width: 25%; height: 31px;\"><\/td>\n<td style=\"width: 25%; height: 31px;\"><\/td>\n<\/tr>\n<\/tbody>\n<\/table>\n<p>Aqu\u00ed trobareu un recull de tots els R\u00e0dio Pati realitzats durant tot el<strong> curs 2021-2022:<\/strong><\/p>\n<table style=\"border-collapse: collapse; width: 92.0867%; height: 260px;\">\n<tbody>\n<tr style=\"height: 65px;\">\n<td style=\"width: 23.7603%; height: 65px;\">\n<h3><a href=\"https:\/\/youtu.be\/Zlx565EL9QA\">01.10.2021 &#8211; 6\u00e8<\/a><\/h3>\n<\/td>\n<td style=\"width: 24.7882%; height: 65px;\">\n<h3><a href=\"https:\/\/youtu.be\/nBpobmtP04g\">10.11.2021 &#8211; 2n<\/a><\/h3>\n<\/td>\n<td style=\"width: 22.4029%; height: 65px;\">\n<h3><a href=\"https:\/\/www.youtube.com\/watch?v=9EJermcnfcQ&amp;feature=youtu.be\">19.11.2021 &#8211; 4t<\/a><\/h3>\n<\/td>\n<td style=\"width: 21.0153%; height: 65px;\">\n<h3><a href=\"https:\/\/youtu.be\/mr3SyW-ssX4\">18.01.2022 &#8211; 6\u00e8<\/a><\/h3>\n<\/td>\n<\/tr>\n<tr style=\"height: 65px;\">\n<td style=\"width: 23.7603%; height: 65px;\">\n<h3><a href=\"https:\/\/youtu.be\/8kIycoWyp0g\">08.10.2021 &#8211; 5\u00e8<\/a><\/h3>\n<\/td>\n<td style=\"width: 24.7882%; height: 65px;\">\n<h3><a href=\"https:\/\/youtu.be\/7XBIjxV3c68\">17.11.2021 &#8211; 1r<\/a><\/h3>\n<\/td>\n<td style=\"width: 22.4029%; height: 65px;\">\n<h3><a href=\"https:\/\/youtu.be\/-OjckaeTPaA\">14.01.2022 &#8211; 3r<\/a><\/h3>\n<\/td>\n<td style=\"width: 21.0153%; height: 65px;\">\n<h3><a href=\"https:\/\/youtu.be\/mr3SyW-ssX4\">11.02.2022 &#8211; 5\u00e8<\/a><\/h3>\n<\/td>\n<\/tr>\n<tr style=\"height: 65px;\">\n<td style=\"width: 23.7603%; height: 65px;\">\n<h3><a href=\"https:\/\/youtu.be\/nBpobmtP04g\">19.10.2021 &#8211; 4t<\/a><\/h3>\n<\/td>\n<td style=\"width: 24.7882%; height: 65px;\">\n<h3><a href=\"https:\/\/youtu.be\/O_kTJt3Ri0U\">19.11.2021 &#8211; 6\u00e8<\/a><\/h3>\n<\/td>\n<td style=\"width: 22.4029%; height: 65px;\">\n<h3><a href=\"https:\/\/www.youtube.com\/watch?v=78HG2bYRwZE\">19.11.2021 &#8211; 2n<\/a><\/h3>\n<\/td>\n<td style=\"width: 21.0153%; height: 65px;\">\n<h3><a href=\"https:\/\/youtu.be\/wpa6XHeU99o\">18.02.2022 &#8211; 4t<\/a><\/h3>\n<\/td>\n<\/tr>\n<tr style=\"height: 65px;\">\n<td style=\"width: 23.7603%; height: 65px;\">\n<h3><a href=\"https:\/\/youtu.be\/nBpobmtP04g\">22.10.2021 &#8211; 3r<\/a><\/h3>\n<\/td>\n<td style=\"width: 24.7882%; height: 65px;\">\n<h3><a href=\"https:\/\/www.youtube.com\/watch?v=aNpzhH6R70g\">26.11.2021 &#8211; 5\u00e8<\/a><\/h3>\n<\/td>\n<td style=\"width: 22.4029%; height: 65px;\">\n<h3><a href=\"https:\/\/youtu.be\/78HG2bYRwZE\">19.11.2021 &#8211; 1r<\/a><\/h3>\n<\/td>\n<td style=\"width: 21.0153%; height: 65px;\"><\/td>\n<\/tr>\n<\/tbody>\n<\/table>\n<p>&nbsp;<\/p>\n<p>Aqu\u00ed trobareu un recull de tots els R\u00e0dio Pati realitzats durant tot el<strong> curs 2020-2021:<\/strong><\/p>\n<table style=\"height: 171px; width: 110.202%;\" width=\"1115\">\n<tbody>\n<tr style=\"height: 32px;\">\n<td style=\"width: 216.42px; height: 32px; text-align: center;\">\n<h3><a style=\"font-size: 16px;\" href=\"https:\/\/www.youtube.com\/watch?v=ZJD-aOmvJUU&amp;feature=youtu.be\">13.10.2020 &#8211; CS &#8211; B<\/a><\/h3>\n<\/td>\n<td style=\"width: 218.423px; height: 32px; text-align: center;\">\n<h3><a style=\"font-size: 16px;\" href=\"https:\/\/youtu.be\/tqH5tYbZ6Go\">29.01.2021 &#8211; CM &#8211; B<\/a><\/h3>\n<\/td>\n<td style=\"width: 210.412px; height: 32px; text-align: center;\">\n<h3><a style=\"color: #2795b6; font-size: 16px;\" href=\"https:\/\/youtu.be\/jOwNJascO-A\">26.02.2021 &#8211; CI &#8211; C<\/a><\/h3>\n<\/td>\n<td style=\"width: 201.378px; height: 32px;\">\n<h3 style=\"text-align: center; background-color: #f9f9f9;\"><a style=\"color: #2795b6; font-size: 16px;\" href=\"https:\/\/www.youtube.com\/watch?v=__qE4oKGBEs\" target=\"_blank\" rel=\"noopener noreferrer\">19.03.2021 &#8211; CS &#8211; C<\/a><\/h3>\n<\/td>\n<td style=\"width: 225.469px; height: 32px;\">\n<h3 style=\"text-align: center;\"><a style=\"color: #2795b6;\" href=\"https:\/\/youtu.be\/TeBFfZXywI0\">05.05.2021 &#8211; CM &#8211; C<\/a><\/h3>\n<\/td>\n<\/tr>\n<tr style=\"height: 32px;\">\n<td style=\"width: 216.42px; height: 32px; text-align: center;\">\n<h3><a style=\"color: #2795b6; font-size: 16px;\" href=\"https:\/\/youtu.be\/_FO2hyV2sZ4\">30.10.2020 &#8211; CS &#8211; C<\/a><\/h3>\n<\/td>\n<td style=\"width: 218.423px; height: 32px; text-align: center;\">\n<h3><a style=\"font-size: 16px;\" href=\"https:\/\/youtu.be\/V20D_7YSOJc\">05.02.2021 &#8211; CM &#8211; C<\/a><\/h3>\n<\/td>\n<td style=\"width: 210.412px; height: 32px; text-align: center;\">\n<h3><a style=\"color: #2795b6; font-size: 16px;\" href=\"https:\/\/youtu.be\/553fAW5ILWs\" target=\"_blank\" rel=\"noopener noreferrer\">05.03.2021 &#8211; CS &#8211; A<\/a><\/h3>\n<\/td>\n<td style=\"width: 201.378px; height: 32px;\">\n<h3 style=\"text-align: center; background-color: #ffffff;\"><a style=\"color: #2795b6; font-size: 16px;\" href=\"https:\/\/youtu.be\/sxTZcbtYV6o\" target=\"_blank\" rel=\"noopener noreferrer\">16.04.2021 &#8211; CM &#8211; A<\/a><\/h3>\n<\/td>\n<td style=\"width: 225.469px; height: 32px;\">\n<h3 style=\"text-align: center;\"><strong><a style=\"color: #2795b6;\" href=\"https:\/\/youtu.be\/wEdxr-kHtxI\">21.05.2021 CI &#8211; A<\/a><\/strong><\/h3>\n<\/td>\n<\/tr>\n<tr style=\"height: 32px;\">\n<td style=\"width: 216.42px; height: 32px; text-align: center;\">\n<h3><a style=\"font-size: 16px;\" href=\"https:\/\/youtu.be\/kzi3TBpF77g\">06.11.2020 &#8211; CS &#8211; A<\/a><\/h3>\n<\/td>\n<td style=\"width: 218.423px; height: 32px; text-align: center;\">\n<h3><a style=\"color: #2795b6; font-size: 16px;\" href=\"https:\/\/youtu.be\/gCL92dJKYb0\">12.02.2021 &#8211; CI &#8211; A<\/a><\/h3>\n<\/td>\n<td style=\"width: 210.412px; height: 32px; text-align: center;\">\n<h3><a style=\"color: #2795b6; font-size: 16px;\" href=\"https:\/\/youtu.be\/spt-xiudhcU\" target=\"_blank\" rel=\"noopener noreferrer\">12.03.2021 &#8211; CS &#8211; B<\/a><\/h3>\n<\/td>\n<td style=\"width: 201.378px; height: 32px;\">\n<h3 style=\"text-align: center; background-color: #f9f9f9;\"><a style=\"color: #2795b6; font-size: 16px;\" href=\"https:\/\/youtu.be\/-P8w2eiu1lc\" target=\"_blank\" rel=\"noopener noreferrer\">23.04.2021 &#8211; CM &#8211; B<\/a><\/h3>\n<\/td>\n<td style=\"width: 225.469px; height: 32px;\">\n<h3 style=\"text-align: center;\"><strong><a style=\"color: #2795b6;\" href=\"https:\/\/youtu.be\/vlapCT_wFEc\" target=\"_blank\" rel=\"noopener noreferrer\">21.04.2021 CI &#8211; B<\/a><\/strong><\/h3>\n<\/td>\n<\/tr>\n<tr style=\"height: 32px;\">\n<td style=\"width: 216.42px; height: 32px; text-align: center;\">\n<h3><a style=\"color: #2795b6; font-size: 16px;\" href=\"https:\/\/youtu.be\/f307PGJlgm0\">25.01.2021 &#8211; CM &#8211; A<\/a><\/h3>\n<\/td>\n<td style=\"width: 218.423px; height: 32px; text-align: center;\">\n<h3><a style=\"color: #2795b6; font-size: 16px;\" href=\"https:\/\/www.youtube.com\/watch?v=cdZA5eaEWSQ&amp;feature=youtu.be\">19.02.2021 &#8211; CI &#8211; B<\/a><\/h3>\n<\/td>\n<td style=\"width: 210.412px; height: 32px; text-align: center;\"><\/td>\n<td style=\"width: 201.378px; height: 32px;\"><\/td>\n<td style=\"width: 225.469px; height: 32px;\"><\/td>\n<\/tr>\n<\/tbody>\n<\/table>\n<p>&nbsp;<\/p>\n<p>&nbsp;<\/p>\n","protected":false},"excerpt":{"rendered":"<p>Aqu\u00ed trobareu un recull de tots els R\u00e0dio Pati realitzats durant tot el curs 2025-2026: febrer 2026 &#8211; 6\u00e8 febrer 2026 &#8211; 5\u00e8 febrer 2026 &#8211; 4t &nbsp; Aqu\u00ed trobareu un recull de tots els R\u00e0dio Pati realitzats durant tot el curs 2024-2025: Octubre 2024 &#8211; 6\u00e8 Gener 2025 &#8211; 6\u00e8 Mar\u00e7 2025 &#8211; 4rt [&hellip;]<\/p>\n","protected":false},"author":1,"featured_media":0,"parent":507,"menu_order":0,"comment_status":"closed","ping_status":"closed","template":"","meta":{"_bbp_topic_count":0,"_bbp_reply_count":0,"_bbp_total_topic_count":0,"_bbp_total_reply_count":0,"_bbp_voice_count":0,"_bbp_anonymous_reply_count":0,"_bbp_topic_count_hidden":0,"_bbp_reply_count_hidden":0,"_bbp_forum_subforum_count":0,"site-sidebar-layout":"default","site-content-layout":"","ast-site-content-layout":"","site-content-style":"default","site-sidebar-style":"default","ast-global-header-display":"","ast-banner-title-visibility":"","ast-main-header-display":"","ast-hfb-above-header-display":"","ast-hfb-below-header-display":"","ast-hfb-mobile-header-display":"","site-post-title":"","ast-breadcrumbs-content":"","ast-featured-img":"","footer-sml-layout":"","theme-transparent-header-meta":"","adv-header-id-meta":"","stick-header-meta":"","header-above-stick-meta":"","header-main-stick-meta":"","header-below-stick-meta":"","astra-migrate-meta-layouts":"default","ast-page-background-enabled":"default","ast-page-background-meta":{"desktop":{"background-color":"var(--ast-global-color-4)","background-image":"","background-repeat":"repeat","background-position":"center center","background-size":"auto","background-attachment":"scroll","background-type":"","background-media":"","overlay-type":"","overlay-color":"","overlay-opacity":"","overlay-gradient":""},"tablet":{"background-color":"","background-image":"","background-repeat":"repeat","background-position":"center center","background-size":"auto","background-attachment":"scroll","background-type":"","background-media":"","overlay-type":"","overlay-color":"","overlay-opacity":"","overlay-gradient":""},"mobile":{"background-color":"","background-image":"","background-repeat":"repeat","background-position":"center center","background-size":"auto","background-attachment":"scroll","background-type":"","background-media":"","overlay-type":"","overlay-color":"","overlay-opacity":"","overlay-gradient":""}},"ast-content-background-meta":{"desktop":{"background-color":"var(--ast-global-color-5)","background-image":"","background-repeat":"repeat","background-position":"center center","background-size":"auto","background-attachment":"scroll","background-type":"","background-media":"","overlay-type":"","overlay-color":"","overlay-opacity":"","overlay-gradient":""},"tablet":{"background-color":"var(--ast-global-color-5)","background-image":"","background-repeat":"repeat","background-position":"center center","background-size":"auto","background-attachment":"scroll","background-type":"","background-media":"","overlay-type":"","overlay-color":"","overlay-opacity":"","overlay-gradient":""},"mobile":{"background-color":"var(--ast-global-color-5)","background-image":"","background-repeat":"repeat","background-position":"center center","background-size":"auto","background-attachment":"scroll","background-type":"","background-media":"","overlay-type":"","overlay-color":"","overlay-opacity":"","overlay-gradient":""}},"footnotes":""},"class_list":["post-716","page","type-page","status-publish","hentry"],"post_mailing_queue_ids":[],"_links":{"self":[{"href":"https:\/\/agora.xtec.cat\/escolalanoguera\/wp-json\/wp\/v2\/pages\/716","targetHints":{"allow":["GET"]}}],"collection":[{"href":"https:\/\/agora.xtec.cat\/escolalanoguera\/wp-json\/wp\/v2\/pages"}],"about":[{"href":"https:\/\/agora.xtec.cat\/escolalanoguera\/wp-json\/wp\/v2\/types\/page"}],"author":[{"embeddable":true,"href":"https:\/\/agora.xtec.cat\/escolalanoguera\/wp-json\/wp\/v2\/users\/1"}],"replies":[{"embeddable":true,"href":"https:\/\/agora.xtec.cat\/escolalanoguera\/wp-json\/wp\/v2\/comments?post=716"}],"version-history":[{"count":8,"href":"https:\/\/agora.xtec.cat\/escolalanoguera\/wp-json\/wp\/v2\/pages\/716\/revisions"}],"predecessor-version":[{"id":2475,"href":"https:\/\/agora.xtec.cat\/escolalanoguera\/wp-json\/wp\/v2\/pages\/716\/revisions\/2475"}],"up":[{"embeddable":true,"href":"https:\/\/agora.xtec.cat\/escolalanoguera\/wp-json\/wp\/v2\/pages\/507"}],"wp:attachment":[{"href":"https:\/\/agora.xtec.cat\/escolalanoguera\/wp-json\/wp\/v2\/media?parent=716"}],"curies":[{"name":"wp","href":"https:\/\/api.w.org\/{rel}","templated":true}]}}