{"id":800,"date":"2024-11-11T11:02:15","date_gmt":"2024-11-11T10:02:15","guid":{"rendered":"https:\/\/agora.xtec.cat\/escolalallacuna\/?page_id=800"},"modified":"2025-02-08T23:40:13","modified_gmt":"2025-02-08T22:40:13","slug":"estrategia-digital-de-centre","status":"publish","type":"page","link":"https:\/\/agora.xtec.cat\/escolalallacuna\/projecte-educatiu\/estrategia-digital-de-centre\/","title":{"rendered":"Estrat\u00e8gia Digital de Centre"},"content":{"rendered":"\n<p>L\u2019<strong>Estrat\u00e8gia Digital de Centre<\/strong>&nbsp;(EDC) \u00e9s un document que recull totes les accions que es realitzen en un centre, i les que es realitzaran a mitj\u00e0 termini, per aconseguir&nbsp;<strong>la m\u00e0xima compet\u00e8ncia digital<\/strong>&nbsp;de l\u2019<strong>alumnat<\/strong>, del&nbsp;<strong>professorat&nbsp;<\/strong>i del&nbsp;<strong>centre educatiu<\/strong>&nbsp;i t\u00e9 com a referent el&nbsp;<a href=\"https:\/\/educacio.gencat.cat\/ca\/departament\/linies-estrategiques\/pla-educacio-digital\/\" target=\"_blank\" rel=\"noreferrer noopener\">Pla d\u2019educaci\u00f3 digital de Catalunya (PEDC)<\/a>, on s\u2019indica la necessitat d\u2019assolir la fita d\u2019una societat digitalment competent, fent \u00e8mfasi en l\u2019equitat i tenint en compte l\u2019evoluci\u00f3 del context social i tecnol\u00f2gic.<\/p>\n\n\n\n<p>Per aconseguir aquesta compet\u00e8ncia digital, l\u2019EDC compr\u00e8n tots els \u00e0mbits del centre:&nbsp;<strong>organitzatius<\/strong>,&nbsp;<strong>metodol\u00f2gics<\/strong>,&nbsp;<strong>curriculars&nbsp;<\/strong>i&nbsp;<strong>comunicatius<\/strong>, els quals s\u2019han de veure necess\u00e0riament implicats i, si escau, transformats, des d\u2019una perspectiva d\u2019innovaci\u00f3 i de millora cont\u00ednua.&nbsp;<\/p>\n\n\n\n<p>Els objectius de l\u2019EDC es poden agrupar en cinc \u00e0mbits, que tenen com a fita el m\u00e0xim assoliment de la compet\u00e8ncia digital de l\u2019alumnat, del professorat i del centre:<\/p>\n\n\n\n<ul class=\"wp-block-list\">\n<li>Assoliment de la<strong>&nbsp;compet\u00e8ncia digital<\/strong><\/li>\n\n\n\n<li><strong>Planificaci\u00f3&nbsp;<\/strong>estrat\u00e8gica i organitzaci\u00f3<\/li>\n\n\n\n<li><strong>Metodologies&nbsp;<\/strong>did\u00e0ctiques i innovaci\u00f3<\/li>\n\n\n\n<li><strong>Inclusi\u00f3 digital i de g\u00e8nere<\/strong><\/li>\n\n\n\n<li><strong>Seguretat i protecci\u00f3 de dades<\/strong><\/li>\n<\/ul>\n\n\n\n<p>L\u2019EDC t\u00e9, b\u00e0sicament dues parts:<\/p>\n\n\n\n<ul class=\"wp-block-list\">\n<li>Una primera part que \u00e9s m\u00e9s&nbsp;<strong>estrat\u00e8gica<\/strong>&nbsp;(diagnosi, objectius, activitats, planificaci\u00f3, etc.), on es defineix on vol arribar el centre digitalment en els anys vinents.&nbsp;<\/li>\n\n\n\n<li>La segona part mostra la&nbsp;<strong>cultura digital,<\/strong>&nbsp;ja que \u00e9s on es va recollint el que el centre ja t\u00e9 establert en aquest sentit (plans, procediments, protocols, normatives, serveis i acords que el centre ja utilitza).<\/li>\n<\/ul>\n\n\n\n<p><\/p>\n\n\n\n<p>L&#8217;Estrat\u00e8gia Digital de Centre de l&#8217;Escola la Llacuna del Poblenou es troba recollida en un espai web espec\u00edfic on es recullen tots els apartats descrits. <\/p>\n\n\n\n<p class=\"has-text-align-center\">Podeu accedir al web de l&#8217;estrat\u00e8gia digital de centre fent clic a la imatge o al seg\u00fcent <a href=\"https:\/\/sites.google.com\/ellacuna.cat\/edclallacuna\/\">enlla\u00e7<\/a><\/p>\n\n\n\n<figure class=\"wp-block-image aligncenter size-large has-custom-border\"><a href=\"https:\/\/sites.google.com\/ellacuna.cat\/edclallacuna\/\" target=\"_blank\" rel=\"noreferrer noopener\"><img loading=\"lazy\" decoding=\"async\" width=\"1024\" height=\"495\" src=\"https:\/\/agora.xtec.cat\/escolalallacuna\/wp-content\/uploads\/usu2352\/2024\/11\/image-1-1024x495.png\" alt=\"\" class=\"wp-image-847\" style=\"border-radius:27px\" srcset=\"https:\/\/agora.xtec.cat\/escolalallacuna\/wp-content\/uploads\/usu2352\/2024\/11\/image-1-1024x495.png 1024w, https:\/\/agora.xtec.cat\/escolalallacuna\/wp-content\/uploads\/usu2352\/2024\/11\/image-1-300x145.png 300w, https:\/\/agora.xtec.cat\/escolalallacuna\/wp-content\/uploads\/usu2352\/2024\/11\/image-1-768x371.png 768w, https:\/\/agora.xtec.cat\/escolalallacuna\/wp-content\/uploads\/usu2352\/2024\/11\/image-1-1536x743.png 1536w, https:\/\/agora.xtec.cat\/escolalallacuna\/wp-content\/uploads\/usu2352\/2024\/11\/image-1.png 1799w\" sizes=\"auto, (max-width: 1024px) 100vw, 1024px\" \/><\/a><\/figure>\n\n\n\n<p class=\"has-text-align-center\"><\/p>\n","protected":false},"excerpt":{"rendered":"<p>L\u2019Estrat\u00e8gia Digital de Centre&nbsp;(EDC) \u00e9s un document que recull totes les accions que es realitzen en un centre, i les que es realitzaran a mitj\u00e0 termini, per aconseguir&nbsp;la m\u00e0xima compet\u00e8ncia digital&nbsp;de l\u2019alumnat, del&nbsp;professorat&nbsp;i del&nbsp;centre educatiu&nbsp;i t\u00e9 com a referent el&nbsp;Pla d\u2019educaci\u00f3 digital de Catalunya (PEDC), on s\u2019indica la necessitat d\u2019assolir la fita d\u2019una societat digitalment [&hellip;]<\/p>\n","protected":false},"author":1,"featured_media":0,"parent":64,"menu_order":2,"comment_status":"closed","ping_status":"close","template":"","meta":{"_bbp_topic_count":0,"_bbp_reply_count":0,"_bbp_total_topic_count":0,"_bbp_total_reply_count":0,"_bbp_voice_count":0,"_bbp_anonymous_reply_count":0,"_bbp_topic_count_hidden":0,"_bbp_reply_count_hidden":0,"_bbp_forum_subforum_count":0,"site-sidebar-layout":"default","site-content-layout":"","ast-site-content-layout":"default","site-content-style":"default","site-sidebar-style":"default","ast-global-header-display":"","ast-banner-title-visibility":"","ast-main-header-display":"","ast-hfb-above-header-display":"","ast-hfb-below-header-display":"","ast-hfb-mobile-header-display":"","site-post-title":"","ast-breadcrumbs-content":"","ast-featured-img":"","footer-sml-layout":"","theme-transparent-header-meta":"","adv-header-id-meta":"","stick-header-meta":"","header-above-stick-meta":"","header-main-stick-meta":"","header-below-stick-meta":"","astra-migrate-meta-layouts":"set","ast-page-background-enabled":"default","ast-page-background-meta":{"desktop":{"background-color":"var(--ast-global-color-4)","background-image":"","background-repeat":"repeat","background-position":"center center","background-size":"auto","background-attachment":"scroll","background-type":"","background-media":"","overlay-type":"","overlay-color":"","overlay-opacity":"","overlay-gradient":""},"tablet":{"background-color":"","background-image":"","background-repeat":"repeat","background-position":"center center","background-size":"auto","background-attachment":"scroll","background-type":"","background-media":"","overlay-type":"","overlay-color":"","overlay-opacity":"","overlay-gradient":""},"mobile":{"background-color":"","background-image":"","background-repeat":"repeat","background-position":"center center","background-size":"auto","background-attachment":"scroll","background-type":"","background-media":"","overlay-type":"","overlay-color":"","overlay-opacity":"","overlay-gradient":""}},"ast-content-background-meta":{"desktop":{"background-color":"var(--ast-global-color-5)","background-image":"","background-repeat":"repeat","background-position":"center center","background-size":"auto","background-attachment":"scroll","background-type":"","background-media":"","overlay-type":"","overlay-color":"","overlay-opacity":"","overlay-gradient":""},"tablet":{"background-color":"var(--ast-global-color-5)","background-image":"","background-repeat":"repeat","background-position":"center center","background-size":"auto","background-attachment":"scroll","background-type":"","background-media":"","overlay-type":"","overlay-color":"","overlay-opacity":"","overlay-gradient":""},"mobile":{"background-color":"var(--ast-global-color-5)","background-image":"","background-repeat":"repeat","background-position":"center center","background-size":"auto","background-attachment":"scroll","background-type":"","background-media":"","overlay-type":"","overlay-color":"","overlay-opacity":"","overlay-gradient":""}},"footnotes":""},"class_list":["post-800","page","type-page","status-publish","hentry"],"post_mailing_queue_ids":[],"_links":{"self":[{"href":"https:\/\/agora.xtec.cat\/escolalallacuna\/wp-json\/wp\/v2\/pages\/800","targetHints":{"allow":["GET"]}}],"collection":[{"href":"https:\/\/agora.xtec.cat\/escolalallacuna\/wp-json\/wp\/v2\/pages"}],"about":[{"href":"https:\/\/agora.xtec.cat\/escolalallacuna\/wp-json\/wp\/v2\/types\/page"}],"author":[{"embeddable":true,"href":"https:\/\/agora.xtec.cat\/escolalallacuna\/wp-json\/wp\/v2\/users\/1"}],"replies":[{"embeddable":true,"href":"https:\/\/agora.xtec.cat\/escolalallacuna\/wp-json\/wp\/v2\/comments?post=800"}],"version-history":[{"count":5,"href":"https:\/\/agora.xtec.cat\/escolalallacuna\/wp-json\/wp\/v2\/pages\/800\/revisions"}],"predecessor-version":[{"id":1213,"href":"https:\/\/agora.xtec.cat\/escolalallacuna\/wp-json\/wp\/v2\/pages\/800\/revisions\/1213"}],"up":[{"embeddable":true,"href":"https:\/\/agora.xtec.cat\/escolalallacuna\/wp-json\/wp\/v2\/pages\/64"}],"wp:attachment":[{"href":"https:\/\/agora.xtec.cat\/escolalallacuna\/wp-json\/wp\/v2\/media?parent=800"}],"curies":[{"name":"wp","href":"https:\/\/api.w.org\/{rel}","templated":true}]}}