{"id":28,"date":"2014-09-18T12:29:35","date_gmt":"2014-09-18T11:29:35","guid":{"rendered":"http:\/\/agora.xtec.cat\/escolalallacuna\/?page_id=28"},"modified":"2025-02-06T17:19:43","modified_gmt":"2025-02-06T16:19:43","slug":"consell-escolar","status":"publish","type":"page","link":"https:\/\/agora.xtec.cat\/escolalallacuna\/lescola\/consell-escolar\/","title":{"rendered":"Consell Escolar"},"content":{"rendered":"\n<h2 class=\"wp-block-heading has-text-align-center\">El Consell Escolar<\/h2>\n\n\n\n<div class=\"wp-block-columns is-layout-flex wp-container-core-columns-is-layout-1 wp-block-columns-is-layout-flex\">\n<div class=\"wp-block-column is-layout-flow wp-block-column-is-layout-flow\">\n<h3 class=\"wp-block-heading\">Equip directiu<\/h3>\n\n\n\n<ul class=\"wp-block-list\">\n<li>Carme Pons Febrer<\/li>\n\n\n\n<li>Mar Espa\u00f1ol Salvador<\/li>\n\n\n\n<li>Raquel Amado Mezquita<\/li>\n<\/ul>\n\n\n\n<h3 class=\"wp-block-heading\">Sector mestres<\/h3>\n\n\n\n<ul class=\"wp-block-list\">\n<li>Eva Ginest\u00e0 Torra<\/li>\n\n\n\n<li>Judith Hern\u00e1ndez Villena<\/li>\n\n\n\n<li>Yolanda Mart\u00ednez S\u00e1nchez<\/li>\n\n\n\n<li>Mar Vidal Rodr\u00edguez<\/li>\n\n\n\n<li>Dolors Mateu Pino<\/li>\n<\/ul>\n\n\n\n<h3 class=\"wp-block-heading\">Representant de l&#8217;AFA<\/h3>\n\n\n\n<ul class=\"wp-block-list\">\n<li>Lorena Auladell Marin<\/li>\n<\/ul>\n<\/div>\n\n\n\n<div class=\"wp-block-column is-layout-flow wp-block-column-is-layout-flow\">\n<h3 class=\"wp-block-heading\">Personal d&#8217;administraci\u00f3 i serveis<\/h3>\n\n\n\n<ul class=\"wp-block-list\">\n<li>Laura Valls Palau<\/li>\n<\/ul>\n\n\n\n<h3 class=\"wp-block-heading\">Personal d&#8217;atenci\u00f3 educativa<\/h3>\n\n\n\n<ul class=\"wp-block-list\">\n<li>Pol Casadevall Gual<\/li>\n<\/ul>\n\n\n\n<h3 class=\"wp-block-heading\">Representant de l&#8217;Ajuntament<\/h3>\n\n\n\n<ul class=\"wp-block-list\">\n<li>Noem\u00ed Prieto Peronnet \/ \u00c1ngel Serra Campos<\/li>\n<\/ul>\n\n\n\n<h3 class=\"wp-block-heading\">Sector fam\u00edlies<\/h3>\n\n\n\n<ul class=\"wp-block-list\">\n<li>Anna Clavera Benedid<\/li>\n\n\n\n<li>M\u00edriam Alonso Vivas<\/li>\n\n\n\n<li>Laura Barbao Rodr\u00edguez<\/li>\n\n\n\n<li>Pau Almuni Calull<\/li>\n<\/ul>\n<\/div>\n<\/div>\n","protected":false},"excerpt":{"rendered":"<p>El Consell Escolar Equip directiu Sector mestres Representant de l&#8217;AFA Personal d&#8217;administraci\u00f3 i serveis Personal d&#8217;atenci\u00f3 educativa Representant de l&#8217;Ajuntament Sector fam\u00edlies<\/p>\n","protected":false},"author":1,"featured_media":0,"parent":22,"menu_order":4,"comment_status":"closed","ping_status":"closed","template":"","meta":{"_bbp_topic_count":0,"_bbp_reply_count":0,"_bbp_total_topic_count":0,"_bbp_total_reply_count":0,"_bbp_voice_count":0,"_bbp_anonymous_reply_count":0,"_bbp_topic_count_hidden":0,"_bbp_reply_count_hidden":0,"_bbp_forum_subforum_count":0,"site-sidebar-layout":"default","site-content-layout":"","ast-site-content-layout":"default","site-content-style":"default","site-sidebar-style":"default","ast-global-header-display":"","ast-banner-title-visibility":"","ast-main-header-display":"","ast-hfb-above-header-display":"","ast-hfb-below-header-display":"","ast-hfb-mobile-header-display":"","site-post-title":"disabled","ast-breadcrumbs-content":"","ast-featured-img":"","footer-sml-layout":"","theme-transparent-header-meta":"","adv-header-id-meta":"","stick-header-meta":"","header-above-stick-meta":"","header-main-stick-meta":"","header-below-stick-meta":"","astra-migrate-meta-layouts":"set","ast-page-background-enabled":"default","ast-page-background-meta":{"desktop":{"background-color":"var(--ast-global-color-4)","background-image":"","background-repeat":"repeat","background-position":"center center","background-size":"auto","background-attachment":"scroll","background-type":"","background-media":"","overlay-type":"","overlay-color":"","overlay-opacity":"","overlay-gradient":""},"tablet":{"background-color":"","background-image":"","background-repeat":"repeat","background-position":"center center","background-size":"auto","background-attachment":"scroll","background-type":"","background-media":"","overlay-type":"","overlay-color":"","overlay-opacity":"","overlay-gradient":""},"mobile":{"background-color":"","background-image":"","background-repeat":"repeat","background-position":"center center","background-size":"auto","background-attachment":"scroll","background-type":"","background-media":"","overlay-type":"","overlay-color":"","overlay-opacity":"","overlay-gradient":""}},"ast-content-background-meta":{"desktop":{"background-color":"var(--ast-global-color-5)","background-image":"","background-repeat":"repeat","background-position":"center center","background-size":"auto","background-attachment":"scroll","background-type":"","background-media":"","overlay-type":"","overlay-color":"","overlay-opacity":"","overlay-gradient":""},"tablet":{"background-color":"var(--ast-global-color-5)","background-image":"","background-repeat":"repeat","background-position":"center center","background-size":"auto","background-attachment":"scroll","background-type":"","background-media":"","overlay-type":"","overlay-color":"","overlay-opacity":"","overlay-gradient":""},"mobile":{"background-color":"var(--ast-global-color-5)","background-image":"","background-repeat":"repeat","background-position":"center center","background-size":"auto","background-attachment":"scroll","background-type":"","background-media":"","overlay-type":"","overlay-color":"","overlay-opacity":"","overlay-gradient":""}},"footnotes":""},"class_list":["post-28","page","type-page","status-publish","hentry"],"post_mailing_queue_ids":[],"_links":{"self":[{"href":"https:\/\/agora.xtec.cat\/escolalallacuna\/wp-json\/wp\/v2\/pages\/28","targetHints":{"allow":["GET"]}}],"collection":[{"href":"https:\/\/agora.xtec.cat\/escolalallacuna\/wp-json\/wp\/v2\/pages"}],"about":[{"href":"https:\/\/agora.xtec.cat\/escolalallacuna\/wp-json\/wp\/v2\/types\/page"}],"author":[{"embeddable":true,"href":"https:\/\/agora.xtec.cat\/escolalallacuna\/wp-json\/wp\/v2\/users\/1"}],"replies":[{"embeddable":true,"href":"https:\/\/agora.xtec.cat\/escolalallacuna\/wp-json\/wp\/v2\/comments?post=28"}],"version-history":[{"count":6,"href":"https:\/\/agora.xtec.cat\/escolalallacuna\/wp-json\/wp\/v2\/pages\/28\/revisions"}],"predecessor-version":[{"id":1282,"href":"https:\/\/agora.xtec.cat\/escolalallacuna\/wp-json\/wp\/v2\/pages\/28\/revisions\/1282"}],"up":[{"embeddable":true,"href":"https:\/\/agora.xtec.cat\/escolalallacuna\/wp-json\/wp\/v2\/pages\/22"}],"wp:attachment":[{"href":"https:\/\/agora.xtec.cat\/escolalallacuna\/wp-json\/wp\/v2\/media?parent=28"}],"curies":[{"name":"wp","href":"https:\/\/api.w.org\/{rel}","templated":true}]}}