{"id":26,"date":"2014-09-18T12:24:32","date_gmt":"2014-09-18T11:24:32","guid":{"rendered":"http:\/\/agora.xtec.cat\/escolalallacuna\/?page_id=26"},"modified":"2025-06-27T12:43:33","modified_gmt":"2025-06-27T10:43:33","slug":"historia","status":"publish","type":"page","link":"https:\/\/agora.xtec.cat\/escolalallacuna\/lescola\/historia\/","title":{"rendered":"Qui som"},"content":{"rendered":"\n<p>L\u2019escola&nbsp;<strong>La Llacuna del Poblenou<\/strong>&nbsp;\u00e9s una escola en permanent construcci\u00f3. En el seu origen ho fou per la mateixa circumst\u00e0ncia de ser un centre de nova creaci\u00f3 que any rere any incorporava nous infants, noves fam\u00edlies i noves mestres, ho \u00e9s tamb\u00e9 i sobretot, perqu\u00e8 l\u2019ofici d\u2019educar est\u00e0 en permanent moviment, en constant esdevenir, en creixement continuat.<\/p>\n\n\n\n<p><strong>\u201cM\u2019ajudes?\u201d<\/strong>&nbsp;\u00e9s la pregunta fundacional que dirigeix un infant concret a l&#8217;adult. L\u2019acceptaci\u00f3 d\u2019aquesta pregunta mobilitza tot el saber, el voler i el poder de la docent a donar-li una possible resposta. Cada persona \u00e9s \u00fanica, irrepetible, circumstancial i a&nbsp;<strong>La Llacuna<\/strong>&nbsp;volem que cadascuna de les persones de l\u2019escola sigui reconeguda no pel que fa sin\u00f3 per ser qui \u00e9s.<\/p>\n\n\n\n<blockquote class=\"wp-block-quote has-background is-layout-flow wp-block-quote-is-layout-flow\" style=\"background:linear-gradient(331deg,rgb(6,147,227) 0%,rgb(250,250,250) 100%)\">\n<p><strong>L\u2019aprenentatge<\/strong><\/p>\n<cite>L\u2019escola ha de contribuir a la construcci\u00f3 d\u2019un pensament intel\u00b7lectualment s\u00f2lid, estructurat i coherent i alhora a la construcci\u00f3 d\u2019una personalitat \u00e8tica, sensible, solid\u00e0ria i compromesa.<\/cite><\/blockquote>\n\n\n\n<p>Parlar d\u2019una&nbsp;escola atenta, \u00e9s parlar d\u2019una actitud, d\u2019una manera de voler estar. Conven\u00e7uts que nom\u00e9s s\u2019educa des del testimoni, des de les maneres de ser i mostrar-se, a&nbsp;<strong>La Llacuna<\/strong>&nbsp;volem&nbsp;ser atentes, \u00e9s a dir, cordials en el tracte, acollidores amb les persones, amables.<\/p>\n\n\n\n<figure class=\"wp-block-image size-large is-resized\"><a href=\"https:\/\/agora.xtec.cat\/escolalallacuna\/wp-content\/uploads\/usu2352\/2025\/01\/dibuix-escola-aquarelles-scaled.jpg\"><img loading=\"lazy\" decoding=\"async\" width=\"1024\" height=\"533\" src=\"https:\/\/agora.xtec.cat\/escolalallacuna\/wp-content\/uploads\/usu2352\/2025\/01\/dibuix-escola-aquarelles-1024x533.jpg\" alt=\"\" class=\"wp-image-1208\" style=\"width:1026px;height:auto\" srcset=\"https:\/\/agora.xtec.cat\/escolalallacuna\/wp-content\/uploads\/usu2352\/2025\/01\/dibuix-escola-aquarelles-1024x533.jpg 1024w, https:\/\/agora.xtec.cat\/escolalallacuna\/wp-content\/uploads\/usu2352\/2025\/01\/dibuix-escola-aquarelles-300x156.jpg 300w, https:\/\/agora.xtec.cat\/escolalallacuna\/wp-content\/uploads\/usu2352\/2025\/01\/dibuix-escola-aquarelles-768x400.jpg 768w, https:\/\/agora.xtec.cat\/escolalallacuna\/wp-content\/uploads\/usu2352\/2025\/01\/dibuix-escola-aquarelles-1536x800.jpg 1536w, https:\/\/agora.xtec.cat\/escolalallacuna\/wp-content\/uploads\/usu2352\/2025\/01\/dibuix-escola-aquarelles-2048x1067.jpg 2048w\" sizes=\"auto, (max-width: 1024px) 100vw, 1024px\" \/><\/a><\/figure>\n\n\n\n<p class=\"has-text-align-center\"><strong>Volem<\/strong>\u00a0estar atentes\u00a0al m\u00f3n on vivim com a ciutadans i ciutadanes que som i al m\u00f3n educatiu del qual participem, per aprendre, per incorporar, per aportar.<\/p>\n\n\n\n<p class=\"has-text-align-center\"><strong>Volem<\/strong>\u00a0tenir una\u00a0mirada atenta, de gruix, profunda, cr\u00edtica, que interpreti per a poder transformar la nostra realitat m\u00e9s immediata.<\/p>\n\n\n\n<p class=\"has-text-align-center\"><strong>Volem<\/strong>\u00a0en definitiva, que les nostres accions tinguin intenci\u00f3, sentit, voluntat, raons, \u00e9s a dir, volem que siguin compromeses.<\/p>\n\n\n\n<p><\/p>\n","protected":false},"excerpt":{"rendered":"<p>L\u2019escola&nbsp;La Llacuna del Poblenou&nbsp;\u00e9s una escola en permanent construcci\u00f3. En el seu origen ho fou per la mateixa circumst\u00e0ncia de ser un centre de nova creaci\u00f3 que any rere any incorporava nous infants, noves fam\u00edlies i noves mestres, ho \u00e9s tamb\u00e9 i sobretot, perqu\u00e8 l\u2019ofici d\u2019educar est\u00e0 en permanent moviment, en constant esdevenir, en creixement [&hellip;]<\/p>\n","protected":false},"author":1,"featured_media":0,"parent":22,"menu_order":2,"comment_status":"closed","ping_status":"closed","template":"","meta":{"_bbp_topic_count":0,"_bbp_reply_count":0,"_bbp_total_topic_count":0,"_bbp_total_reply_count":0,"_bbp_voice_count":0,"_bbp_anonymous_reply_count":0,"_bbp_topic_count_hidden":0,"_bbp_reply_count_hidden":0,"_bbp_forum_subforum_count":0,"site-sidebar-layout":"default","site-content-layout":"","ast-site-content-layout":"default","site-content-style":"default","site-sidebar-style":"default","ast-global-header-display":"","ast-banner-title-visibility":"","ast-main-header-display":"","ast-hfb-above-header-display":"","ast-hfb-below-header-display":"","ast-hfb-mobile-header-display":"","site-post-title":"","ast-breadcrumbs-content":"","ast-featured-img":"","footer-sml-layout":"","theme-transparent-header-meta":"","adv-header-id-meta":"","stick-header-meta":"","header-above-stick-meta":"","header-main-stick-meta":"","header-below-stick-meta":"","astra-migrate-meta-layouts":"set","ast-page-background-enabled":"default","ast-page-background-meta":{"desktop":{"background-color":"var(--ast-global-color-4)","background-image":"","background-repeat":"repeat","background-position":"center center","background-size":"auto","background-attachment":"scroll","background-type":"","background-media":"","overlay-type":"","overlay-color":"","overlay-opacity":"","overlay-gradient":""},"tablet":{"background-color":"","background-image":"","background-repeat":"repeat","background-position":"center center","background-size":"auto","background-attachment":"scroll","background-type":"","background-media":"","overlay-type":"","overlay-color":"","overlay-opacity":"","overlay-gradient":""},"mobile":{"background-color":"","background-image":"","background-repeat":"repeat","background-position":"center center","background-size":"auto","background-attachment":"scroll","background-type":"","background-media":"","overlay-type":"","overlay-color":"","overlay-opacity":"","overlay-gradient":""}},"ast-content-background-meta":{"desktop":{"background-color":"var(--ast-global-color-5)","background-image":"","background-repeat":"repeat","background-position":"center center","background-size":"auto","background-attachment":"scroll","background-type":"","background-media":"","overlay-type":"","overlay-color":"","overlay-opacity":"","overlay-gradient":""},"tablet":{"background-color":"var(--ast-global-color-5)","background-image":"","background-repeat":"repeat","background-position":"center center","background-size":"auto","background-attachment":"scroll","background-type":"","background-media":"","overlay-type":"","overlay-color":"","overlay-opacity":"","overlay-gradient":""},"mobile":{"background-color":"var(--ast-global-color-5)","background-image":"","background-repeat":"repeat","background-position":"center center","background-size":"auto","background-attachment":"scroll","background-type":"","background-media":"","overlay-type":"","overlay-color":"","overlay-opacity":"","overlay-gradient":""}},"footnotes":""},"class_list":["post-26","page","type-page","status-publish","hentry"],"post_mailing_queue_ids":[],"_links":{"self":[{"href":"https:\/\/agora.xtec.cat\/escolalallacuna\/wp-json\/wp\/v2\/pages\/26","targetHints":{"allow":["GET"]}}],"collection":[{"href":"https:\/\/agora.xtec.cat\/escolalallacuna\/wp-json\/wp\/v2\/pages"}],"about":[{"href":"https:\/\/agora.xtec.cat\/escolalallacuna\/wp-json\/wp\/v2\/types\/page"}],"author":[{"embeddable":true,"href":"https:\/\/agora.xtec.cat\/escolalallacuna\/wp-json\/wp\/v2\/users\/1"}],"replies":[{"embeddable":true,"href":"https:\/\/agora.xtec.cat\/escolalallacuna\/wp-json\/wp\/v2\/comments?post=26"}],"version-history":[{"count":5,"href":"https:\/\/agora.xtec.cat\/escolalallacuna\/wp-json\/wp\/v2\/pages\/26\/revisions"}],"predecessor-version":[{"id":1466,"href":"https:\/\/agora.xtec.cat\/escolalallacuna\/wp-json\/wp\/v2\/pages\/26\/revisions\/1466"}],"up":[{"embeddable":true,"href":"https:\/\/agora.xtec.cat\/escolalallacuna\/wp-json\/wp\/v2\/pages\/22"}],"wp:attachment":[{"href":"https:\/\/agora.xtec.cat\/escolalallacuna\/wp-json\/wp\/v2\/media?parent=26"}],"curies":[{"name":"wp","href":"https:\/\/api.w.org\/{rel}","templated":true}]}}